000
CXUS55 KVEF 101846
CLMIGM


CLIMATE REPORT
NATIONAL WEATHER SERVICE LAS VEGAS, NV
1146 AM PDT TUE MAR 10 2015

...................................

...THE KINGMAN AZ CLIMATE SUMMARY FOR THE MONTH OF FEBRUARY 2015...

CLIMATE NORMAL PERIOD 1981 TO 2010
CLIMATE RECORD PERIOD 1901 TO 2015

WEATHER         OBSERVED          NORMAL  DEPART  LAST YEAR`S
                 VALUE   DATE(S)  VALUE   FROM    VALUE  DATE(S)
                                          NORMAL
................................................................
TEMPERATURE (F)
RECORD
 HIGH              82   MM
 LOW               13   02/03/2011
                        02/02/2011
                        01/25/1937
HIGHEST            77   02/13        MM      MM       78  02/14
LOWEST             29   02/25        MM      MM       20  02/02
AVG. MAXIMUM     68.7              59.7     9.0     65.9
AVG. MINIMUM     37.3              34.0     3.3     35.7
MEAN             53.0              46.9     6.1     50.8
DAYS MAX >= 90      0               0.0     0.0        0
DAYS MAX <= 32      0               0.0     0.0        0
DAYS MIN <= 32      3              10.5    -7.5        8
DAYS MIN <= 0       0               0.0     0.0        0

PRECIPITATION (INCHES)
RECORD
 MAXIMUM         4.62   1993
 MINIMUM         0.00   2002
                        1984
                        1977
TOTALS           0.61              1.14   -0.53     0.43
DAILY AVG.       0.02              0.04   -0.02     0.02
DAYS >= .01         2                MM      MM        2
DAYS >= .10         2                MM      MM        2
DAYS >= .50         1                MM      MM        0
DAYS >= 1.00        0                MM      MM        0
GREATEST
 24 HR. TOTAL    0.61   02/22 TO 02/23

SNOWFALL (INCHES)
RECORDS
 TOTAL            6.5   1990
 24 HR TOTAL    999.0
TOTALS              T                MM      MM      0.0
SINCE 7/1           T
SNOWDEPTH AVG.      0
DAYS >= TRACE       1
DAYS >= 1.0         0
GREATEST
 SNOW DEPTH         0
 24 HR TOTAL        T   02/23 TO 02/23
 STORM TOTAL       MM
 (MM/DD(HH))

DEGREE_DAYS
HEATING TOTAL     329               508    -179      392
 SINCE 7/1       1980              2413    -433     2322
COOLING TOTAL       0                 0       0        0
 SINCE 1/1          0                 0       0        0

FREEZE DATES
RECORD
 EARLIEST     10/22/1996
 LATEST       05/21/1975
EARLIEST                        11/14
LATEST                          04/04
.................................................................

WIND (MPH)
AVERAGE WIND SPEED              7.3
HIGHEST WIND SPEED/DIRECTION    29/210    DATE  02/28
HIGHEST GUST SPEED/DIRECTION    34/200    DATE  02/28

SKY COVER
POSSIBLE SUNSHINE (PERCENT)   MM
AVERAGE SKY COVER           0.10
NUMBER OF DAYS FAIR           26
NUMBER OF DAYS PC              1
NUMBER OF DAYS CLOUDY          1

AVERAGE RH (PERCENT)     44

WEATHER CONDITIONS. NUMBER OF DAYS WITH
THUNDERSTORM              0     MIXED PRECIP               0
HEAVY RAIN                0     RAIN                       1
LIGHT RAIN                2     FREEZING RAIN              0
LT FREEZING RAIN          0     HAIL                       0
HEAVY SNOW                0     SNOW                       0
LIGHT SNOW                1     SLEET                      0
FOG                       1     FOG W/VIS <= 1/4 MILE      0
HAZE                      0

-  INDICATES NEGATIVE NUMBERS.
R  INDICATES RECORD WAS SET OR TIED.
MM INDICATES DATA IS MISSING.
T  INDICATES TRACE AMOUNT.

$$
