000
CXUS51 KPHI 021246
CLMILG


CLIMATE REPORT
NATIONAL WEATHER SERVICE MOUNT HOLLY NJ
746 AM EST MON FEB 2 2015

...................................

...THE WILMINGTON CLIMATE SUMMARY FOR THE MONTH OF JANUARY 2015...

CLIMATE NORMAL PERIOD 1981 TO 2010
CLIMATE RECORD PERIOD 1894 TO 2015

WEATHER         OBSERVED          NORMAL  DEPART  LAST YEAR`S
                 VALUE   DATE(S)  VALUE   FROM    VALUE  DATE(S)
                                          NORMAL
................................................................
TEMPERATURE (F)
RECORD
 HIGH              75   01/26/1950
 LOW              -14   01/21/1985
                        01/22/1984
HIGHEST            62                60       2       62
LOWEST              8                 8       0        3
AVG. MAXIMUM     38.0              40.2    -2.2     36.7
AVG. MINIMUM     22.7              24.6    -1.9     18.0
MEAN             30.3              32.4    -2.1     27.4
DAYS MAX >= 90      0               0.0     0.0        0
DAYS MAX <= 32      6               6.4    -0.4       12
DAYS MIN <= 32     28              23.8     4.2       28
DAYS MIN <= 0       0               0.4    -0.4        0

PRECIPITATION (INCHES)
RECORD
 MAXIMUM         8.41   1978
 MINIMUM         0.52   1981
TOTALS           4.45              3.01    1.44     3.23
DAILY AVG.       0.14              0.10    0.04     0.10
DAYS >= .01        11              10.5     0.5       10
DAYS >= .10         7               5.5     1.5        8
DAYS >= .50         4               2.1     1.9        2
DAYS >= 1.00        1               0.8     0.2        0
GREATEST
 24 HR. TOTAL    1.67   01/18 TO 01/18             13.35
                        01/17 TO 01/18
                        01/18 TO 01/18

SNOWFALL (INCHES)
RECORDS
 TOTAL             MM   5
 24 HR TOTAL       MM
TOTALS            3.7               5.9    -2.2     17.5
SINCE 7/1         4.2               9.7    -5.5     29.4
SNOWDEPTH AVG.      0                 2      -2        2
DAYS >= 1.0         2               1.8     0.2        5
GREATEST
 SNOW DEPTH         1   01/27                         10  01/22
                        01/22
                        01/08
 24 HR TOTAL      1.8   MM                          10.5

DEGREE_DAYS
HEATING TOTAL    1066              1010      56     1157
 SINCE 7/1       2720              2787     -67     2921
COOLING TOTAL       0                 0       0        0
 SINCE 1/1          0                 0       0        0
.................................................................

WIND (MPH)
AVERAGE WIND SPEED              9.7
HIGHEST WIND SPEED/DIRECTION    36/290    DATE  01/05
HIGHEST GUST SPEED/DIRECTION    43/320    DATE  01/30

SKY COVER
POSSIBLE SUNSHINE (PERCENT)   MM
AVERAGE SKY COVER           0.40
NUMBER OF DAYS FAIR           13
NUMBER OF DAYS PC             13
NUMBER OF DAYS CLOUDY          5

AVERAGE RH (PERCENT)     62

WEATHER CONDITIONS. NUMBER OF DAYS WITH
THUNDERSTORM              0     MIXED PRECIP               0
HEAVY RAIN                3     RAIN                       6
LIGHT RAIN               10     FREEZING RAIN              0
LT FREEZING RAIN          0     HEAVY SNOW                 0
SNOW                      2     LIGHT SNOW                11
SLEET                     0     FOG                       13
FOG W/VIS <= 1/4 MILE     2     HAZE                      10

-  INDICATES NEGATIVE NUMBERS.
R  INDICATES RECORD WAS SET OR TIED.
MM INDICATES DATA IS MISSING.
T  INDICATES TRACE AMOUNT.

$$
