000
CXUS52 KILM 071250
CLMILM


CLIMATE REPORT
NATIONAL WEATHER SERVICE WILMINGTON NC
845 AM EDT TUE JUL 7 2015

...................................

...THE WILMINGTON NC CLIMATE SUMMARY FOR THE MONTH OF JUNE 2015...

CLIMATE NORMAL PERIOD 1981 TO 2010
CLIMATE RECORD PERIOD 1871 TO 2015

WEATHER         OBSERVED          NORMAL  DEPART  LAST YEAR`S
                 VALUE   DATE(S)  VALUE   FROM    VALUE  DATE(S)
                                          NORMAL
................................................................
TEMPERATURE (F)
RECORD
 HIGH             104   06/27/1952
 LOW               48   06/02/1983
HIGHEST           100   06/16                         97  06/20
LOWEST             63   06/08                         54  06/02
AVG. MAXIMUM     89.9              86.9     3.0     88.6
AVG. MINIMUM     72.5              68.7     3.8     70.0
MEAN             81.2              77.8     3.4     79.3
DAYS MAX >= 90     16               8.8     7.2       14
DAYS MAX <= 32      0               0.0     0.0        0
DAYS MIN <= 32      0               0.0     0.0        0
DAYS MIN <= 0       0               0.0     0.0        0

PRECIPITATION (INCHES)
RECORD
 MAXIMUM        12.87   1962
 MINIMUM         0.89   1984
TOTALS           7.11              5.18    1.93     2.48
DAILY AVG.       0.24              0.17    0.07     0.08
DAYS >= .01        11              12.8    -1.8        8
DAYS >= .10         8               7.0     1.0        5
DAYS >= .50         5               3.4     1.6        2
DAYS >= 1.00        3               1.5     1.5        0
GREATEST
 24 HR. TOTAL    2.10   06/09 TO 06/09

SNOWFALL (INCHES)
RECORDS
 TOTAL             MM   MM
 24 HR TOTAL       MM
TOTALS            0.0               0.0     0.0      0.0
SINCE 7/1         0.3               1.7    -1.4      1.0
DAYS >= TRACE       0               0.0     0.0        0
DAYS >= 1.0         0               0.0     0.0        0
GREATEST
 SNOW DEPTH         0   MM                             0  MM
 24 HR TOTAL      0.0   MM

DEGREE_DAYS
HEATING TOTAL       0                 2      -2        0
COOLING TOTAL     494               385     109      440
...................................................

WIND (MPH)
AVERAGE WIND SPEED              7.3
RESULTANT WIND SPEED/DIRECTION   4/213
HIGHEST WIND SPEED/DIRECTION    35/290    DATE  06/18
HIGHEST GUST SPEED/DIRECTION    62/290    DATE  06/18

SKY COVER
POSSIBLE SUNSHINE (PERCENT)   MM
AVERAGE SKY COVER           0.20
NUMBER OF DAYS FAIR           20
NUMBER OF DAYS PC             10
NUMBER OF DAYS CLOUDY          0

AVERAGE RH (PERCENT)     71

WEATHER CONDITIONS. NUMBER OF DAYS WITH
THUNDERSTORM             14     MIXED PRECIP               0
HEAVY RAIN                8     RAIN                      11
LIGHT RAIN               16     FREEZING RAIN              0
LT FREEZING RAIN          0     HAIL                       0
HEAVY SNOW                0     SNOW                       0
LIGHT SNOW                0     SLEET                      0
FOG                      13     FOG W/VIS <= 1/4 MILE      2
HAZE                      2

-  INDICATES NEGATIVE NUMBERS.
R  INDICATES RECORD WAS SET OR TIED.
MM INDICATES DATA IS MISSING.
T  INDICATES TRACE AMOUNT.

$$
