000
CXUS53 KIND 011511
CLMIND


CLIMATE REPORT
NATIONAL WEATHER SERVICE INDIANAPOLIS IN
1109 AM EDT SAT OCT 1 2016

...................................

...THE INDIANAPOLIS IN CLIMATE SUMMARY FOR THE MONTH OF SEPTEMBER 2016...

CLIMATE NORMAL PERIOD 1981 TO 2010
CLIMATE RECORD PERIOD 1871 TO 2016

WEATHER         OBSERVED          NORMAL  DEPART  LAST YEAR`S
                 VALUE   DATE(S)  VALUE   FROM    VALUE  DATE(S)
                                          NORMAL
................................................................
TEMPERATURE (F)
RECORD
 HIGH             100   09/03/2011
                        09/05/1954
                        09/02/1953
 LOW               30   09/30/1899
HIGHEST            90   09/07                         94  09/04
LOWEST             48   09/27                         46  09/13
AVG. MAXIMUM     81.0              77.6     3.4     81.0
AVG. MINIMUM     61.6              56.2     5.4     60.1
MEAN             71.3              66.9     4.4     70.5
DAYS MAX >= 90      1               1.5    -0.5        7
DAYS MAX <= 32      0               0.0     0.0        0
DAYS MIN <= 32      0               0.0     0.0        0
DAYS MIN <= 0       0               0.0     0.0        0

PRECIPITATION (INCHES)
RECORD
 MAXIMUM        10.37   2003
 MINIMUM         0.24   1963
TOTALS           4.67              3.12    1.55     1.70
DAILY AVG.       0.16              0.10    0.06     0.06
DAYS >= .01        11               8.1     2.9        6
DAYS >= .10         7               4.9     2.1        5
DAYS >= .50         4               1.9     2.1        1
DAYS >= 1.00        2               0.8     1.2        0
GREATEST
 24 HR. TOTAL    1.48   09/16 TO 09/17

SNOWFALL (INCHES)
RECORDS
 TOTAL             MM   MM
 SNOW DEPTH        MM   MM
TOTALS              T               0.0     0.0      0.0
SINCE 7/1           T               0.0     0.0      0.0
SNOWDEPTH AVG.      0
DAYS >= 1.0         0               0.0     0.0        0
DAYS >= 0.1         0                                  0
GREATEST
 SNOW DEPTH         0   MM                             0  MM
 24 HR TOTAL        T   09/28 TO 09/28               0.0  MM

DEGREE_DAYS
HEATING TOTAL      18                71     -53       19
 SINCE 7/1         20                75     -55       21
COOLING TOTAL     213               128      85      191
 SINCE 1/1       1393              1049     344     1146
..........................................................

WIND (MPH)
AVERAGE WIND SPEED              7.1
HIGHEST WIND SPEED/DIRECTION    43/250    DATE  09/16
HIGHEST GUST SPEED/DIRECTION    50/260    DATE  09/16

SKY COVER
POSSIBLE SUNSHINE (PERCENT)   MM
AVERAGE SKY COVER           0.50
NUMBER OF DAYS FAIR           12
NUMBER OF DAYS PC             11
NUMBER OF DAYS CLOUDY          7

AVERAGE RH (PERCENT)     71

WEATHER CONDITIONS. NUMBER OF DAYS WITH
THUNDERSTORM              9     MIXED PRECIP               0
HEAVY RAIN                4     RAIN                       5
LIGHT RAIN               11     FREEZING RAIN              0
LT FREEZING RAIN          0     HAIL                       1
HEAVY SNOW                0     SNOW                       0
LIGHT SNOW                0     SLEET                      0
FOG                      15     FOG W/VIS <= 1/4 MILE      1
HAZE                      5

-  INDICATES NEGATIVE NUMBERS.
R  INDICATES RECORD WAS SET OR TIED.
MM INDICATES DATA IS MISSING.
T  INDICATES TRACE AMOUNT.

$$
