000
CXUS53 KIND 011511
CLMIND


CLIMATE REPORT
NATIONAL WEATHER SERVICE INDIANAPOLIS IN
1111 AM EDT TUE SEP 1 2015

...................................

...THE INDIANAPOLIS IN CLIMATE SUMMARY FOR THE MONTH OF AUGUST 2015...

CLIMATE NORMAL PERIOD 1981 TO 2010
CLIMATE RECORD PERIOD 1871 TO 2015

WEATHER         OBSERVED          NORMAL  DEPART  LAST YEAR`S
                 VALUE   DATE(S)  VALUE   FROM    VALUE  DATE(S)
                                          NORMAL
................................................................
TEMPERATURE (F)
RECORD
 HIGH             103   08/05/1918
 LOW               41   08/29/1965
HIGHEST            89   08/03                         93  08/26
LOWEST             52   08/25                         49  08/15
AVG. MAXIMUM     82.5              84.0    -1.5     82.6
AVG. MINIMUM     63.2              64.4    -1.2     65.0
MEAN             72.9              74.2    -1.3     73.8
DAYS MAX >= 90      0               5.0    -5.0        2
DAYS MAX <= 32      0               0.0     0.0        0
DAYS MIN <= 32      0               0.0     0.0        0
DAYS MIN <= 0       0               0.0     0.0        0

PRECIPITATION (INCHES)
RECORD
 MAXIMUM         8.34   1980
 MINIMUM         0.37   2010
TOTALS           1.55              3.13   -1.58     2.95
DAILY AVG.       0.05              0.10   -0.05     0.10
DAYS >= .01         6               8.5    -2.5       14
DAYS >= .10         5               5.4    -0.4        7
DAYS >= .50         1               2.3    -1.3        3
DAYS >= 1.00        0               0.9    -0.9        0
GREATEST
 24 HR. TOTAL    0.61   08/19 TO 08/19

SNOWFALL (INCHES)
RECORDS
 TOTAL             MM   MM
 SNOW DEPTH        MM   MM
TOTALS            0.0               0.0     0.0      0.0
SINCE 7/1         0.0               0.0     0.0      0.0
SNOWDEPTH AVG.      0
DAYS >= 1.0         0               0.0     0.0        0
DAYS >= 0.1         0                                  0
GREATEST
 SNOW DEPTH         0   MM                             0  MM
 24 HR TOTAL      0.0   MM                           0.0  MM

DEGREE_DAYS
HEATING TOTAL       2                 3      -1        2
 SINCE 7/1          2                 4      -2        6
COOLING TOTAL     252               288     -36      283
 SINCE 1/1        955               921      34      797
..................................................

WIND (MPH)
AVERAGE WIND SPEED              7.4
HIGHEST WIND SPEED/DIRECTION    25/270    DATE  08/20
HIGHEST GUST SPEED/DIRECTION    30/260    DATE  08/20

SKY COVER
POSSIBLE SUNSHINE (PERCENT)   MM
AVERAGE SKY COVER           0.50
NUMBER OF DAYS FAIR            8
NUMBER OF DAYS PC             16
NUMBER OF DAYS CLOUDY          7

AVERAGE RH (PERCENT)     67

WEATHER CONDITIONS. NUMBER OF DAYS WITH
THUNDERSTORM              4     MIXED PRECIP               0
HEAVY RAIN                1     RAIN                       3
LIGHT RAIN               12     FREEZING RAIN              0
LT FREEZING RAIN          0     HAIL                       0
HEAVY SNOW                0     SNOW                       0
LIGHT SNOW                0     SLEET                      0
FOG                      13     FOG W/VIS <= 1/4 MILE      0
HAZE                      4

-  INDICATES NEGATIVE NUMBERS.
R  INDICATES RECORD WAS SET OR TIED.
MM INDICATES DATA IS MISSING.
T  INDICATES TRACE AMOUNT.

$$
