000
CXUS53 KDLH 010653 CCA
CLMINL


CLIMATE REPORT...CORRECTED
NATIONAL WEATHER SERVICE DULUTH MN
1253 AM CST WED FEB 1 2017

...................................

...THE INTERNATIONAL FALLS MN CLIMATE SUMMARY FOR THE MONTH OF JANUARY 2017...

CLIMATE NORMAL PERIOD 1981 TO 2010
CLIMATE RECORD PERIOD 1895 TO 2017

WEATHER         OBSERVED          NORMAL  DEPART  LAST YEAR`S
                 VALUE   DATE(S)  VALUE   FROM    VALUE  DATE(S)
                                          NORMAL
................................................................
TEMPERATURE (F)
RECORD
 HIGH              48   01/10/2013
                        01/24/1973
                        01/09/1958
 LOW              -46   01/21/2011
                        01/06/1968
                        01/01/2000
HIGHEST            40   01/19        MM      MM       40  01/30
LOWEST            -39   01/13        MM      MM      -26  01/17
AVG. MAXIMUM     20.4              15.4     5.0     17.4
AVG. MINIMUM      1.3              -6.6     7.9      2.6
MEAN             10.8               4.4     6.4     10.0
DAYS MAX >= 90      0               0.0     0.0        0
DAYS MAX <= 32     25              27.7    -2.7       28
DAYS MIN <= 32     29              31.0    -2.0       31
DAYS MIN <= 0      16              19.9    -3.9       14

PRECIPITATION (INCHES)
RECORD
 MAXIMUM         3.03   1975
 MINIMUM            T   2003
TOTALS           1.27              0.62    0.65     0.59
DAILY AVG.       0.04              0.02    0.02     0.02
DAYS >= .01        10               9.3     0.7        9
DAYS >= .10         6               1.9     4.1        1
DAYS >= .50         0               0.0     0.0        0
DAYS >= 1.00        0               0.0     0.0        0
GREATEST
 24 HR. TOTAL    0.44   01/02 TO 01/03

SNOWFALL (INCHES)
RECORDS
 TOTAL           31.5   1950
TOTALS           16.9              15.0     1.9      8.8
SINCE 7/1        50.8              46.0     4.8     22.1
SNOWDEPTH AVG.     15                11       4        7
DAYS >= 1.0         5               4.5     0.5        2
GREATEST
 SNOW DEPTH        19   01/03                         10  01/30
                                                          01/29
                                                          01/28
 24 HR TOTAL      7.8   01/02 TO 01/03

DEGREE_DAYS
HEATING TOTAL    1672              1878    -206     1696
 SINCE 7/1       5144              6053    -909     5015
COOLING TOTAL       0                 0       0        0
 SINCE 1/1          0                 0       0        0
.................................................................

WIND (MPH)
AVERAGE WIND SPEED              6.8
HIGHEST WIND SPEED/DIRECTION    31/280    DATE  01/12
HIGHEST GUST SPEED/DIRECTION    42/290    DATE  01/12

SKY COVER
POSSIBLE SUNSHINE (PERCENT)   MM
AVERAGE SKY COVER           0.60
NUMBER OF DAYS FAIR            8
NUMBER OF DAYS PC              8
NUMBER OF DAYS CLOUDY         15

AVERAGE RH (PERCENT)     78

WEATHER CONDITIONS. NUMBER OF DAYS WITH
THUNDERSTORM              0     MIXED PRECIP               0
HEAVY RAIN                0     RAIN                       0
LIGHT RAIN                2     FREEZING RAIN              0
LT FREEZING RAIN          1     HAIL                       0
HEAVY SNOW                1     SNOW                       4
LIGHT SNOW               18     SLEET                      0
FOG                      15     FOG W/VIS <= 1/4 MILE      6
HAZE                     13

-  INDICATES NEGATIVE NUMBERS.
R  INDICATES RECORD WAS SET OR TIED.
MM INDICATES DATA IS MISSING.
T  INDICATES TRACE AMOUNT.

$$

.JANUARY 2017 WAS WARMER AND WETTER THAN NORMAL AT INTERNATIONAL
FALLS MN...

THE AVERAGE TEMPERATURE FOR JANUARY WAS 10.8 DEGREES WHICH WAS 6.4
DEGREES ABOVE THE NORMAL OF 4.4 DEGREES. MAKING THIS THE 13TH
WARMEST JANUARY IN STATION HISTORY. THE HIGHEST TEMPERATURE FOR
THE MONTH WAS 40 DEGREES ON THE 19TH. THE LOWEST TEMPERATURE WAS
-39 DEGREES ON THE 13TH. FOUR DAILY TEMPERATURE RECORDS WERE
BROKEN FOR THE MONTH AND ONE WAS TIED. ON THE 19TH THE RECORD HIGH
OF 40 DEGREES WAS TIED...WHICH WAS SET IN 1908. A RECORD WARMEST
MINIMUM TEMPERATURE OF 26 DEGREES WAS SET ON THE 20TH BREAKING THE
PREVIOUS RECORD OF 25 DEGREES SET IN 1974. A RECORD WARMEST
MINIMUM TEMPERATURE OF 33 DEGREES WAS SET ON THE 21ST BREAKING THE
PREVIOUS RECORD OF 29 DEGREES SET IN 1919. A RECORD HIGH
TEMPERATURE OF 39 DEGREES WAS SET ON THE 22ND BREAKING THE
PREVIOUS RECORD OF 38 DEGREES SET IN 1968. A RECORD WARMEST
MINIMUM TEMPERATURE OF 33 DEGREES WAS SET ON THE 22ND BREAKING THE
PREVIOUS RECORD OF 28 DEGREES SET IN 2010. TEN DAYS HAD AVERAGE
TEMPERATURES BELOW NORMAL.

JANUARY 2017 WAS WETTER THAN NORMAL WITH A TOTAL OF 1.27 INCHES OF
PRECIPITATION RECORDED FOR THE MONTH. THIS WAS 0.65 INCHES ABOVE THE
NORMAL OF 0.62 INCHES MAKING THIS THE 16TH WETTEST JANUARY IN
STATION HISTORY. THE GREATEST AMOUNT OF PRECIPITATION IN A 24 HOUR
PERIOD OCCURRED ON THE 2ND THROUGH THE 3RD WHEN 0.44 INCHES WAS
RECORDED. AT LEAST A TRACE OF PRECIPITATION WAS RECORDED ON 19 DAYS.
AT LEAST 0.01 OF AN INCH OF PRECIPITATION FELL ON 10 DAYS. AT LEAST
0.10 OF AN INCH FELL ON 6 DAYS. THERE WAS 16.9 INCHES OF SNOW FOR
THE MONTH WHICH IS 1.9 INCHES ABOVE THE NORMAL OF 15.0 INCHES.
MAKING THIS TIED FOR THE 20TH SNOWIEST JANUARY IN STATION HISTORY.
THE GREATEST AMOUNT OF SNOWFALL IN A 24 HOUR PERIOD OCCURRED ON THE
2ND TO THE 3RD WHERE 7.8 INCHES OF SNOW WAS RECORDED. NO DAILY
PRECIPITATION RECORDS WERE SET.

THE AVERAGE WIND SPEED FOR THE MONTH WAS 6.8 MPH. THE WINDIEST DAY
FOR THE MONTH WAS ON THE 12TH WITH AN AVERAGE WIND OF 12.0 MPH. THE
HIGHEST SUSTAINED WIND OCCURRED ON THE 12TH WITH A SPEED OF 31 MPH
OUT OF THE WEST. A PEAK GUST OF 42 MPH FROM THE WEST WAS RECORDED ON
THE 12TH. THERE WERE 1672 HEATING DEGREE DAYS FOR THE MONTH WHICH WAS
206 BELOW THE NORMAL OF 1878. THIS BROUGHT THE SEASONAL TOTAL TO 5144
WHICH WAS 909 BELOW THE NORMAL OF 6053. THERE WERE 0 COOLING DEGREE
DAYS FOR THE MONTH WHICH WAS NORMAL. THE SEASONAL TOTAL COOLING
DEGREE DAYS STANDS AT 0 WHICH WAS NORMAL. THE HIGHEST SEA LEVEL
PRESSURE READING FOR THE MONTH WAS 30.87 INCHES REACHED ON THE 13TH
AND THE LOWEST SEA LEVEL PRESSURE READING WAS 29.40 INCHES REACHED ON
THE 10TH.

THE OUTLOOK FOR FEBRUARY..NORMAL HIGHS BEGIN THE MONTH IN THE UPPER
TEENS 20S AND WARM TO THE MID TO UPPER 20S AT THE END OF THE MONTH.
NORMAL LOWS FOR THE MONTH START IN THE MID SINGLE DIGITS BELOW ZERO
AND WARM TO THE MID SINGLE DIGITS ABOVE ZERO AT THE END OF THE
MONTH. NORMAL PRECIPITATION FOR FEBRUARY IS 0.57 INCHES. NORMAL
SNOWFALL FOR FEBRUARY IS 10.8 INCHES. THE LATEST CLIMATE PREDICTION
CENTER OUTLOOK INDICATES THAT THERE IS NO CLEAR INDICATION FOR ABOVE
OR BELOW NORMAL TEMPERATURES...HOWEVER THERE IS A SLIGHT CHANCE
FOR ABOVE NORMAL PRECIPITATION IN FEBRUARY.

$$
