000
CXUS55 KFGZ 011521
CLMINW


CLIMATE REPORT
NATIONAL WEATHER SERVICE FLAGSTAFF, AZ
819 AM MST SAT AUG 1 2015

...................................

...THE WINSLOW AZ AIRPORT CLIMATE SUMMARY FOR THE MONTH OF JULY 2015...

CLIMATE NORMAL PERIOD 1981 TO 2010
CLIMATE RECORD PERIOD 1915 TO 2015

WEATHER         OBSERVED          NORMAL  DEPART  LAST YEAR`S
                 VALUE   DATE(S)  VALUE   FROM    VALUE  DATE(S)
                                          NORMAL
................................................................
TEMPERATURE (F)
RECORD
 HIGH             109   07/13/1971
 LOW               42   07/01/1928
HIGHEST           100                                103  07/01
LOWEST             56                                 60  07/22
                                                          07/21
                                                          07/02
AVG. MAXIMUM     91.2              94.5    -3.3     95.9
AVG. MINIMUM     61.9              61.9     0.0     64.7
MEAN             76.6              78.2    -1.6     80.3
DAYS MAX >= 90     21              24.9    -3.9       29
DAYS MAX <= 32      0               0.0     0.0        0
DAYS MIN <= 32      0               0.0     0.0        0
DAYS MIN <= 0       0               0.0     0.0        0

PRECIPITATION (INCHES)
RECORD
 MAXIMUM         4.81   1923
 MINIMUM            T   2005
TOTALS           1.33              1.04    0.29     0.32
DAILY AVG.       0.04              0.03    0.01     0.01
DAYS >= .01        10               6.2     3.8        5
DAYS >= .10         3               2.8     0.2        1
DAYS >= .50         1               0.5     0.5        0
DAYS >= 1.00        0               0.1    -0.1        0
GREATEST
 24 HR. TOTAL    0.74   07/15 TO 07/15              0.21

DEGREE_DAYS
HEATING TOTAL       0                 0       0        0
 SINCE 7/1          0                 0       0        0
COOLING TOTAL     367               409     -42      482
 SINCE 1/1        720               717       3      819
.................................................................

WIND (MPH)
AVERAGE WIND SPEED              8.1
HIGHEST WIND SPEED/DIRECTION    36/160    DATE  07/17
HIGHEST GUST SPEED/DIRECTION    47/080    DATE  07/01

SKY COVER
POSSIBLE SUNSHINE (PERCENT)   MM
AVERAGE SKY COVER           0.20
NUMBER OF DAYS FAIR           27
NUMBER OF DAYS PC              4
NUMBER OF DAYS CLOUDY          0

AVERAGE RH (PERCENT)     49

WEATHER CONDITIONS. NUMBER OF DAYS WITH
THUNDERSTORM              0     MIXED PRECIP               0
HEAVY RAIN                1     RAIN                       3
LIGHT RAIN               18     FREEZING RAIN              0
LT FREEZING RAIN          0     HAIL                       0
HEAVY SNOW                0     SNOW                       0
LIGHT SNOW                0     SLEET                      0
FOG                       1     FOG W/VIS <= 1/4 MILE      0
HAZE                      5

-  INDICATES NEGATIVE NUMBERS.
R  INDICATES RECORD WAS SET OR TIED.
MM INDICATES DATA IS MISSING.
T  INDICATES TRACE AMOUNT.

$$
