000
CXUS51 KCTP 020636 CCA
CLMIPT

CLIMATE REPORT
NATIONAL WEATHER SERVICE STATE COLLEGE PA
236 AM EDT THU JUL 2 2015

...................................

...THE WILLIAMSPORT PA CLIMATE SUMMARY FOR THE MONTH OF JUNE 2015...
...5TH WETTEST JUNE ON RECORD...

CLIMATE NORMAL PERIOD 1981 TO 2010
CLIMATE RECORD PERIOD 1895 TO 2015

WEATHER         OBSERVED          NORMAL  DEPART  LAST YEAR`S
                 VALUE   DATE(S)  VALUE   FROM    VALUE  DATE(S)
                                          NORMAL
................................................................
TEMPERATURE (F)
RECORD
 HIGH             104   06/05/1925
 LOW               36   06/03/1986
                        06/01/1907
HIGHEST            90   06/11                         89  06/17
LOWEST             46   06/07                         46  06/01
AVG. MAXIMUM     79.5              79.7    -0.2     80.9
AVG. MINIMUM     60.1              57.6     2.5     59.3
MEAN             69.8              68.6     1.2     70.1
DAYS MAX >= 90      1               2.2    -1.2        0
DAYS MAX <= 32      0               0.0     0.0        0
DAYS MIN <= 32      0               0.0     0.0        0
DAYS MIN <= 0       0               0.0     0.0        0

PRECIPITATION (INCHES)
RECORD
 MAXIMUM        16.80   1972
 MINIMUM         0.66   1966
TOTALS           7.81              3.92    3.89     3.46
DAILY AVG.       0.26              0.13    0.13     0.12
DAYS >= .01        18              11.9     6.1       14
DAYS >= .10        14               7.8     6.2       11
DAYS >= .50         7               2.6     4.4        2
DAYS >= 1.00        1               0.9     0.1        0
GREATEST
 24 HR. TOTAL    2.10   06/27 TO 06/28

SNOWFALL (INCHES)
RECORDS
 TOTAL            0.0   MM
TOTALS            0.0               0.0     0.0      0.0
SINCE 7/1        44.4              36.0     8.4     45.9
SNOWDEPTH AVG.      0                MM      MM        0
DAYS >= 1.0         0               0.0     0.0        0
GREATEST
 SNOW DEPTH         0   MM                             0  MM
 24 HR TOTAL      0.0   06/30 TO 06/30

DEGREE_DAYS
HEATING TOTAL      21                37     -16        8
 SINCE 7/1       6175              5995     180     6467
COOLING TOTAL     172               146      26      169
 SINCE 1/1        300               189     111      221
.................................................

WIND (MPH)
AVERAGE WIND SPEED              5.6
HIGHEST WIND SPEED/DIRECTION    38/220    DATE  06/08
HIGHEST GUST SPEED/DIRECTION    51/230    DATE  06/08

SKY COVER
POSSIBLE SUNSHINE (PERCENT)   MM
AVERAGE SKY COVER           0.60
NUMBER OF DAYS FAIR            5
NUMBER OF DAYS PC             17
NUMBER OF DAYS CLOUDY          8

AVERAGE RH (PERCENT)     73

WEATHER CONDITIONS. NUMBER OF DAYS WITH
THUNDERSTORM              8     MIXED PRECIP               0
HEAVY RAIN                9     RAIN                      12
LIGHT RAIN               20     FREEZING RAIN              0
LT FREEZING RAIN          0     HAIL                       0
HEAVY SNOW                0     SNOW                       0
LIGHT SNOW                0     SLEET                      0
FOG                      23     FOG W/VIS <= 1/4 MILE      2
HAZE                      3

-  INDICATES NEGATIVE NUMBERS.
R  INDICATES RECORD WAS SET OR TIED.
MM INDICATES DATA IS MISSING.
T  INDICATES TRACE AMOUNT.

$$
