000
CXCA52 TJSJ 010432
CLMIST


CLIMATE REPORT
NATIONAL WEATHER SERVICE SAN JUAN, PR
1231 AM AST WED OCT 1 2014

...................................

...THE CYRIL E. KING AIRPORT/USVI CLIMATE SUMMARY FOR THE MONTH OF SEPTEMBER 2014...

CLIMATE NORMAL PERIOD 1981 TO 2010
CLIMATE RECORD PERIOD 1956 TO 2014

WEATHER         OBSERVED          NORMAL  DEPART
                 VALUE   DATE(S)  VALUE   FROM
                                          NORMAL
................................................
TEMPERATURE (F)
RECORD
 HIGH              98   09/28/1993
                        09/05/1993
 LOW               64   09/17/1972
HIGHEST            91   09/14        92      -1
                        09/13
LOWEST             75   09/19        80      -5
AVG. MAXIMUM     87.5              90.0    -2.5
AVG. MINIMUM     77.6              77.9    -0.3
MEAN             82.5              84.0    -1.5
DAYS MAX >= 90      4              13.4    -9.4
DAYS MAX <= 32      0               0.0     0.0
DAYS MIN <= 32      0               0.0     0.0
DAYS MIN <= 0       0               0.0     0.0

PRECIPITATION (INCHES)
RECORD
 MAXIMUM        14.94   1953
 MINIMUM         0.92   2012
TOTALS           1.75              5.58   -3.83
DAILY AVG.       0.06              0.19   -0.13
DAYS >= .01        16              15.0     1.0
DAYS >= .10         8               8.0     0.0
DAYS >= .50         0               2.5    -2.5
DAYS >= 1.00        0               1.0    -1.0
GREATEST
 24 HR. TOTAL    0.26   09/22 TO 09/22

DEGREE_DAYS
HEATING TOTAL       0                 0       0
 SINCE 7/1          0                 0       0
COOLING TOTAL     537               568     -31
 SINCE 1/1       4527              4559     -32
.................................................

WIND (MPH)
AVERAGE WIND SPEED              9.6
RESULTANT WIND SPEED/DIRECTION   9/113
HIGHEST WIND SPEED/DIRECTION    24/090    DATE  09/04
HIGHEST GUST SPEED/DIRECTION    31/150    DATE  09/24

SKY COVER
AVERAGE SKY COVER           0.20

AVERAGE RH (PERCENT)     76

WEATHER CONDITIONS. NUMBER OF DAYS WITH
THUNDERSTORM              0     MIXED PRECIP               0
HEAVY RAIN                2     RAIN                       1
LIGHT RAIN                8     FREEZING RAIN              0
LT FREEZING RAIN          0     HAIL                       0
HEAVY SNOW                0     SNOW                       0
LIGHT SNOW                0     SLEET                      0
FOG                       3     FOG W/VIS <= 1/4 MILE      0
HAZE                      1

-  INDICATES NEGATIVE NUMBERS.
R  INDICATES RECORD WAS SET OR TIED.
MM INDICATES DATA IS MISSING.
T  INDICATES TRACE AMOUNT.

$$
