000
CXUS53 KGLD 011432
CLMITR

CLIMATE REPORT
NATIONAL WEATHER SERVICE GOODLAND
732 AM MST SUN MAR 1 2015

...................................

...THE BURLINGTON CLIMATE SUMMARY FOR THE MONTH OF FEBRUARY 2015...

CLIMATE NORMAL PERIOD 1981 TO 2010
CLIMATE RECORD PERIOD 1896 TO 2015

WEATHER         OBSERVED          NORMAL  DEPART  LAST YEAR`S
                 VALUE   DATE(S)  VALUE   FROM    VALUE  DATE(S)
                                          NORMAL
................................................................
TEMPERATURE (F)
RECORD
 HIGH              82   02/11/1962
 LOW              -23   02/05/1982
                        02/08/1936
                        02/09/1933
HIGHEST            77   02/07        69       8       64  02/18
                        02/06
LOWEST             -4   02/23         0      -4      -15  02/05
AVG. MAXIMUM     46.5              44.7     1.8     37.1
AVG. MINIMUM     19.0              18.4     0.6     13.8
MEAN             32.8              31.6     1.2     25.4
DAYS MAX >= 90      0               0.0     0.0        0
DAYS MAX <= 32      7               4.8     2.2       11
DAYS MIN <= 32     26              27.2    -1.2       28
DAYS MIN <= 0       1               1.1    -0.1        4

PRECIPITATION (INCHES)
RECORD
 MAXIMUM         2.74   1960
 MINIMUM         0.00   2006
TOTALS           0.86              0.42    0.44     0.37
DAILY AVG.       0.03              0.01    0.02     0.01
DAYS >= .01         5                MM      MM        6
DAYS >= .10         2                MM      MM        1
DAYS >= .50         1                MM      MM        0
DAYS >= 1.00        0                MM      MM        0
GREATEST
 24 HR. TOTAL    0.60   02/21 TO 02/21              0.17
 STORM TOTAL       MM
 (MM/DD(HH))            MM

.................................................................

-  INDICATES NEGATIVE NUMBERS.
R  INDICATES RECORD WAS SET OR TIED.
MM INDICATES DATA IS MISSING.
T  INDICATES TRACE AMOUNT.

$$
