000
CXUS52 KJAX 111946
CLMJAX

CLIMATE REPORT
NATIONAL WEATHER SERVICE JACKSONVILLE FL
845 AM EDT THU SEP 1 2016

...................................

...THE JACKSONVILLE CLIMATE SUMMARY FOR THE MONTH OF AUGUST 2016...

CLIMATE NORMAL PERIOD 1981 TO 2010
CLIMATE RECORD PERIOD 1871 TO 2016

WEATHER         OBSERVED          NORMAL  DEPART  LAST YEAR`S
                 VALUE   DATE(S)  VALUE   FROM    VALUE  DATE(S)
                                          NORMAL
................................................................
TEMPERATURE (F)
RECORD
 HIGH             102   08/01/1999
 LOW               63   08/09/2002
                        08/29/1984
HIGHEST            97   08/22        89       8       95  08/25
                        08/21                             08/12
                        08/20
LOWEST             66   08/27        72      -6       69  08/15
AVG. MAXIMUM     92.5              90.9     1.6     90.1
AVG. MINIMUM     73.3              72.7     0.6     72.4
MEAN             82.9              81.8     1.1     81.2
DAYS MAX >= 90     27              19.3     7.7       18
DAYS MAX <= 32      0               0.0     0.0        0
DAYS MIN <= 32      0               0.0     0.0        0
DAYS MIN <= 0       0               0.0     0.0        0

PRECIPITATION (INCHES)
RECORD
 MAXIMUM        16.83   2008
 MINIMUM         0.76   1930
TOTALS           2.65              6.80   -4.15     8.65
DAILY AVG.       0.09              0.22   -0.13     0.28
DAYS >= .01        12              15.0    -3.0       21
DAYS >= .10         9               9.8    -0.8       16
DAYS >= .50         1               4.1    -3.1        5
DAYS >= 1.00        0               1.9    -1.9        3
GREATEST
 24 HR. TOTAL    0.73

SNOWFALL (INCHES)
RECORDS
 TOTAL             MM   MM
TOTALS            0.0               0.0     0.0      0.0
SINCE 7/1         0.0               0.0     0.0      0.0
SNOWDEPTH AVG.      0                MM      MM        0
DAYS >= 1.0         0               0.0     0.0        0
GREATEST
 SNOW DEPTH         0   MM                             0  MM
 24 HR TOTAL      0.0

DEGREE_DAYS
HEATING TOTAL       0                 0       0        0
 SINCE 7/1          0                 0       0        0
COOLING TOTAL     564               521      43      510
 SINCE 1/1       2236              1990     246     2190
.................................................................

WIND (MPH)
AVERAGE WIND SPEED              6.9
HIGHEST WIND SPEED/DIRECTION    28/300    DATE  08/01
HIGHEST GUST SPEED/DIRECTION    33/060    DATE  08/26

SKY COVER
POSSIBLE SUNSHINE (PERCENT)   MM
AVERAGE SKY COVER           0.60
NUMBER OF DAYS FAIR            2
NUMBER OF DAYS PC             25
NUMBER OF DAYS CLOUDY          4

AVERAGE RH (PERCENT)     76

WEATHER CONDITIONS. NUMBER OF DAYS WITH
THUNDERSTORM              0     MIXED PRECIP               0
HEAVY RAIN                4     RAIN                       5
LIGHT RAIN               17     FREEZING RAIN              0
LT FREEZING RAIN          0     HAIL                       0
HEAVY SNOW                0     SNOW                       0
LIGHT SNOW                0     SLEET                      0
FOG                      15     FOG W/VIS <= 1/4 MILE      3
HAZE                      5

-  INDICATES NEGATIVE NUMBERS.
R  INDICATES RECORD WAS SET OR TIED.
MM INDICATES DATA IS MISSING.
T  INDICATES TRACE AMOUNT.

$$
