000
CXUS53 KIND 011610
CLMLAF


CLIMATE REPORT
NATIONAL WEATHER SERVICE INDIANAPOLIS IN
1110 AM EST MON FEB 1 2016

...................................

...THE LAFAYETTE IN CLIMATE SUMMARY FOR THE MONTH OF JANUARY 2016...

CLIMATE NORMAL PERIOD 1981 TO 2010
CLIMATE RECORD PERIOD 9999 TO 9999

WEATHER         OBSERVED          NORMAL  DEPART  LAST YEAR`S
                 VALUE   DATE(S)  VALUE   FROM    VALUE  DATE(S)
                                          NORMAL
................................................................
TEMPERATURE (F)
HIGHEST            59   01/31                         46  01/17
LOWEST             -3   01/13                        -10  01/08
AVG. MAXIMUM     35.5              34.0     1.5     31.2
AVG. MINIMUM     18.3              19.0    -0.7     14.8
MEAN             26.9              26.5     0.4     23.0
DAYS MAX >= 90      0               0.0     0.0        0
DAYS MAX <= 32     13              12.9     0.1       13
DAYS MIN <= 32     28              25.8     2.2       30
DAYS MIN <= 0       2               3.1    -1.1        6

PRECIPITATION (INCHES)
TOTALS           1.08              1.86   -0.78     1.30
DAILY AVG.       0.03              0.06   -0.03     0.05
DAYS >= .01         6               8.7    -2.7        6
DAYS >= .10         4               4.0     0.0        3
DAYS >= .50         1               0.8     0.2        1
DAYS >= 1.00        0               0.3    -0.3        0
GREATEST
 24 HR. TOTAL    0.53   01/09 TO 01/10

DEGREE_DAYS
HEATING TOTAL    1172              1193     -21     1290
 SINCE 7/1       2853              3368    -515     3753
COOLING TOTAL       0                 0       0        0
 SINCE 1/1          0                 0       0        0
.................................................................

WIND (MPH)
AVERAGE WIND SPEED              8.9
HIGHEST WIND SPEED/DIRECTION    29/290    DATE  01/12
HIGHEST GUST SPEED/DIRECTION    39/260    DATE  01/26

SKY COVER
POSSIBLE SUNSHINE (PERCENT)   MM
AVERAGE SKY COVER           0.50
NUMBER OF DAYS FAIR           10
NUMBER OF DAYS PC             15
NUMBER OF DAYS CLOUDY          6

AVERAGE RH (PERCENT)     75

WEATHER CONDITIONS. NUMBER OF DAYS WITH
THUNDERSTORM              0     MIXED PRECIP               0
HEAVY RAIN                0     RAIN                       2
LIGHT RAIN                6     FREEZING RAIN              0
LT FREEZING RAIN          0     HAIL                       0
HEAVY SNOW                0     SNOW                       2
LIGHT SNOW                9     SLEET                      0
FOG                      15     FOG W/VIS <= 1/4 MILE      1
HAZE                      7

-  INDICATES NEGATIVE NUMBERS.
R  INDICATES RECORD WAS SET OR TIED.
MM INDICATES DATA IS MISSING.
T  INDICATES TRACE AMOUNT.

$$
