000
CXUS53 KGRR 020321 CCA
CLMLAN

CLIMATE REPORT...CORRECTED
NATIONAL WEATHER SERVICE GRAND RAPIDS, MI
554 AM EST MON DEC 1 2014

...................................

...THE LANSING MI CLIMATE SUMMARY FOR THE MONTH OF NOVEMBER 2014...

CLIMATE NORMAL PERIOD 1981 TO 2010
CLIMATE RECORD PERIOD 1864 TO 2014

WEATHER         OBSERVED          NORMAL  DEPART  LAST YEAR`S
                 VALUE   DATE(S)  VALUE   FROM    VALUE  DATE(S)
                                          NORMAL
................................................................
TEMPERATURE (F)
RECORD
 HIGH              79   11/01/1950
 LOW               -5   11/26/1949
HIGHEST            58   11/04        67      -9       63  11/17
LOWEST              6   11/21        14      -8       14  11/24
AVG. MAXIMUM     40.9              46.7    -5.8     44.0
AVG. MINIMUM     26.9              32.4    -5.5     29.3
MEAN             33.9              39.6    -5.7     36.7
DAYS MAX >= 90      0               0.0     0.0        0
DAYS MAX <= 32     10               2.3     7.7        6
DAYS MIN <= 32     21              15.3     5.7       18
DAYS MIN <= 0       0               0.0     0.0        0

PRECIPITATION (INCHES)
RECORD
 MAXIMUM         5.62   2003
 MINIMUM         0.04   1904
TOTALS           2.61              2.78   -0.17     2.13
DAILY AVG.       0.09              0.09    0.00     0.07
DAYS >= .01        12              12.7    -0.7       10
DAYS >= .10         5               5.9    -0.9        6
DAYS >= .50         2               1.8     0.2        1
DAYS >= 1.00        1               0.5     0.5        0
GREATEST
 24 HR. TOTAL    1.93   11/23 TO 11/24

SNOWFALL (INCHES)
RECORDS
 TOTAL           21.8   1865
 24 HR TOTAL     12.1   11/08/1921 TO 11/08/1921
 SNOW DEPTH        11   MM
TOTALS            6.2               3.4     2.8      0.7
SINCE 7/1         6.2               3.8     2.4      0.7
SNOWDEPTH AVG.      1                MM      MM        0
DAYS >= TRACE      19               3.7    15.3       10
DAYS >= 1.0         2               1.1     0.9        0
GREATEST
 SNOW DEPTH         5   11/21                          T  MM
                        11/20
 24 HR TOTAL      2.9   11/19 TO 11/19

DEGREE_DAYS
HEATING TOTAL     926               764     162      844
 SINCE 7/1       1596              1414     182     1446
COOLING TOTAL       0                 0       0        0
 SINCE 1/1        488               625    -137      661

FREEZE DATES
RECORD
 EARLIEST     08/03/1894
 LATEST       07/15/1863
EARLIEST                        10/01
LATEST                          05/10
..................................................

WIND (MPH)
AVERAGE WIND SPEED              11.1
RESULTANT WIND SPEED/DIRECTION   8/229
HIGHEST WIND SPEED/DIRECTION    36/240    DATE  11/24
HIGHEST GUST SPEED/DIRECTION    48/240    DATE  11/24

SKY COVER
POSSIBLE SUNSHINE (PERCENT)   MM
AVERAGE SKY COVER           0.80
NUMBER OF DAYS FAIR            3
NUMBER OF DAYS PC              6
NUMBER OF DAYS CLOUDY         21

AVERAGE RH (PERCENT)     71

WEATHER CONDITIONS. NUMBER OF DAYS WITH
THUNDERSTORM              0     MIXED PRECIP               0
HEAVY RAIN                2     RAIN                       4
LIGHT RAIN               11     FREEZING RAIN              0
LT FREEZING RAIN          1     HAIL                       0
HEAVY SNOW                2     SNOW                       2
LIGHT SNOW               18     SLEET                      2
FOG                      17     FOG W/VIS <= 1/4 MILE      1
HAZE                     11

-  INDICATES NEGATIVE NUMBERS.
R  INDICATES RECORD WAS SET OR TIED.
MM INDICATES DATA IS MISSING.
T  INDICATES TRACE AMOUNT.

&&

NOVEMBER 2014 WAS A REMARKABLE MONTH FOR COLD AND SNOW. TEMPERATURES
ACROSS SOUTHWEST LOWER MICHIGAN AVERAGED OUT WELL BELOW NORMAL...
SNOWFALL ABOVE TO WELL ABOVE NORMAL... AND PRECIPITATION NEAR TO
ABOVE NORMAL. GRAND RAPIDS HAD THEIR SNOWIEST NOVEMBER ON RECORD
WHILE MUSKEGON HAD THEIR SECOND SNOWIEST. A NUMBER OF DAILY
TEMPERATURE... SNOWFALL... AND PRECIPITATION RECORDS WERE ALSO SET.

THE FIRST 11 DAYS OF THE MONTH HAD A MIX OF WEATHER BUT WAS OVERALL
FAIRLY BENIGN. THAT ALL CHANGED AS ARCTIC AIR SPILLED INTO THE
MIDWEST AND GREAT LAKES REGIONS AND STAYED PUT FOR 10 DAYS. FOR
NOVEMBER 12TH THROUGH 21ST... TEMPERATURES RANGED MOSTLY FROM THE
UPPER TEENS TO LOW 30S. ONLY ON A FEW OCCASIONS DID THE HIGH
TEMPERATURES CLIMB INTO THE MID 30S TO MEET THE NORMAL LOW
TEMPERATURE FOR THE TIME OF YEAR. THE MAGNITUDE AND LONGEVITY OF THE
COLD AIR OUTBREAK RIVALED THAT OF FEW NOVEMBERS PAST... 1950 BEING
THE MOST RECENT YEAR THAT COULD CLAIM A MORE SIGNIFICANT PROLONGED
OUTBREAK IN NOVEMBER. GRAND RAPIDS BROKE ONE DAILY LOW TEMPERATURE
RECORD AND ONE DAILY MINIMUM HIGH TEMPERATURE RECORD. MUSKEGON BROKE
ONE DAILY LOW TEMPERATURE RECORD... AND BROKE OR TIED TWO DAILY
MINIMUM HIGH TEMPERATURE RECORDS.

THE COLD AIR AND FAVORABLE ATMOSPHERIC SETUP FOR LAKE EFFECT SNOW
LED TO A PROLONGED AND RECORD-BREAKING EARLY SEASON SNOWFALL ACROSS
MUCH OF THE GREAT LAKES. DUE TO STIFF WIND SPEEDS... THE GREATEST
SNOW AMOUNTS GENERALLY FELL AWAY FROM THE IMMEDIATE LAKESHORE. GRAND
RAPIDS AND MUSKEGON EACH BROKE ONE DAILY SNOWFALL RECORD DURING THIS
PERIOD. THE SNOW THAT FELL DURING THE COLD AIR OUTBREAK IN THE
MIDDLE OF THE MONTH ACCOUNTED FOR THE VAST MAJORITY OF THE MONTHLY
TOTALS. GRAND RAPIDS RECEIVED 31.0 INCHES OF SNOW FOR NOVEMBER...
ECLIPSING THE PREVIOUS RECORD OF 28.2 INCHES IN 1895. MUSKEGON
ACCUMULATED 24.5 INCHES... FALLING SHORT OF THE 1995 RECORD OF 25.7
INCHES. LANSING HAD 6.2 INCHES... STILL ABOVE NORMAL FOR THE MONTH.

THE COLD OUTBREAK ENDED THE 22ND AS TEMPERATURES CLIMBED INTO THE
40S AND THEN 50S AHEAD OF A STRENGTHENING LOW PRESSURE SYSTEM. A
SIGNIFICANT AMOUNT OF RAIN WAS RECEIVED ACROSS THE AREA FROM THE
23RD TO 24TH... TOTALING 1 TO 2 INCHES. GRAND RAPIDS AND MUSKEGON
SET DAILY PRECIPITATION RECORDS ON ONE DAY AND LANSING SET RECORDS
ON TWO DAYS. THE SNOW ON THE GROUND MELTED ENTIRELY DURING THIS
BRIEF WARM SPELL AND CONTRIBUTED TO PUSHING A FEW RIVERS ABOVE
BANKFULL. SEVERAL LOCATIONS IN SOUTHERN LOWER MICHIGAN EXPERIENCED
WIND GUSTS ABOVE 50 MPH ON THE BACKSIDE OF THIS SYSTEM.

COLD AIR AND SNOW RETURNED LATE ON THE 24TH AND STAYED THROUGH THE
28TH. A SIGNIFICANT LAKE EFFECT SNOW BAND IN NORTH-NORTHWEST WINDS
PROVIDED SOME LAKESHORE AREAS WITH 6 TO 10 INCHES OF ACCUMULATION ON
THANKSGIVING. ANOTHER BRIEF TEMPERATURE SWING INTO THE 50S DURING
THE 29TH AND 30TH ENDED THE EVENTFUL MONTH.

GRAND RAPIDS RECEIVED AT LEAST A TRACE OF PRECIPITATION EACH DAY
FROM THE 4TH THROUGH THE 30TH. THIS WAS MOSTLY TRUE AT A NUMBER OF
OTHER SITES WITH THE EXCEPTION OF A DAY OR TWO. DESPITE THE
NEAR-RECORD TO RECORD SNOWFALL AT MUSKEGON AND GRAND RAPIDS...
NOVEMBER DREW TO A CLOSE WITH NO SNOW ON THE GROUND.


$$

CAS/EBW
