000
CXUS55 KVEF 011120
CLMLAS


CLIMATE REPORT
NATIONAL WEATHER SERVICE LAS VEGAS, NV
400 AM PDT MON MAY 1 2017

...................................

...THE LAS VEGAS NV CLIMATE SUMMARY FOR THE MONTH OF APRIL 2017...

CLIMATE NORMAL PERIOD 1981 TO 2010
CLIMATE RECORD PERIOD 1937 TO 2017

WEATHER         OBSERVED          NORMAL  DEPART  LAST YEAR`S
                 VALUE   DATE(S)  VALUE   FROM    VALUE  DATE(S)
                                          NORMAL
................................................................
TEMPERATURE (F)
RECORD
 HIGH              99   04/29/2013
                        04/22/2012
                        04/27/2000
 LOW               31   04/02/1975
                        04/03/1955
                        04/04/1945
HIGHEST            89   04/23        93      -4       91  04/22
                        04/16                             04/21
                                                          04/20
LOWEST             50   04/04        44       6       49  04/30
                                                          04/09
AVG. MAXIMUM     80.7              78.3     2.4     78.6
AVG. MINIMUM     59.4              56.1     3.3     58.0
MEAN             70.0              67.2     2.8     68.3
DAYS MAX >= 90      0               3.1    -3.1        3
DAYS MAX <= 32      0               0.0     0.0        0
DAYS MIN <= 32      0               0.0     0.0        0
DAYS MIN <= 0       0               0.0     0.0        0

PRECIPITATION (INCHES)
RECORD
 MAXIMUM         2.44   1965
 MINIMUM         0.00   2011
                        2008
                        2002
TOTALS           0.04              0.15   -0.11     2.26
DAILY AVG.       0.00              0.01   -0.01     0.08
DAYS >= .01         1               1.6    -0.6        7
DAYS >= .10         0               0.4    -0.4        4
DAYS >= .50         0               0.1    -0.1        2
DAYS >= 1.00        0               0.0     0.0        0
GREATEST
 24 HR. TOTAL    0.04   04/03 TO 04/03

SNOWFALL (INCHES)
RECORDS
 TOTAL            0.0   2002
                        2001
                        2000
 24 HR TOTAL      0.0
TOTALS            0.0               0.0     0.0      0.0
SINCE 7/1         0.0
SNOWDEPTH AVG.      0
DAYS >= TRACE       0
DAYS >= 1.0         0
GREATEST
 SNOW DEPTH         0
 24 HR TOTAL      0.0   MM
 STORM TOTAL       MM
 (MM/DD(HH))

DEGREE_DAYS
HEATING TOTAL       9                63     -54       36
 SINCE 7/1       1463              1943    -480     1693
COOLING TOTAL     167               129      38      142
 SINCE 1/1        278               160     118      206

FREEZE DATES
RECORD
 EARLIEST     10/21/1949
 LATEST       04/12/1967
EARLIEST                        11/25
LATEST                          02/28
.................................................................

WIND (MPH)
AVERAGE WIND SPEED              9.8
HIGHEST WIND SPEED/DIRECTION    37/340    DATE  04/03
HIGHEST GUST SPEED/DIRECTION    47/210    DATE  04/13

SKY COVER
POSSIBLE SUNSHINE (PERCENT)   MM
AVERAGE SKY COVER           0.40
NUMBER OF DAYS FAIR           13
NUMBER OF DAYS PC             17
NUMBER OF DAYS CLOUDY          0

AVERAGE RH (PERCENT)     19

WEATHER CONDITIONS. NUMBER OF DAYS WITH
THUNDERSTORM              0     MIXED PRECIP               0
HEAVY RAIN                0     RAIN                       0
LIGHT RAIN                1     FREEZING RAIN              0
LT FREEZING RAIN          0     HAIL                       0
HEAVY SNOW                0     SNOW                       0
LIGHT SNOW                0     SLEET                      0
FOG                       0     FOG W/VIS <= 1/4 MILE      0
HAZE                      0

-  INDICATES NEGATIVE NUMBERS.
R  INDICATES RECORD WAS SET OR TIED.
MM INDICATES DATA IS MISSING.
T  INDICATES TRACE AMOUNT.

$$
