000
CXUS56 KMTR 011005
CLMLVK


CLIMATE REPORT
NATIONAL WEATHER SERVICE SAN FRANCISCO BAY AREA
203 AM PST MON JAN 1 2018

...................................

...THE LIVERMORE AIRPORT CLIMATE SUMMARY FOR THE MONTH OF DECEMBER 2017...

CLIMATE NORMAL PERIOD 1981 TO 2010
CLIMATE RECORD PERIOD 1930 TO 2017

WEATHER         OBSERVED          NORMAL  DEPART  LAST YEAR`S
                 VALUE   DATE(S)  VALUE   FROM    VALUE  DATE(S)
                                          NORMAL
................................................................
TEMPERATURE (F)
RECORD
 HIGH              79   MM
 LOW               24   12/05/2013
                        12/08/2009
                        12/06/2009
HIGHEST            69   12/14                         64  12/09
                                                          12/03
LOWEST             27   12/22                         26  12/19
                                                          12/18
AVG. MAXIMUM     61.5              56.2     5.3     56.7
AVG. MINIMUM     34.2                               36.9
MEAN             47.8              47.0     0.8     46.8
DAYS MAX >= 90      0                                  0
DAYS MAX <= 32      0                                  0
DAYS MIN <= 32      9                                  9
DAYS MIN <= 0       0                                  0

PRECIPITATION (INCHES)
RECORD
 MAXIMUM           MM   MM
 MINIMUM           MM   MM
TOTALS           0.03              2.68   -2.65     2.46
DAILY AVG.       0.00                               0.08
DAYS >= .01         1                                  6
DAYS >= .10         0                                  5
DAYS >= .50         0                                  2
DAYS >= 1.00        0                                  0
GREATEST
 24 HR. TOTAL    0.03   12/20 TO 12/20           12/15 TO 12/15
                                                          12/31 TO 12/31
                                                          12/31 TO 12/31

DEGREE_DAYS
HEATING TOTAL     525               559     -34      556
 SINCE 7/1        887              1031    -144      928
COOLING TOTAL       0                 0       0        0
 SINCE 1/1       1149               830     319      955
..................................................

WIND (MPH)
AVERAGE WIND SPEED              4.0
RESULTANT WIND SPEED/DIRECTION   2/049
HIGHEST WIND SPEED/DIRECTION    26/020    DATE  12/17
HIGHEST GUST SPEED/DIRECTION    39/010    DATE  12/16

SKY COVER
POSSIBLE SUNSHINE (PERCENT)   MM
AVERAGE SKY COVER           0.00
NUMBER OF DAYS FAIR           31
NUMBER OF DAYS PC              0
NUMBER OF DAYS CLOUDY          0

AVERAGE RH (PERCENT)     60

WEATHER CONDITIONS. NUMBER OF DAYS WITH
THUNDERSTORM              0     MIXED PRECIP               0
HEAVY RAIN                0     RAIN                       0
LIGHT RAIN                2     FREEZING RAIN              0
LT FREEZING RAIN          0     HAIL                       0
HEAVY SNOW                0     SNOW                       0
LIGHT SNOW                0     SLEET                      0
FOG                      11     FOG W/VIS <= 1/4 MILE      0
HAZE                     18

-  INDICATES NEGATIVE NUMBERS.
R  INDICATES RECORD WAS SET OR TIED.
MM INDICATES DATA IS MISSING.
T  INDICATES TRACE AMOUNT.

$$
