000
CXUS51 KRNK 011242
CLMLYH


CLIMATE REPORT
NATIONAL WEATHER SERVICE BLACKSBURG VA
838 AM EDT SAT JUL 1 2017

...................................

...THE LYNCHBURG VA CLIMATE SUMMARY FOR THE MONTH OF JUNE 2017...

CLIMATE NORMAL PERIOD 1981 TO 2010
CLIMATE RECORD PERIOD 1893 TO 2017

WEATHER         OBSERVED          NORMAL  DEPART  LAST YEAR`S
                 VALUE   DATE(S)  VALUE   FROM    VALUE
                                          NORMAL
.............................................................
TEMPERATURE (F)
RECORD
 HIGH             104   06/29/1934
 LOW                7   06/17/2015
HIGHEST            91   06/13                         92
LOWEST             49   06/28                         48
AVG. MAXIMUM     83.1              83.2    -0.1     83.1
AVG. MINIMUM     59.9              60.1    -0.2     61.6
MEAN             71.5              71.6    -0.1     72.3
DAYS MAX >= 90      2               4.0    -2.0        3
DAYS MAX <= 32      0               0.0     0.0        0
DAYS MIN <= 32      0               0.0     0.0        0
DAYS MIN <= 0       0               0.0     0.0        0

PRECIPITATION (INCHES)
RECORD
 MAXIMUM         9.97   1989
 MINIMUM         0.47   1986
TOTALS           2.09              3.62   -1.53     6.27
DAILY AVG.       0.07              0.12   -0.05     0.21
DAYS >= .01         8              10.0    -2.0       11
DAYS >= .10         8               6.1     1.9        5
DAYS >= .50         0               2.4    -2.4        4
DAYS >= 1.00        0               0.9    -0.9        1
GREATEST
 24 HR. TOTAL    0.44                               3.56

SNOWFALL (INCHES)
TOTALS            0.0                                0.0
DAYS >= TRACE       0                                  0
DAYS >= 1.0         0                                  0
GREATEST
 24 HR TOTAL      0.0                                0.0

DEGREE_DAYS
HEATING TOTAL       4                14     -10        1
COOLING TOTAL     206               214      -8      229
..............................................................

WIND (MPH)
AVERAGE WIND SPEED              4.6
HIGHEST WIND SPEED/DIRECTION    26/200    DATE  06/24
HIGHEST GUST SPEED/DIRECTION    36/190    DATE  06/24

SKY COVER
AVERAGE SKY COVER           0.30

AVERAGE RH (PERCENT)     71

WEATHER CONDITIONS. NUMBER OF DAYS WITH
THUNDERSTORM              6     MIXED PRECIP               0
HEAVY RAIN                3     RAIN                       6
LIGHT RAIN               10     FREEZING RAIN              0
LT FREEZING RAIN          0     HAIL                       0
HEAVY SNOW                0     SNOW                       0
LIGHT SNOW                0     SLEET                      0
FOG                      12     FOG W/VIS <= 1/4 MILE      2
HAZE                      0

-  INDICATES NEGATIVE NUMBERS.
R  INDICATES RECORD WAS SET OR TIED.
MM INDICATES DATA IS MISSING.
T  INDICATES TRACE AMOUNT.

$$
