000
CXUS54 KLZK 020002
CLMLZK


CLIMATE REPORT
NATIONAL WEATHER SERVICE LITTLE ROCK AR
555 PM CST SUN FEB 1 2015

...................................

...THE NORTH LITTLE ROCK CLIMATE SUMMARY FOR THE MONTH OF JANUARY 2015...

CLIMATE NORMAL PERIOD 1981 TO 2010
CLIMATE RECORD PERIOD 1975 TO 2015

WEATHER         OBSERVED          NORMAL  DEPART  LAST YEAR`S
                 VALUE   DATE(S)  VALUE   FROM    VALUE  DATE(S)
                                          NORMAL
................................................................
TEMPERATURE (F)
RECORD
 HIGH              81   01/30/2002
 LOW               -6   01/20/1985
HIGHEST            67   01/20        49      18       69  01/20
LOWEST              8   01/08        31     -23        9  01/07
AVG. MAXIMUM     49.6              49.5     0.1     49.0
AVG. MINIMUM     31.9              32.7    -0.8     26.8
MEAN             40.8              41.1    -0.3     37.9
DAYS MAX >= 90      0               0.0     0.0        0
DAYS MAX <= 32      1               2.0    -1.0        3
DAYS MIN <= 32     14              15.0    -1.0       21
DAYS MIN <= 0       0               0.1    -0.1        0

PRECIPITATION (INCHES)
RECORD
 MAXIMUM         7.55   1999
 MINIMUM         0.31   2003
TOTALS           2.92              3.42   -0.50     2.31
DAILY AVG.       0.09              0.11   -0.02     0.07
DAYS >= .01         6               9.0    -3.0        5
DAYS >= .10         5                                  4
DAYS >= .50         3                                  2
DAYS >= 1.00        1               0.7     0.3        0
GREATEST
 24 HR. TOTAL    1.79   01/02 TO 01/03

SNOWFALL (INCHES)
RECORDS
 TOTAL           12.4   1988
 24 HR TOTAL     12.0   01/06/1988 TO 01/07/1988
 SNOW DEPTH        12   01/07/1988
TOTALS              T               1.7    -1.7        T
 LIQUID EQUIV       T              0.30   -0.30        T
SINCE 7/1         0.6               2.2    -1.6      1.1
 LIQUID 7/1      0.06              0.30   -0.24     0.11
SNOWDEPTH AVG.      0
DAYS >= TRACE       3               0.9     2.1        3
DAYS >= 1.0         0                                  0
GREATEST
 SNOW DEPTH         0   MM
 24 HR TOTAL        T   01/23 TO 01/23
                        01/15 TO 01/15
                        01/07 TO 01/07

DEGREE_DAYS
HEATING TOTAL     745               741       4      834
 SINCE 7/1       2008              1933      75     2140
COOLING TOTAL       0                 1      -1        0
 SINCE 1/1          0                 0       0        0

FREEZE DATES
RECORD
 EARLIEST     10/20/1989
 LATEST       04/19/1983
EARLIEST                        11/13
LATEST                          03/19
......................................................

WIND (MPH)
AVERAGE WIND SPEED              MM
HIGHEST WIND SPEED/DIRECTION    MM        DATE   MM
HIGHEST GUST SPEED/DIRECTION    MM        DATE   MM

SKY COVER
POSSIBLE SUNSHINE (PERCENT)   MM
AVERAGE SKY COVER             MM
NUMBER OF DAYS FAIR          MM
NUMBER OF DAYS PC            MM
NUMBER OF DAYS CLOUDY        MM

AVERAGE RH (PERCENT)     MM

WEATHER CONDITIONS. NUMBER OF DAYS WITH
THUNDERSTORM              0     MIXED PRECIP               0
HEAVY RAIN                2     RAIN                       2
LIGHT RAIN                5     FREEZING RAIN              0
LT FREEZING RAIN          1     HAIL                       0
HEAVY SNOW                0     SNOW                       0
LIGHT SNOW                1     SLEET                      0
FOG                       3     FOG W/VIS <= 1/4 MILE      2
HAZE                      0

-  INDICATES NEGATIVE NUMBERS.
R  INDICATES RECORD WAS SET OR TIED.
MM INDICATES DATA IS MISSING.
T  INDICATES TRACE AMOUNT.

&&

...DATA FOR NORTH LITTLE ROCK FOR JANUARY 2015...

.SUMMARY...
IN THE FIRST TWO WEEKS OF THE MONTH...DAILY AVERAGE TEMPERATURES
WERE AS HIGH AS 10 TO NEAR 20 DEGREES BELOW NORMAL. ALL THAT CHANGED
THE SECOND HALF OF THE MONTH...AS WARMER CONDITIONS SET IN...AND
TEMPERATURES REGULARLY HIT THE 50S AND 60S. THIS LEFT THE MONTH...ON
THE WHOLE...SLIGHTLY BELOW THE 30-YEAR AVERAGE.

RAINFALL MOSTLY CAME IN THE FIRST THREE DAYS OF THE MONTH...AND WAS
ONLY SPARSE AFTER THAT. EVEN THOUGH IT WAS THE WETTEST JANUARY IN
TWO YEARS...RAINFALL WAS STILL BELOW AVERAGE.

NO MEASURABLE SNOW FELL FOR THE 2ND JANUARY IN A ROW.

.MONTHLY TEMPERATURES...

THE AVERAGE HIGH...LOW...AND MONTHLY TEMPERATURES WERE THE WARMEST
SINCE 2013.

.DAILY AVERAGE TEMPERATURES...

ABOVE NORMAL ON 15 DAYS...NORMAL ON TWO DAYS...BELOW NORMAL ON 14
DAYS.

.NUMBER OF DAYS WITH TEMPERATURES...

THERE WERE 14 DAYS WITH TEMPERATURES AT OR BELOW FREEZING...WHICH
WAS THE FEWEST SINCE 2012.

THERE WERE 8 DAYS WITH TEMPERATURES AT OR ABOVE 60...WHICH WAS THE
MOST SINCE 2013.

THERE WAS ONE DAY WITH A TEMPERATURE OF 10 DEGREES OR LESS...WHICH
WAS THE FEWEST SINCE 2013.

.DAILY TEMPERATURE RECORDS TIED OR BROKEN DURING THE MONTH...

DATE   RECORD TYPE                     NEW RECORD          PREVIOUS RECORD
18TH   HIGH TEMPERATURE                66 IN 2015             66 IN 1996

THE LOW TEMPERATURE OF 8 DEGREES ON JANUARY 8TH MARKED THE COLDEST
TEMPERATURE AT NORTH LITTLE ROCK SINCE FEBRUARY 4TH 1996...WHEN THE
MERCURY FELL TO 4 DEGREES. THIS WAS ALSO THE 2ND JANUARY IN A ROW
WITH A SINGLE-DIGIT LOW TEMPERATURE AT NORTH LITTLE ROCK. IT ALSO
MARKED THE COLDEST JANUARY TEMPERATURE SINCE 1985.

.RAINFALL...

IT WAS THE WETTEST JANUARY SINCE 2013...BUT RAINFALL WAS BELOW THE
30-YEAR AVERAGE.

.DAILY RAINFALL RECORDS TIED OR BROKEN DURING THE MONTH...

DATE    NEW RECORD        PREVIOUS RECORD
 3RD   0.45 IN 1982         1.31 IN 2015

.SNOWFALL...

NO MEASURABLE SNOW FELL FOR THE 2ND JANUARY IN A ROW.

.DAILY SNOWFALL RECORDS TIED OR BROKEN DURING THE MONTH...

NONE.

.MISCELLANEOUS PHENOMENA...

ON JANUARY 7TH...THE PRESSURE ROSE TO 30.86 IN. / 1045.07 MB AT
NORTH LITTLE ROCK. THIS TIED THE ALL-TIME RECORD HIGH PRESSURE FOR
THE MONTH OF JANUARY. THE RECORD WAS ORIGINALLY SET JANUARY 2ND
2008.

$$

57
