000
CXUS56 KHNX 011615 CCA
CLMMCE

CLIMATE REPORT...CORRECTED
NATIONAL WEATHER SERVICE SAN JOAQUIN VALLEY, CA
915 AM PDT MON SEP 1 2014

...................................

...THE MERCED CA AIRPORT CLIMATE SUMMARY FOR THE MONTH OF AUGUST 2014...

CLIMATE NORMAL PERIOD 1981 TO 2010
CLIMATE RECORD PERIOD 1998 TO 2014

WEATHER         OBSERVED          NORMAL  DEPART  LAST YEAR`S
                 VALUE   DATE(S)  VALUE   FROM    VALUE  DATE(S)
                                          NORMAL
................................................................
TEMPERATURE (F)
RECORD
 HIGH             108   08/11/2012
 LOW               50   08/29/2010
                        08/28/2010
                        12/22/1998
HIGHEST           107   08/01        MM      MM      106  08/19
LOWEST             60   08/18        MM      MM       56  08/02
                                                          08/01
AVG. MAXIMUM     95.8              93.1     2.7     94.7
AVG. MINIMUM     64.2              59.4     4.8     61.7
MEAN             80.0              76.3     3.7     78.2
DAYS MAX >= 90     28              22.7     5.3       28
DAYS MIN <= 32      0               0.0     0.0        0

PRECIPITATION (INCHES)
RECORD
 MAXIMUM            T   2014
                        2013
                        2012
                        2006
                        2005
                        2003
                        2001
                        2000
TOTALS              TR             0.01   -0.01        T
DAYS >= .01         0                MM      MM        0
DAYS >= .10         0                MM      MM        0
DAYS >= .50         0                MM      MM        0
DAYS >= 1.00        0                MM      MM        0
GREATEST
 24 HR. TOTAL       T   08/04 TO 08/04

SNOWFALL (INCHES)
RECORDS
 TOTAL             MM   MM
TOTALS            0.0                MM

DEGREE_DAYS
HEATING TOTAL       0                 1      -1        0
 SINCE 7/1          0                 1      -1        0
COOLING TOTAL     473               349     124      416
 SINCE 1/1       1648              1139     509     1523
.................................................................

WIND (MPH)
AVERAGE WIND SPEED              7.3
HIGHEST WIND SPEED/DIRECTION    22/340    DATE  08/05
HIGHEST GUST SPEED/DIRECTION    27/330    DATE  08/05

AVERAGE RH (PERCENT)     46

WEATHER CONDITIONS. NUMBER OF DAYS WITH
THUNDERSTORM              0     RAIN                       1
HAIL                      0     FOG                        0
FOG W/VIS <= 1/4 MILE     0     HAZE                       5

-  INDICATES NEGATIVE NUMBERS.
R  INDICATES RECORD WAS SET OR TIED.
MM INDICATES DATA IS MISSING.
T  INDICATES TRACE AMOUNT.

$$

SANGER/OCHS

WEATHER.GOV/HANFORD
