000
CXUS53 KEAX 040340
CLMMCI

CLIMATE REPORT
NATIONAL WEATHER SERVICE KANSAS CITY/PLEASANT HILL MO
936 PM CST FRI MAR 3 2017

...................................

...THE KANSAS CITY INTERNATIONAL CLIMATE SUMMARY FOR THE SEASON, FROM
12/1/2016 TO 2/28/2017...

CLIMATE NORMAL PERIOD 1981 TO 2010
CLIMATE RECORD PERIOD 1888 TO 2017

WEATHER         OBSERVED          NORMAL  DEPART  LAST YEAR`S
                 VALUE   DATE(S)  VALUE   FROM    VALUE  DATE(S)
                                          NORMAL
................................................................
TEMPERATURE (F)
RECORD
 HIGH              81   02/24/1930
 LOW              -23   12/23/1989
                        12/22/1989
HIGHEST            79   02/22        67      12       75  02/20
LOWEST             -9   12/18         0      -9       -3  01/18
                                                          01/17
AVG. MAXIMUM     45.5              40.5     5.0     46.3
AVG. MINIMUM     25.2              22.0     3.2     26.0
MEAN             35.3              31.2     4.1     36.2
DAYS MAX >= 90      0               0.0     0.0        0
DAYS MAX <= 32     19              24.5    -5.5       15
DAYS MIN <= 32     72              74.7    -2.7       70
DAYS MIN <= 0       4               5.1    -1.1        2

PRECIPITATION (INCHES)
RECORD
 MAXIMUM         8.62   1911
 MINIMUM         0.58   1920
TOTALS           2.64              4.06   -1.42     4.40
DAILY AVG.       0.03              0.05   -0.02     0.04
DAYS >= .01        19              20.6    -1.6       17
DAYS >= .10         8               9.3    -1.3        7
DAYS >= .50         2               2.3    -0.3        2
DAYS >= 1.00        0               0.6    -0.6        1
GREATEST
 24 HR. TOTAL    0.74   MM

SNOWFALL (INCHES)
RECORDS
 TOTAL           53.3   1962
TOTALS            4.5              14.8   -10.3      5.3
SINCE 7/1         4.5              16.2   -11.7      5.3
DAYS >= TRACE       9              11.2    -2.2       16
DAYS >= 1.0         2               4.6    -2.6        2
GREATEST
 SNOW DEPTH         2   01/06
                        01/04
                        01/05
 24 HR TOTAL      2.0   MM

DEGREE_DAYS
HEATING TOTAL    2670              3043    -373     2610
COOLING TOTAL       0                 0       0        0
.................................................................

WIND (MPH)
AVERAGE WIND SPEED              9.9
HIGHEST WIND SPEED/DIRECTION    31/280    DATE  01/10
HIGHEST GUST SPEED/DIRECTION    42/280    DATE  01/10

SKY COVER
POSSIBLE SUNSHINE (PERCENT)   MM
AVERAGE SKY COVER           0.60
NUMBER OF DAYS FAIR           19
NUMBER OF DAYS PC             45
NUMBER OF DAYS CLOUDY         26

AVERAGE RH (PERCENT)     65

WEATHER CONDITIONS. NUMBER OF DAYS WITH
THUNDERSTORM              0     MIXED PRECIP               0
HEAVY RAIN                1     RAIN                       4
LIGHT RAIN               22     FREEZING RAIN              0
LT FREEZING RAIN          5     HAIL                       0
HEAVY SNOW                0     SNOW                       1
LIGHT SNOW                8     SLEET                      1
FOG                      32     FOG W/VIS <= 1/4 MILE     12
HAZE                     22

-  INDICATES NEGATIVE NUMBERS.
R  INDICATES RECORD WAS SET OR TIED.
MM INDICATES DATA IS MISSING.
T  INDICATES TRACE AMOUNT.

$$
