000
CXUS53 KEAX 010853
CLMMCI

CLIMATE REPORT
NATIONAL WEATHER SERVICE KANSAS CITY/PLEASANT HILL MO
351 AM CDT MON JUN 1 2015

...................................

...THE KANSAS CITY INTERNATIONAL MO CLIMATE SUMMARY FOR THE MONTH OF MAY 2015...

CLIMATE NORMAL PERIOD 1981 TO 2010
CLIMATE RECORD PERIOD 1888 TO 2015

WEATHER         OBSERVED          NORMAL  DEPART  LAST YEAR`S
                 VALUE   DATE(S)  VALUE   FROM    VALUE  DATE(S)
                                          NORMAL
................................................................
TEMPERATURE (F)
RECORD
 HIGH             103   05/30/1934
 LOW               27   05/04/1907
HIGHEST            83   05/04        88      -5       89  05/28
                        05/03
LOWEST             41   05/12        40       1       35  05/16
AVG. MAXIMUM     72.2              74.8    -2.6     77.2
AVG. MINIMUM     54.9              54.2     0.7     54.9
MEAN             63.5              64.5    -1.0     66.0
DAYS MAX >= 90      0               0.4    -0.4        0
DAYS MAX <= 32      0               0.0     0.0        0
DAYS MIN <= 32      0               0.0     0.0        0
DAYS MIN <= 0       0               0.0     0.0        0

PRECIPITATION (INCHES)
RECORD
 MAXIMUM        12.75   1995
 MINIMUM         0.70   1914
TOTALS          10.25              5.23    5.02     1.33
DAILY AVG.       0.33              0.17    0.16     0.04
DAYS >= .01        21              11.5     9.5        8
DAYS >= .10        17               7.8     9.2        3
DAYS >= .50         7               3.7     3.3        1
DAYS >= 1.00        3               1.5     1.5        0
GREATEST
 24 HR. TOTAL    2.21   05/23 TO 05/24

SNOWFALL (INCHES)
RECORDS
 TOTAL            1.7   1907
                        0
                        0
TOTALS            0.0               0.0     0.0      0.0
SINCE 7/1        14.2              18.8    -4.6     26.1
SNOWDEPTH AVG.      0                MM      MM        0
DAYS >= 1.0         0               0.0     0.0        0
GREATEST
 SNOW DEPTH         0   MM                             0  MM
 24 HR TOTAL      0.0   05/31 TO 05/31

DEGREE_DAYS
HEATING TOTAL      96               104      -8      113
 SINCE 7/1       5116              5124      -8     5785
COOLING TOTAL      59                88     -29      152
 SINCE 1/1         68               116     -48      161
.................................................................

WIND (MPH)
AVERAGE WIND SPEED              10.6
HIGHEST WIND SPEED/DIRECTION    33/200    DATE  05/17
HIGHEST GUST SPEED/DIRECTION    44/190    DATE  05/17

SKY COVER
POSSIBLE SUNSHINE (PERCENT)   MM
AVERAGE SKY COVER           0.70
NUMBER OF DAYS FAIR            3
NUMBER OF DAYS PC             10
NUMBER OF DAYS CLOUDY         18

AVERAGE RH (PERCENT)     75

WEATHER CONDITIONS. NUMBER OF DAYS WITH
THUNDERSTORM              0     MIXED PRECIP               0
HEAVY RAIN               12     RAIN                      15
LIGHT RAIN               26     FREEZING RAIN              0
LT FREEZING RAIN          0     HAIL                       0
HEAVY SNOW                0     SNOW                       0
LIGHT SNOW                0     SLEET                      0
FOG                      19     FOG W/VIS <= 1/4 MILE      0
HAZE                      2

-  INDICATES NEGATIVE NUMBERS.
R  INDICATES RECORD WAS SET OR TIED.
MM INDICATES DATA IS MISSING.
T  INDICATES TRACE AMOUNT.

$$
