000
CXUS53 KEAX 011207
CLMMCI

STLCLMWRK 000
TTAA00 KEAX 011206


CLIMATE REPORT
NATIONAL WEATHER SERVICE KANSAS CITY/PLEASANT HILL MO
605 AM CST MON FEB 1 2016

...................................

...THE KANSAS CITY INTERNATIONAL MO CLIMATE SUMMARY FOR THE MONTH OF JANUARY 2016...

CLIMATE NORMAL PERIOD 1981 TO 2010
CLIMATE RECORD PERIOD 1888 TO 2016

WEATHER         OBSERVED          NORMAL  DEPART  LAST YEAR`S
                 VALUE   DATE(S)  VALUE   FROM    VALUE  DATE(S)
                                          NORMAL
................................................................
TEMPERATURE (F)
RECORD
 HIGH              75   01/24/1950
 LOW              -20   01/12/1912
HIGHEST            64   01/29        61       3       73  01/28
LOWEST             -3   01/18         0      -3       -3  01/08
                        01/17                             01/07
AVG. MAXIMUM     38.8              38.0     0.8     42.8
AVG. MINIMUM     20.4              19.6     0.8     19.6
MEAN             29.6              28.8     0.8     31.2
DAYS MAX >= 90      0               0.0     0.0        0
DAYS MAX <= 32     10              10.2    -0.2        8
DAYS MIN <= 32     28              27.5     0.5       28
DAYS MIN <= 0       2               2.1    -0.1        2

PRECIPITATION (INCHES)
RECORD
 MAXIMUM         5.52   1916
 MINIMUM         0.02   1986
TOTALS           0.76              1.07   -0.31     1.20
DAILY AVG.       0.02              0.03   -0.01     0.04
DAYS >= .01         6               6.3    -0.3        7
DAYS >= .10         2               2.6    -0.6        1
DAYS >= .50         0               0.5    -0.5        1
DAYS >= 1.00        0               0.1    -0.1        0
GREATEST
 24 HR. TOTAL    0.50   01/07 TO 01/08

SNOWFALL (INCHES)
RECORDS
 TOTAL           30.5   1962
                        0
                        0
TOTALS            2.8               4.6    -1.8      2.3
SINCE 7/1         5.3              10.8    -5.5      5.4
SNOWDEPTH AVG.      0                 2      -2        0
DAYS >= 1.0         1               1.6    -0.6        0
GREATEST
 SNOW DEPTH         2   01/18                          1  01/31
                        01/17                             01/08
                                                          01/07
 24 HR TOTAL      1.6   MM

DEGREE_DAYS
HEATING TOTAL    1091              1122     -31     1038
 SINCE 7/1       2614              3164    -550     3102
COOLING TOTAL       0                 0       0        0
 SINCE 1/1          0                 0       0        0
.................................................................

WIND (MPH)
AVERAGE WIND SPEED              9.8
HIGHEST WIND SPEED/DIRECTION    28/210    DATE  01/14
HIGHEST GUST SPEED/DIRECTION    36/210    DATE  01/14

SKY COVER
POSSIBLE SUNSHINE (PERCENT)   MM
AVERAGE SKY COVER           0.60
NUMBER OF DAYS FAIR           10
NUMBER OF DAYS PC             11
NUMBER OF DAYS CLOUDY         10

AVERAGE RH (PERCENT)     74

WEATHER CONDITIONS. NUMBER OF DAYS WITH
THUNDERSTORM              0     MIXED PRECIP               0
HEAVY RAIN                0     RAIN                       2
LIGHT RAIN                4     FREEZING RAIN              0
LT FREEZING RAIN          1     HAIL                       0
HEAVY SNOW                0     SNOW                       0
LIGHT SNOW                8     SLEET                      1
FOG                      13     FOG W/VIS <= 1/4 MILE      2
HAZE                     10

-  INDICATES NEGATIVE NUMBERS.
R  INDICATES RECORD WAS SET OR TIED.
MM INDICATES DATA IS MISSING.
T  INDICATES TRACE AMOUNT.

$$
