000
CXUS42 KFFC 031513
CLMMCN


CLIMATE REPORT
NATIONAL WEATHER SERVICE PEACHTREE CITY GA
1113 AM EDT TUE MAY 3 2016

...................................

...THE MACON CLIMATE SUMMARY FOR THE MONTH OF APRIL 2016...

CLIMATE NORMAL PERIOD 1981 TO 2010
CLIMATE RECORD PERIOD 1899 TO 2016

WEATHER         OBSERVED          NORMAL  DEPART  LAST YEAR`S
                 VALUE   DATE(S)  VALUE   FROM    VALUE  DATE(S)
                                          NORMAL
................................................................
TEMPERATURE (F)
RECORD
 HIGH              96   04/27/1986
 LOW               28   04/08/2007
HIGHEST            90   04/30        96      -6       88  04/08
                        04/29
LOWEST             35   04/10        29       6       40  04/05
AVG. MAXIMUM     76.1              76.8    -0.7     77.4
AVG. MINIMUM     51.6              50.1     1.5     56.5
MEAN             63.8              63.4     0.4     66.9
DAYS MAX >= 90      2               0.6     1.4        0
DAYS MAX <= 32      0               0.0     0.0        0
DAYS MIN <= 32      0               0.4    -0.4        0
DAYS MIN <= 0       0               0.0     0.0        0

PRECIPITATION (INCHES)
RECORD
 MAXIMUM         7.46   2014
 MINIMUM         1.03   2012
TOTALS           7.63R             2.96    4.67
DAILY AVG.       0.26              0.10    0.16     0.21
DAYS >= .01        11               7.7     3.3       17
DAYS >= .10         8               5.1     2.9       10
DAYS >= .50         2               2.3    -0.3        7
DAYS >= 1.00        1               0.9     0.1        1
GREATEST
 24 HR. TOTAL    5.42   04/01 TO 04/01           04/25 TO 04/25
                                                          04/30 TO 04/30
                                                          04/30 TO 04/30

SNOWFALL (INCHES)
RECORDS
 TOTAL             MM   MM
 24 HR TOTAL       MM
 SNOW DEPTH         0   MM
TOTALS            0.0               0.0     0.0      0.0
SINCE 7/1           T               0.7    -0.7      0.0
SNOWDEPTH AVG.      0                MM      MM        0
DAYS >= TRACE       0               0.0     0.0        0
DAYS >= 1.0         0               0.0     0.0        0
GREATEST
 24 HR TOTAL      0.0   04/30 TO 04/30           04/30 TO 04/30
                                                          04/30 TO 04/30
                                                          04/30 TO 04/30

DEGREE_DAYS
HEATING TOTAL      94               110     -16       44
 SINCE 7/1       1787              2307    -520     2465
COOLING TOTAL      67                63       4      112
 SINCE 1/1        120                84      36      124
.................................................

WIND (MPH)
AVERAGE WIND SPEED              6.0
HIGHEST WIND SPEED/DIRECTION    29/290    DATE  04/07
HIGHEST GUST SPEED/DIRECTION    38/290    DATE  04/07

SKY COVER
POSSIBLE SUNSHINE (PERCENT)    0
AVERAGE SKY COVER           0.30
NUMBER OF DAYS FAIR           20
NUMBER OF DAYS PC              6
NUMBER OF DAYS CLOUDY          3

AVERAGE RH (PERCENT)     65

WEATHER CONDITIONS. NUMBER OF DAYS WITH
THUNDERSTORM              0     MIXED PRECIP               0
HEAVY RAIN                3     RAIN                       8
LIGHT RAIN               10     FREEZING RAIN              0
LT FREEZING RAIN          0     HAIL                       0
HEAVY SNOW                0     SNOW                       0
LIGHT SNOW                0     SLEET                      0
FOG                      19     FOG W/VIS <= 1/4 MILE      3
HAZE                      3

-  INDICATES NEGATIVE NUMBERS.
R  INDICATES RECORD WAS SET OR TIED.
MM INDICATES DATA IS MISSING.
T  INDICATES TRACE AMOUNT.

$$
