000
CXUS42 KFFC 020240
CLMMCN


CLIMATE REPORT
NATIONAL WEATHER SERVICE PEACHTREE CITY GA
1039 PM EDT MON JUN 1 2015

...................................

...THE MACON CLIMATE SUMMARY FOR THE MONTH OF MAY 2015...

CLIMATE NORMAL PERIOD 1981 TO 2010
CLIMATE RECORD PERIOD 1899 TO 2015

WEATHER         OBSERVED          NORMAL  DEPART  LAST YEAR`S
                 VALUE   DATE(S)  VALUE   FROM    VALUE  DATE(S)
                                          NORMAL
................................................................
TEMPERATURE (F)
RECORD
 HIGH              99   05/28/1967
                        05/31/1953
                        05/27/1953
 LOW               40   05/05/1997
                        05/04/1971
                        05/12/1969
HIGHEST            93   05/31        98      -5       93  05/23
LOWEST             45   05/02        40       5       43  05/17
AVG. MAXIMUM     87.0              84.6     2.4     85.0
AVG. MINIMUM     58.9              59.2    -0.3     57.8
MEAN             73.0              71.9     1.1     71.4
DAYS MAX >= 90      9               5.6     3.4        7
DAYS MAX <= 32      0               0.0     0.0        0
DAYS MIN <= 32      0               0.0     0.0        0
DAYS MIN <= 0       0               0.0     0.0        0

PRECIPITATION (INCHES)
RECORD
 MAXIMUM        11.77   1957
 MINIMUM            T   2007
TOTALS           1.15              2.72   -1.57
DAILY AVG.       0.04              0.09   -0.05     0.10
DAYS >= .01         2               7.8    -5.8        9
DAYS >= .10         2               4.9    -2.9        5
DAYS >= .50         1               1.6    -0.6        3
DAYS >= 1.00        0               0.6    -0.6        1
GREATEST
 24 HR. TOTAL    0.80   05/18 TO 05/18           05/14 TO 05/15
                        05/17 TO 05/18                    05/31 TO 05/31
                        05/18 TO 05/18                    05/31 TO 05/31

DEGREE_DAYS
HEATING TOTAL       6                15      -9       18
 SINCE 7/1       2471              2322     149     2626
COOLING TOTAL     261               229      32      225
 SINCE 1/1        385               313      72      278
..................................................

WIND (MPH)
AVERAGE WIND SPEED              4.4
HIGHEST WIND SPEED/DIRECTION    28/260    DATE  05/26
HIGHEST GUST SPEED/DIRECTION    39/260    DATE  05/18

SKY COVER
POSSIBLE SUNSHINE (PERCENT)   MM
AVERAGE SKY COVER           0.20
NUMBER OF DAYS FAIR           28
NUMBER OF DAYS PC              3
NUMBER OF DAYS CLOUDY          0

AVERAGE RH (PERCENT)     68

WEATHER CONDITIONS. NUMBER OF DAYS WITH
THUNDERSTORM              0     MIXED PRECIP               0
HEAVY RAIN                2     RAIN                       2
LIGHT RAIN                3     FREEZING RAIN              0
LT FREEZING RAIN          0     HAIL                       0
HEAVY SNOW                0     SNOW                       0
LIGHT SNOW                0     SLEET                      0
FOG                      20     FOG W/VIS <= 1/4 MILE      2
HAZE                      5

-  INDICATES NEGATIVE NUMBERS.
R  INDICATES RECORD WAS SET OR TIED.
MM INDICATES DATA IS MISSING.
T  INDICATES TRACE AMOUNT.

$$
