000
CXUS52 KMLB 011931 CCA
CLMMCO

CLIMATE REPORT
NATIONAL WEATHER SERVICE MELBOURNE FL
852 AM EDT FRI SEP 1 2017

...................................

...THE ORLANDO  AREA CLIMATE SUMMARY FOR THE MONTH OF AUGUST 2017...

CLIMATE NORMAL PERIOD 1981 TO 2010
CLIMATE RECORD PERIOD 1892 TO 2017

WEATHER         OBSERVED          NORMAL  DEPART  LAST YEAR`S
                 VALUE   DATE(S)  VALUE   FROM    VALUE  DATE(S)
                                          NORMAL
................................................................
TEMPERATURE (F)
MONTHLY RECORD
 HOTTEST         85.4   1903
 COLDEST         77.8   1893
DAILY RECORD
 HIGH             101   08/16/1918
                        08/18/1916
 LOW               63   08/22/1930
                        08/10/1893
AUGUST 2017
HIGHEST            94   08/31                         97
                        08/22
                        08/08
                        08/05
LOWEST             72   08/30                         70
                        08/19
AVG. MAXIMUM     91.5              91.6    -0.1     91.8
AVG. MINIMUM     74.7              74.1     0.6     75.4
MEAN             83.1              82.8     0.3     83.6
DAYS MAX >= 90     24              23.3     0.7       26
DAYS MAX <= 32      0               0.0     0.0        0
DAYS MIN <= 32      0               0.0     0.0        0
DAYS MIN <= 0       0               0.0     0.0        0

PRECIPITATION (INCHES)
MONTHLY RECORD
 MAXIMUM        17.13   1903
 MINIMUM         1.24   1934
DAILY RECORD
 MAXIMUM         4.88   08/09/1928
AUGUST 2017
TOTALS           5.99              7.13   -1.14     9.90
DAYS >= .01        14              16.6    -2.6       20
DAYS >= .10        10              11.4    -1.4       13
DAYS >= .50         5               4.2     0.8        6
DAYS >= 1.00        2               2.2    -0.2        3
GREATEST
 24 HR. TOTAL    1.23   08/17 TO 08/17

SNOWFALL (INCHES)
TOTALS            0.0               0.0     0.0      0.0
SINCE 7/1         0.0               0.0     0.0      0.0
DAYS >= TRACE       0                                  0

DEGREE_DAYS
HEATING TOTAL       0                 0       0        0
 SINCE 7/1          0                 0       0        0
COOLING TOTAL     570               553      17      585
 SINCE 1/1       2598              2393     205     2673
.................................................................

WIND (MPH)
AVERAGE WIND SPEED              6.2
HIGHEST WIND SPEED/DIRECTION    39/170    DATE  08/05
HIGHEST GUST SPEED/DIRECTION    52/140    DATE  08/05

SKY COVER
POSSIBLE SUNSHINE (PERCENT)   MM
AVERAGE SKY COVER           0.60
NUMBER OF DAYS FAIR            2
NUMBER OF DAYS PC             18
NUMBER OF DAYS CLOUDY         11

AVERAGE RH (PERCENT)     78

WEATHER CONDITIONS. NUMBER OF DAYS WITH
THUNDERSTORM             18     MIXED PRECIP               0
HEAVY RAIN                9     RAIN                       9
LIGHT RAIN               19     LT FREEZING RAIN           0
HAIL                      0     LIGHT SNOW                 0
SLEET                     0     FOG                       12
FOG W/VIS <= 1/4 MILE     1     HAZE                       1

-  INDICATES NEGATIVE NUMBERS.
R  INDICATES RECORD WAS SET OR TIED.
MM INDICATES DATA IS MISSING.
T  INDICATES TRACE AMOUNT.

$$

RODRIGUEZ
MLBCLMMCO 000
TTAA00 KMLB 011838


CLIMATE REPORT- CORRECTED
NATIONAL WEATHER SERVICE MELBOURNE FL
331 PM EDT FRI SEP 1 2017

...................................

...THE ORLANDO INTERNATIONAL CLIMATE SUMMARY FOR THE SUMMER SEASON, FROM
6/1/2017 TO 8/31/2017...

CLIMATE NORMAL PERIOD 1981 TO 2010
CLIMATE RECORD PERIOD 1892 TO 2017

WEATHER         OBSERVED          NORMAL  DEPART  LAST YEAR`S
                 VALUE   DATE(S)  VALUE   FROM    VALUE  DATE(S)
                                          NORMAL
................................................................
TEMPERATURE (F)
MONTHLY RECORDS
 WARMEST         84.9   1903
 COLDEST         77.6   1893
DAILY RECORD
 HIGH             101   07/02/1998
                        07/28/1936
                        06/06/1927
 LOW               53   06/01/1984

SUMMER 2017
HIGHEST            95   07/06                         98
LOWEST             68   06/28                         68
                        06/09
AVG. MAXIMUM     90.2              91.4    -1.2     92.8
AVG. MINIMUM     73.2              73.2     0.0     74.9
MEAN             81.7              82.3    -0.6     83.8
DAYS MAX >= 90     60              64.6    -4.6       79
DAYS MAX <= 32      0               0.0     0.0        0
DAYS MIN <= 32      0               0.0     0.0        0
DAYS MIN <= 0       0               0.0                0

PRECIPITATION (INCHES)
SUMMER RECORDS
 MAXIMUM        34.19   2002
 MINIMUM        12.35   1895
SUMMER 2017
TOTALS          22.03             21.98    0.05    21.60
DAYS >= .01        54              48.5     5.5       49
DAYS >= .10        36              33.5     2.5       29
DAYS >= .50        17              14.6     2.4       16
DAYS >= 1.00        5               6.6    -1.6        6
GREATEST
 24 HR. TOTAL    3.09   07/17 TO 07/17

SNOWFALL (INCHES)
TOTALS            0.0               0.0     0.0      0.0
SINCE 7/1         0.0               0.0     0.0      0.0
DAYS >= TRACE       0                                  0

DEGREE_DAYS
HEATING TOTAL       0                 0       0        0
COOLING TOTAL    1562              1592     -30     1758
.................................................................

WIND (MPH)
AVERAGE WIND SPEED              6.0
HIGHEST WIND SPEED/DIRECTION    39/170    DATE  08/05
HIGHEST GUST SPEED/DIRECTION    52/140    DATE  08/05

SKY COVER
POSSIBLE SUNSHINE (PERCENT)   MM
AVERAGE SKY COVER           0.60
NUMBER OF DAYS FAIR            4
NUMBER OF DAYS PC             54
NUMBER OF DAYS CLOUDY         34

AVERAGE RH (PERCENT)     79

WEATHER CONDITIONS. NUMBER OF DAYS WITH
THUNDERSTORM             69     MIXED PRECIP               0
HEAVY RAIN               29     RAIN                      32
LIGHT RAIN               68     LT FREEZING RAIN           0
HAIL                      0     LIGHT SNOW                 0
SLEET                     0     FOG                       52
FOG W/VIS <= 1/4 MILE     2     HAZE                       3

-  INDICATES NEGATIVE NUMBERS.
R  INDICATES RECORD WAS SET OR TIED.
MM INDICATES DATA IS MISSING.
T  INDICATES TRACE AMOUNT.

$$

RODRIGUEZ
