000
CXUS52 KMLB 011954
CLMMCO

CLIMATE REPORT
NATIONAL WEATHER SERVICE MELBOURNE FL
254 PM EST SUN MAR 1 2015

...................................

...THE ORLANDO  AREA CLIMATE SUMMARY FOR THE MONTH OF FEBRUARY 2015...

CLIMATE NORMAL PERIOD 1981 TO 2010
CLIMATE RECORD PERIOD 1892 TO 2015

WEATHER         OBSERVED          NORMAL  DEPART  LAST YEAR`S
                 VALUE   DATE(S)  VALUE   FROM    VALUE  DATE(S)
                                          NORMAL
................................................................
TEMPERATURE (F)
MONTHLY RECORD
 HOTTEST          69.7  1949
 COLDEST          52.4  1958

DAILY RECORD
 HIGH              90   02/25/1962
                        02/24/1962
                        02/15/1935
 LOW               19   02/07/1895

FEBRUARY 2015
HIGHEST            84   02/23                         87
LOWEST             33   02/20                         37
AVG. MAXIMUM     70.5              73.9    -3.4     76.9
AVG. MINIMUM     49.7              52.1    -2.4     54.8
MEAN             60.1              63.0    -2.9     65.8
DAYS MAX >= 90      0               0.0     0.0        0
DAYS MAX <= 32      0               0.0     0.0        0
DAYS MIN <= 32      0               0.3    -0.3        0
DAYS MIN <= 0       0               0.0     0.0        0

PRECIPITATION (INCHES)
MONTHLY RECORD
 MAXIMUM         8.74   1998
 MINIMUM         0.06   1911

DAILY RECORD
 MAXIMUM         3.55   3/3/1970
FEBRUARY 2015
TOTALS           4.58              2.38    2.20     2.12
DAYS >= .01         8               6.8     1.2       12
DAYS >= .10         7               4.1     2.9        6
DAYS >= .50         5               1.6     3.4        1
DAYS >= 1.00        1               0.6     0.4        0
GREATEST
 24 HR. TOTAL    1.52   02/05 TO 02/05
                        02/04 TO 02/05
                        02/05 TO 02/05

SNOWFALL (INCHES)
TOTALS            0.0               0.0     0.0      0.0
SINCE 7/1         0.0               0.0     0.0      0.0
DAYS >= TRACE       0                                  0

DEGREE_DAYS
HEATING TOTAL     153               115      38       73
 SINCE 7/1        470               499     -29      364
COOLING TOTAL      22                59     -37      105
 SINCE 1/1         74               104     -30      150
.................................................................

WIND (MPH)
AVERAGE WIND SPEED              9.2
HIGHEST WIND SPEED/DIRECTION    30/260    DATE  02/26
HIGHEST GUST SPEED/DIRECTION    37/280    DATE  02/26

SKY COVER
POSSIBLE SUNSHINE (PERCENT)   MM
AVERAGE SKY COVER           0.50
NUMBER OF DAYS FAIR            9
NUMBER OF DAYS PC             13
NUMBER OF DAYS CLOUDY          6

AVERAGE RH (PERCENT)     70

WEATHER CONDITIONS. NUMBER OF DAYS WITH
THUNDERSTORM              1     MIXED PRECIP               0
HEAVY RAIN                2     RAIN                       7
LIGHT RAIN               12     LT FREEZING RAIN           0
HAIL                      0     LIGHT SNOW                 0
SLEET                     0     FOG                       12
FOG W/VIS <= 1/4 MILE     0     HAZE                       1

-  INDICATES NEGATIVE NUMBERS.
R  INDICATES RECORD WAS SET OR TIED.
MM INDICATES DATA IS MISSING.
T  INDICATES TRACE AMOUNT.

=========================================================

...THE ORLANDO INTERNATIONAL CLIMATE SUMMARY FOR THE WINTER SEASON, FROM
12/1/2014 TO 2/28/2015...

CLIMATE NORMAL PERIOD 1981 TO 2010
CLIMATE RECORD PERIOD 1892 TO 2015

WEATHER         OBSERVED          NORMAL  DEPART  LAST YEAR`S
                 VALUE   DATE(S)  VALUE   FROM    VALUE  DATE(S)
                                          NORMAL
................................................................
TEMPERATURE (F)
WINTER RECORDS
 WARMEST         68.1   1932
 COLDEST         54.9   1958

DAILY RECORD
 HIGH              95   12/01/1922
 LOW               18   12/28/1894

WINTER 2014-2015
HIGHEST            85   01/04                         87
                        01/03
                        12/24
LOWEST             33   02/20                         30
AVG. MAXIMUM     72.5              72.6    -0.1     74.9
AVG. MINIMUM     52.2              51.2     1.0     53.4
MEAN             62.5              61.9     0.6     64.1
DAYS MAX >= 90      0               0.0     0.0        0
DAYS MAX <= 32      0               0.0     0.0        0
DAYS MIN <= 32      0               2.3    -2.3        1
DAYS MIN <= 0       0               0.0                0

PRECIPITATION (INCHES)
WINTER RECORDS
 MAXIMUM        23.36   1998
 MINIMUM         0.17   1907

WINTER 2014-2015
TOTALS           9.69              7.31    2.38     5.31
DAYS >= .01        23              20.0     3.0       31
DAYS >= .10        15              11.4     3.6       14
DAYS >= .50         6               4.8     1.2        2
DAYS >= 1.00        2               2.0     0.0        0
GREATEST
 24 HR. TOTAL    3.02   01/11 TO 01/12

SNOWFALL (INCHES)
TOTALS            0.0               0.0     0.0      0.0
SINCE 7/1         0.0               0.0     0.0      0.0
DAYS >= TRACE       0                                  0

DEGREE_DAYS
HEATING TOTAL     388               452     -64      341
COOLING TOTAL     173               173       0      283
.................................................................

WIND (MPH)
AVERAGE WIND SPEED              8.1
HIGHEST WIND SPEED/DIRECTION    33/280    DATE  01/26
HIGHEST GUST SPEED/DIRECTION    41/280    DATE  01/26

SKY COVER
POSSIBLE SUNSHINE (PERCENT)   MM
AVERAGE SKY COVER           0.60
NUMBER OF DAYS FAIR           20
NUMBER OF DAYS PC             47
NUMBER OF DAYS CLOUDY         23

AVERAGE RH (PERCENT)     73

WEATHER CONDITIONS. NUMBER OF DAYS WITH
THUNDERSTORM              3     MIXED PRECIP               0
HEAVY RAIN                5     RAIN                      12
LIGHT RAIN               34     LT FREEZING RAIN           0
HAIL                      0     LIGHT SNOW                 0
SLEET                     0     FOG                       47
FOG W/VIS <= 1/4 MILE     8     HAZE                       5

-  INDICATES NEGATIVE NUMBERS.
R  INDICATES RECORD WAS SET OR TIED.
MM INDICATES DATA IS MISSING.
T  INDICATES TRACE AMOUNT.

$$
