380
CXUS54 KMEG 052131
CLMMEG


CLIMATE REPORT
NATIONAL WEATHER SERVICE MEMPHIS TN
427 PM CDT WED JUL 5 2017

...................................

...THE MEMPHIS/GERMANTOWN WFO CLIMATE SUMMARY FOR THE MONTH OF JUNE 2017...

CLIMATE NORMAL PERIOD 1981 TO 2010
CLIMATE RECORD PERIOD 1988 TO 2017

WEATHER         OBSERVED          NORMAL  DEPART  LAST YEAR`S
                 VALUE   DATE(S)  VALUE   FROM    VALUE  DATE(S)
                                          NORMAL
................................................................
TEMPERATURE (F)
RECORD
 HIGH             102   06/29/2012
 LOW               48   06/07/2000
HIGHEST            93   06/13        MM      MM       97  06/16
LOWEST             57   06/09        MM      MM       59  06/08
AVG. MAXIMUM     87.4              87.9    -0.5     91.1
AVG. MINIMUM     67.7              67.4     0.3     70.2
MEAN             77.6              77.7    -0.1     80.6
DAYS MAX >= 90     11              12.9    -1.9       19
DAYS MAX <= 32      0               0.0     0.0        0
DAYS MIN <= 32      0               0.0     0.0        0
DAYS MIN <= 0       0               0.0     0.0        0

PRECIPITATION (INCHES)
RECORD
 MAXIMUM           MM   MM
 MINIMUM           MM   MM
TOTALS           4.08              3.68    0.40     4.11
DAILY AVG.       0.14              0.12    0.02     0.14
DAYS >= .01        12               9.0     3.0        8
DAYS >= .10         9               5.9     3.1        7
DAYS >= .50         1               2.5    -1.5        4
DAYS >= 1.00        1               1.2    -0.2        1
GREATEST
 24 HR. TOTAL    1.80   06/23 TO 06/23

SNOWFALL (INCHES)
RECORDS
 TOTAL             MM   5
TOTALS            0.0               0.0     0.0      0.0
SINCE 7/1         1.4               2.4    -1.0      0.9
SNOWDEPTH AVG.      0                MM      MM        0
DAYS >= 1.0         0               0.0     0.0        0
GREATEST
 SNOW DEPTH         0   MM                             0  MM
 24 HR TOTAL      0.0   06/30 TO 06/30

DEGREE_DAYS
HEATING TOTAL       0                 2      -2        0
 SINCE 7/1       2240              3414   -1174     2485
COOLING TOTAL     385               381       4      475
 SINCE 1/1        730               632      98      720
.................................................................



-  INDICATES NEGATIVE NUMBERS.
R  INDICATES RECORD WAS SET OR TIED.
MM INDICATES DATA IS MISSING.
T  INDICATES TRACE AMOUNT.

$$
