000
CXUS44 KBRO 012308
CLMMFE


CLIMATE REPORT
NATIONAL WEATHER SERVICE BROWNSVILLE TX
508 PM CST SUN MAR 1 2015

...................................

...THE MCALLEN CLIMATE SUMMARY FOR THE MONTH OF FEBRUARY 2015...

CLIMATE NORMAL PERIOD 1981 TO 2010
CLIMATE RECORD PERIOD 1941 TO 2015

WEATHER         OBSERVED          NORMAL  DEPART  LAST YEAR`S
                 VALUE   DATE(S)  VALUE   FROM    VALUE  DATE(S)
                                          NORMAL
................................................................
TEMPERATURE (F)
HIGHEST            88   02/21        91      -3       90  02/20
LOWEST             39   02/24        36       3       33  02/07
                        02/18
AVG. MAXIMUM     71.9              75.1    -3.2
AVG. MINIMUM     51.5              54.2    -2.7
MEAN             61.7              64.7    -3.0     62.5
DAYS MAX >= 90      0               1.4    -1.4
DAYS MAX <= 32      0               0.0     0.0
DAYS MIN <= 32      0               0.2    -0.2
DAYS MIN <= 0       0               0.0     0.0

PRECIPITATION (INCHES)
TOTALS           0.42              1.11   -0.69     0.22
DAILY AVG.       0.01              0.04   -0.03     0.01
DAYS >= .01         4               5.4    -1.4        7
DAYS >= .10         1               2.2    -1.2        1
DAYS >= .50         0               0.5    -0.5        0
DAYS >= 1.00        0               0.1    -0.1        0
GREATEST
 24 HR. TOTAL    0.37   02/03 TO 02/03           02/24 TO 02/24
                                                          02/23 TO 02/24
                                                          02/24 TO 02/24
 STORM TOTAL       MM                                 MM
 (MM/DD(HH))            MM                    02/24(00) TO 02/24(00)
                                                 02/24(00) TO 02/24(00)4
                                                 02/24(00) TO 02/24(00)4

SNOWFALL (INCHES)
RECORDS
 24 HR TOTAL       MM
TOTALS            0.0               0.0     0.0      0.0
 LIQUID EQUIV    0.00              0.00    0.00     0.00
SINCE 7/1         0.0               0.0     0.0      0.0
 LIQUID 7/1      0.00
DAYS >= TRACE       0               0.0     0.0        0
DAYS >= 1.0         0               0.0     0.0        0
GREATEST
 SNOW DEPTH         0   MM                             0  MM
 24 HR TOTAL      0.0   02/26 TO 02/26           02/28 TO 02/28
                                                          02/24 TO 02/24
                                                          02/24 TO 02/24
 STORM TOTAL       MM                                 MM
 (MM/DD(HH))            MM                    02/28(00) TO 02/28(00)
                                                 02/24(00) TO 02/24(00)4
                                                 02/24(00) TO 02/24(00)4

DEGREE_DAYS
HEATING TOTAL     155               106      49      175
 SINCE 7/1        690               533     157      776
COOLING TOTAL      68                97     -29      112
 SINCE 1/1         85               159     -74      128

FREEZE DATES
RECORD
 EARLIEST     MM
 LATEST       MM
EARLIEST                        MM
LATEST                          MM
.....................................................

WIND (MPH)
AVERAGE WIND SPEED              9.8
HIGHEST WIND SPEED/DIRECTION    32/010    DATE  02/16
HIGHEST GUST SPEED/DIRECTION    42/010    DATE  02/16

SKY COVER
POSSIBLE SUNSHINE (PERCENT)   MM
AVERAGE SKY COVER           0.60
NUMBER OF DAYS FAIR            7
NUMBER OF DAYS PC             11
NUMBER OF DAYS CLOUDY         10

AVERAGE RH (PERCENT)     73

WEATHER CONDITIONS. NUMBER OF DAYS WITH
THUNDERSTORM              0     MIXED PRECIP               0
HEAVY RAIN                1     RAIN                       1
LIGHT RAIN               11     FREEZING RAIN              0
LT FREEZING RAIN          0     HAIL                       0
HEAVY SNOW                0     SNOW                       0
LIGHT SNOW                0     SLEET                      0
FOG                      17     FOG W/VIS <= 1/4 MILE      4
HAZE                      8

-  INDICATES NEGATIVE NUMBERS.
R  INDICATES RECORD WAS SET OR TIED.
MM INDICATES DATA IS MISSING.
T  INDICATES TRACE AMOUNT.

$$
