000
CXUS54 KBMX 030147
CLMMGM


CLIMATE REPORT
NATIONAL WEATHER SERVICE BIRMINGHAM, AL
847 PM CDT TUE MAY 2 2017

...................................

...THE MONTGOMERY CLIMATE SUMMARY FOR THE MONTH OF APRIL 2017...

CLIMATE NORMAL PERIOD 1981 TO 2010
CLIMATE RECORD PERIOD 1872 TO 2017

WEATHER         OBSERVED          NORMAL  DEPART  LAST YEAR`S
                 VALUE   DATE(S)  VALUE   FROM    VALUE  DATE(S)
                                          NORMAL
................................................................
TEMPERATURE (F)
RECORD
 HIGH              94   04/30/2007
 LOW               28   04/01/1987
HIGHEST            90   04/29        MM      MM       89  04/29
                        04/28
LOWEST             38   04/08        MM      MM       43  04/09
AVG. MAXIMUM     82.9              76.6     6.3     78.8
AVG. MINIMUM     57.5              51.6     5.9     54.9
MEAN             70.2                               66.8
DAYS MAX >= 90      2               0.1     1.9        0
DAYS MAX <= 32      0               0.0     0.0        0
DAYS MIN <= 32      0               0.2    -0.2        0
DAYS MIN <= 0       0               0.0     0.0        0

PRECIPITATION (INCHES)
RECORD
 MAXIMUM        15.94   1912
 MINIMUM         0.38   1915
TOTALS           2.76              4.02   -1.26     6.62
DAILY AVG.       0.09              0.13   -0.04     0.22
DAYS >= .01         6               7.7    -1.7       10
DAYS >= .10         4               5.1    -1.1        8
DAYS >= .50         3               2.7     0.3        6
DAYS >= 1.00        1               1.3    -0.3        2

DEGREE_DAYS
HEATING TOTAL      26                99     -73       37
 SINCE 7/1       1192              2226   -1034     1484
COOLING TOTAL     188                72     116      100
 SINCE 1/1        315               101     214      186
.................................................................

WIND (MPH)
AVERAGE WIND SPEED              5.9
HIGHEST WIND SPEED/DIRECTION    37/320    DATE  04/03
HIGHEST GUST SPEED/DIRECTION    47/320    DATE  04/03

AVERAGE RH (PERCENT)     59

WEATHER CONDITIONS. NUMBER OF DAYS WITH
THUNDERSTORM              0     MIXED PRECIP               0
HEAVY RAIN                4     RAIN                       3
LIGHT RAIN                6     FREEZING RAIN              0
LT FREEZING RAIN          0     HAIL                       0
HEAVY SNOW                0     SNOW                       0
LIGHT SNOW                0     SLEET                      0
FOG                      10     FOG W/VIS <= 1/4 MILE      3
HAZE                     12

-  INDICATES NEGATIVE NUMBERS.
R  INDICATES RECORD WAS SET OR TIED.
MM INDICATES DATA IS MISSING.
T  INDICATES TRACE AMOUNT.

$$
