000
CXUS53 KTOP 011421
CLMMHK


CLIMATE REPORT
NATIONAL WEATHER SERVICE TOPEKA KS
916 AM CDT THU JUN 1 2017

...................................

...THE MANHATTAN KS CLIMATE SUMMARY FOR THE MONTH OF MAY 2017...

CLIMATE NORMAL PERIOD 1981 TO 2010
CLIMATE RECORD PERIOD 9999 TO 9999

WEATHER         OBSERVED          NORMAL  DEPART  LAST YEAR`S
                 VALUE   DATE(S)  VALUE   FROM    VALUE
                                          NORMAL
.............................................................
TEMPERATURE (F)
HIGHEST            92   05/15                         88
LOWEST             38   05/01                         39
AVG. MAXIMUM     77.7              76.1     1.6     75.8
AVG. MINIMUM     51.5              51.3     0.2     51.6
MEAN             64.6              63.7     0.9     63.7
DAYS MAX >= 90      1               1.9    -0.9        0
DAYS MAX <= 32      0               0.0     0.0        0
DAYS MIN <= 32      0               0.4    -0.4        0
DAYS MIN <= 0       0               0.0     0.0        0

PRECIPITATION (INCHES)
TOTALS           3.33              4.48   -1.15     5.88
DAILY AVG.       0.11                               0.19
DAYS >= .01        13                                 15
DAYS >= .10         6                                 10
DAYS >= .50         3                                  5
DAYS >= 1.00        1                                  2
GREATEST
 24 HR. TOTAL    1.04   05/18 TO 05/18              2.06

DEGREE_DAYS
HEATING TOTAL      94               123     -29      114
 SINCE 7/1       4169              5304   -1135     4115
COOLING TOTAL      90                83       7       82
 SINCE 1/1        134               100      34      110
..............................................................

WIND (MPH)
AVERAGE WIND SPEED              7.6
HIGHEST WIND SPEED/DIRECTION    31/220    DATE  05/17
HIGHEST GUST SPEED/DIRECTION    43/360    DATE  05/18

SKY COVER
POSSIBLE SUNSHINE (PERCENT)   MM
AVERAGE SKY COVER           0.30
NUMBER OF DAYS FAIR           19
NUMBER OF DAYS PC              8
NUMBER OF DAYS CLOUDY          4

AVERAGE RH (PERCENT)     69

WEATHER CONDITIONS. NUMBER OF DAYS WITH
THUNDERSTORM              9     MIXED PRECIP               0
HEAVY RAIN                4     RAIN                       7
LIGHT RAIN               15     FREEZING RAIN              0
LT FREEZING RAIN          0     HEAVY SNOW                 0
SNOW                      0     LIGHT SNOW                 0
FOG                      12     FOG W/VIS <= 1/4 MILE      0
HAZE                      1

-  INDICATES NEGATIVE NUMBERS.
R  INDICATES RECORD WAS SET OR TIED.
MM INDICATES DATA IS MISSING.
T  INDICATES TRACE AMOUNT.

$$
