000
CXUS52 KMFL 011227
CLMMIA


CLIMATE REPORT
NATIONAL WEATHER SERVICE MIAMI, FL
725 AM EST THU FEB 1 2018

...................................

...THE MIAMI CLIMATE SUMMARY FOR THE MONTH OF JANUARY 2018...

CLIMATE NORMAL PERIOD 1981 TO 2010
CLIMATE RECORD PERIOD 1895 TO 2018

WEATHER         OBSERVED          NORMAL  DEPART  LAST YEAR`S
                 VALUE   DATE(S)  VALUE   FROM    VALUE
                                          NORMAL
.............................................................
TEMPERATURE (F)
RECORD
 HIGH              88   01/19/1987
                        01/27/1984
 LOW               28   01/28/1940
                        01/27/1940
HIGHEST            84   01/29                         87
                        01/23
                        01/12
LOWEST             44   01/18                         51
                        01/04
AVG. MAXIMUM     75.9              76.4    -0.5     80.6
AVG. MINIMUM     60.3              59.9     0.4     64.6
MEAN             68.1              68.2    -0.1     72.6
DAYS MAX >= 90      0                                  0
DAYS MAX <= 32      0                                  0
DAYS MIN <= 32      0                                  0
DAYS MIN <= 0       0                                  0

PRECIPITATION (INCHES)
RECORD
 MAXIMUM         7.93   1926
 MINIMUM         0.00   1902
                        1898
TOTALS           1.01              1.62   -0.61     3.40
DAILY AVG.       0.03              0.05   -0.02
DAYS >= .01         8                                  8
DAYS >= .10         3                                  5
DAYS >= .50         1                                  4
DAYS >= 1.00        0                                  1
GREATEST
 24 HR. TOTAL    0.50   01/03 TO 01/03              1.20

DEGREE_DAYS
HEATING TOTAL      50                53      -3       14
 SINCE 7/1         78                90     -12       14
COOLING TOTAL     152               151       1      258
 SINCE 1/1        152               155      -3      258
..............................................................

WIND (MPH)
AVERAGE WIND SPEED              9.5
HIGHEST WIND SPEED/DIRECTION    30/080    DATE  01/27
HIGHEST GUST SPEED/DIRECTION    38/090    DATE  01/27

SKY COVER
POSSIBLE SUNSHINE (PERCENT)   MM
AVERAGE SKY COVER           0.70
NUMBER OF DAYS FAIR            3
NUMBER OF DAYS PC             16
NUMBER OF DAYS CLOUDY         12

AVERAGE RH (PERCENT)     70

WEATHER CONDITIONS. NUMBER OF DAYS WITH
THUNDERSTORM              1     MIXED PRECIP               0
HEAVY RAIN                2     RAIN                       2
LIGHT RAIN                8     FREEZING RAIN              0
LT FREEZING RAIN          0     HAIL                       0
HEAVY SNOW                0     SNOW                       0
LIGHT SNOW                0     SLEET                      0
FOG                       9     FOG W/VIS <= 1/4 MILE      0
HAZE                      3

-  INDICATES NEGATIVE NUMBERS.
R  INDICATES RECORD WAS SET OR TIED.
MM INDICATES DATA IS MISSING.
T  INDICATES TRACE AMOUNT.


..................................................................


...............DATA FOR MIAMI BEACH.....JANUARY 2018.............

...TEMPERATURE DATA...

AVERAGE FOR THE MONTH .... 67.0 OR 0.6 DEGREES BELOW NORMAL.
AVERAGE MAXIMUM .......... 74.1 OR 0.3 DEGREES ABOVE NORMAL.
AVERAGE MINIMUM .......... 59.9 OR 1.5 DEGREES BELOW NORMAL.

HIGHEST TEMPERATURE FOR THE MONTH: 83 DEGREES ON THE 27TH.
LOWEST TEMPERATURE FOR THE MONTH:  43 DEGREES ON THE 4TH AND 5TH .


...PRECIPITATION...

TOTAL FOR THE MONTH  4.53 INCHES OR 2.44  INCHES ABOVE NORMAL.
TOTAL FOR THE YEAR   4.53 INCHES OR 2.44 INCHES ABOVE NORMAL.
GREATEST 24-HOUR PERIOD RAINFALL  1.50 INCHES ON THE 3RD.

NUMBER OF DAYS HAVING 0.01 INCHES OR MORE ...  8 .
NUMBER OF DAYS HAVING 0.10 INCHES OR MORE ...  8 .
NUMBER OF DAYS HAVING 0.50 INCHES OR MORE ...  2 .
NUMBER OF DAYS HAVING 1.00 INCHES OR MORE ...  2 .


..................................................................


.........DATA FOR NWS MIAMI (WEST MIAMI).....JANUARY 2018.......

...TEMPERATURE DATA...

AVERAGE FOR THE MONTH .... 66.1 OR 0.5 DEGREES BELOW NORMAL.
AVERAGE MAXIMUM .......... 74.2 OR 1.3 DEGREES BELOW NORMAL.
AVERAGE MINIMUM .......... 57.9 OR 0.3 DEGREES ABOVE NORMAL.

HIGHEST TEMPERATURE FOR THE MONTH: 84 DEGREES ON THE 24TH.
LOWEST  TEMPERATURE FOR THE MONTH: 42 DEGREES ON THE 19TH.


...PRECIPITATION...

TOTAL FOR THE MONTH 1.34  INCHES OR 0.04  INCHES ABOVE NORMAL.
TOTAL FOR THE YEAR  1.34  INCHES  OR 0.04 INCHES ABOVE NORMAL.
GREATEST 24-HOUR PERIOD RAINFALL 0.76 INCHES ON THE 3RD.

NUMBER OF DAYS HAVING 0.01 INCHES OR MORE ...  7.
NUMBER OF DAYS HAVING 0.10 INCHES OR MORE ...  3.
NUMBER OF DAYS HAVING 0.50 INCHES OR MORE ...  1.
NUMBER OF DAYS HAVING 1.00 INCHES OR MORE ...  0.


..................................................................
$$
