000
CXUS53 KMKX 012211
CLMMKE


CLIMATE REPORT
NATIONAL WEATHER SERVICE IN MILWAUKEE
408 PM CST MON FEB 1 2016

...................................

...THE MILWAUKEE WI CLIMATE SUMMARY FOR THE MONTH OF JANUARY 2016...

CLIMATE NORMAL PERIOD 1981 TO 2010
CLIMATE RECORD PERIOD 1871 TO 2016

WEATHER         OBSERVED          NORMAL  DEPART  LAST YEAR`S
                 VALUE   DATE(S)  VALUE   FROM    VALUE  DATE(S)
                                          NORMAL
................................................................
TEMPERATURE (F)
RECORD
 HIGH              63   01/07/2008
 LOW              -26   01/17/1982
HIGHEST            46   01/30        46       0       42  01/24
                                                          01/18
                                                          01/17
LOWEST             -5   01/18        -9       4       -7  01/08
AVG. MAXIMUM     28.8              28.9    -0.1     28.4
AVG. MINIMUM     16.9              15.6     1.3     16.5
MEAN             22.8              22.3     0.5     22.5
DAYS MAX >= 90      0               0.0     0.0        0
DAYS MAX <= 32     18              18.1    -0.1       17
DAYS MIN <= 32     29              29.1    -0.1       30
DAYS MIN <= 0       5               3.7     1.3        6

PRECIPITATION (INCHES)
RECORD
 MAXIMUM         5.38   1918
 MINIMUM         0.15   1919
TOTALS           0.69              1.76   -1.07     0.91
DAILY AVG.       0.02              0.06   -0.04     0.03
DAYS >= .01         8              11.4    -3.4       10
DAYS >= .10         3               5.1    -2.1        4
DAYS >= .50         0               0.8    -0.8        0
DAYS >= 1.00        0               0.1    -0.1        0
GREATEST
 24 HR. TOTAL    0.19   01/31 TO 01/31              0.23
                        01/30 TO 01/31
                        01/31 TO 01/31

SNOWFALL (INCHES)
RECORDS
 TOTAL           52.6   5
                        0
                        -26215
TOTALS            4.9              14.7    -9.8     13.2
SINCE 7/1        21.4              28.0    -6.6     18.5
SNOWDEPTH AVG.      3                 5      -2        3
DAYS >= 1.0         2               4.5    -2.5        5
GREATEST
 SNOW DEPTH         5   01/01                          8  01/13
                                                          01/11
                                                          01/10
 24 HR TOTAL      1.6   MM                           3.2

DEGREE_DAYS
HEATING TOTAL    1298              1325     -27     1311
 SINCE 7/1       3176              3885    -709     3918
COOLING TOTAL       0                 0       0        0
 SINCE 1/1          0                 0       0        0
.................................................................

WIND (MPH)
AVERAGE WIND SPEED              9.2
HIGHEST WIND SPEED/DIRECTION    26/220    DATE  01/27
HIGHEST GUST SPEED/DIRECTION    34/290    DATE  01/12

SKY COVER
POSSIBLE SUNSHINE (PERCENT)   MM
AVERAGE SKY COVER           0.70
NUMBER OF DAYS FAIR            4
NUMBER OF DAYS PC             12
NUMBER OF DAYS CLOUDY         15

AVERAGE RH (PERCENT)     72

WEATHER CONDITIONS. NUMBER OF DAYS WITH
THUNDERSTORM              0     MIXED PRECIP               0
HEAVY RAIN                0     RAIN                       1
LIGHT RAIN                6     FREEZING RAIN              0
LT FREEZING RAIN          0     HAIL                       0
HEAVY SNOW                0     SNOW                       2
LIGHT SNOW               20     SLEET                      1
FOG                       9     FOG W/VIS <= 1/4 MILE      1
HAZE                     10

-  INDICATES NEGATIVE NUMBERS.
R  INDICATES RECORD WAS SET OR TIED.
MM INDICATES DATA IS MISSING.
T  INDICATES TRACE AMOUNT.

$$
