000
CXUS54 KMEG 022213
CLMMKL


CLIMATE REPORT
NATIONAL WEATHER SERVICE MEMPHIS TN
510 PM CDT FRI SEP 2 2016

...................................

...THE JACKSON CLIMATE SUMMARY FOR THE MONTH OF AUGUST 2016...

CLIMATE NORMAL PERIOD 1981 TO 2010
CLIMATE RECORD PERIOD 1948 TO 2016

WEATHER         OBSERVED          NORMAL  DEPART  LAST YEAR`S
                 VALUE   DATE(S)  VALUE   FROM    VALUE  DATE(S)
                                          NORMAL
................................................................
TEMPERATURE (F)
RECORD
 HIGH             106   08/16/2007
                        08/15/2007
                        00/-2/2032
 LOW               47   08/14/2004
                        08/13/2004
HIGHEST            96   08/05        90       6       98  08/04
                        08/02
LOWEST             62   08/22        67      -5       51  08/26
AVG. MAXIMUM     89.6              90.2    -0.6     88.4
AVG. MINIMUM     71.5              66.9     4.6     64.8
MEAN             80.6              78.6     2.0     76.6
DAYS MAX >= 90     18              16.3     1.7       11
DAYS MAX <= 32      0               0.0     0.0        0
DAYS MIN <= 32      0               0.0     0.0        0
DAYS MIN <= 0       0               0.0     0.0        0

PRECIPITATION (INCHES)
RECORD
 MAXIMUM        10.24   1974
 MINIMUM         0.08   1953
TOTALS           3.79              3.00    0.79     4.62
DAILY AVG.       0.12              0.10    0.02     0.15
DAYS >= .01        11               6.8     4.2        6
DAYS >= .10         8               4.5     3.5        5
DAYS >= .50         4               2.2     1.8        4
DAYS >= 1.00        1               0.9     0.1        1
GREATEST
 24 HR. TOTAL    1.32   08/18 TO 08/19

SNOWFALL (INCHES)
RECORDS
 TOTAL             MM   MM
TOTALS            0.0               0.0     0.0      0.0
SINCE 7/1         0.0               0.0     0.0      0.0
SNOWDEPTH AVG.      0                MM      MM        0
DAYS >= 1.0         0               0.0     0.0        0
GREATEST
 SNOW DEPTH         0   MM                             0  MM
 24 HR TOTAL      0.0   08/31 TO 08/31

DEGREE_DAYS
HEATING TOTAL       0                 0       0        0
 SINCE 7/1          0                 0       0        0
COOLING TOTAL     491               420      71      370
 SINCE 1/1       1629              1423     206     1562
.................................................................

WIND (MPH)
AVERAGE WIND SPEED              3.8
HIGHEST WIND SPEED/DIRECTION    28/250    DATE  08/04
HIGHEST GUST SPEED/DIRECTION    36/230    DATE  08/04

SKY COVER
POSSIBLE SUNSHINE (PERCENT)   MM
AVERAGE SKY COVER           0.30
NUMBER OF DAYS FAIR           17
NUMBER OF DAYS PC             14
NUMBER OF DAYS CLOUDY          0

AVERAGE RH (PERCENT)     80

WEATHER CONDITIONS. NUMBER OF DAYS WITH
THUNDERSTORM              0     MIXED PRECIP               0
HEAVY RAIN                8     RAIN                       6
LIGHT RAIN               14     FREEZING RAIN              0
LT FREEZING RAIN          0     HAIL                       0
HEAVY SNOW                0     SNOW                       0
LIGHT SNOW                0     SLEET                      0
FOG                      24     FOG W/VIS <= 1/4 MILE      6
HAZE                      2

-  INDICATES NEGATIVE NUMBERS.
R  INDICATES RECORD WAS SET OR TIED.
MM INDICATES DATA IS MISSING.
T  INDICATES TRACE AMOUNT.

$$
