000
CXUS51 KCAR 172008
CLMMLT


CLIMATE REPORT
NATIONAL WEATHER SERVICE CARIBOU, ME
307 PM EST TUE JAN 17 2017

...................................

...THE MILLINOCKET ME CLIMATE SUMMARY FOR THE YEAR OF 2016...

CLIMATE NORMAL PERIOD 1981 TO 2010
CLIMATE RECORD PERIOD 1903 TO 2017

WEATHER         OBSERVED          NORMAL  DEPART  LAST YEAR`S
                 VALUE   DATE(S)  VALUE   FROM    VALUE  DATE(S)
                                          NORMAL
................................................................
TEMPERATURE (F)
RECORD
 HIGH             101   06/18/1907
 LOW              -42   02/02/1962
HIGHEST            90   07/22        MM      MM       91  08/18
LOWEST            -17   12/20        MM      MM      -18  01/14
AVG. MAXIMUM     54.2              52.5     1.7     53.1
AVG. MINIMUM     34.5              32.9     1.6     33.3
MEAN             44.4              42.7     1.7     43.2
DAYS MAX >= 90      1               2.7    -1.7        3
DAYS MAX <= 32     60              71.4   -11.4       78
DAYS MIN <= 32    166             168.9    -2.9      160
DAYS MIN <= 0      17              24.8    -7.8       37

PRECIPITATION (INCHES)
RECORD
 MAXIMUM        62.31   2005
 MINIMUM         1.94   2001
TOTALS          33.52                     -9.16
DAILY AVG.       0.09              0.12   -0.03     0.12
DAYS >= .01       130                MM      MM      147
DAYS >= .10        78                MM      MM       90
DAYS >= .50        22                MM      MM       26
DAYS >= 1.00        5                MM      MM        9
GREATEST
 24 HR. TOTAL    1.66   MM                       12/31 TO 12/31
                                                          12/31 TO 12/31
                                                          12/31 TO 12/31

SNOWFALL (INCHES)
RECORDS
 TOTAL              T   2012
TOTALS             MM                MM      MM      0.0
SINCE 7/1          MM                MM      MM      0.0
SNOWDEPTH AVG.     MM                MM      MM        0
DAYS >= 1.0         0                MM      MM        0
GREATEST
 SNOW DEPTH        MM                                  0  MM
 24 HR TOTAL       MM                            12/31 TO 12/31
                                                          12/31 TO 12/31
                                                          12/31 TO 12/31

DEGREE_DAYS
HEATING TOTAL    7727              8406    -679     8164
 SINCE 7/1       2952              3165    -213     2500
COOLING TOTAL     350               268      82      400
 SINCE 1/1        350               268      82      400
..................................................

WIND (MPH)
AVERAGE WIND SPEED              5.5
HIGHEST WIND SPEED/DIRECTION    35/310    DATE  12/25
HIGHEST GUST SPEED/DIRECTION    49/310    DATE  12/25

SKY COVER
POSSIBLE SUNSHINE (PERCENT)   MM
AVERAGE SKY COVER           0.50
NUMBER OF DAYS FAIR          149
NUMBER OF DAYS PC            106
NUMBER OF DAYS CLOUDY        111

AVERAGE RH (PERCENT)     69

WEATHER CONDITIONS. NUMBER OF DAYS WITH
THUNDERSTORM              0     MIXED PRECIP               0
HEAVY RAIN               31     RAIN                      50
LIGHT RAIN              125     FREEZING RAIN              9
LT FREEZING RAIN          9     HAIL                       0
HEAVY SNOW                8     SNOW                      17
LIGHT SNOW               77     SLEET                      0
FOG                     170     FOG W/VIS <= 1/4 MILE     36
HAZE                     46

-  INDICATES NEGATIVE NUMBERS.
R  INDICATES RECORD WAS SET OR TIED.
MM INDICATES DATA IS MISSING.
T  INDICATES TRACE AMOUNT.

$$
