000
CXUS51 KCAR 010848
CLMMLT


CLIMATE REPORT
NATIONAL WEATHER SERVICE CARIBOU, ME
446 AM EDT SAT APR 1 2017

...................................

...THE MILLINOCKET ME CLIMATE SUMMARY FOR THE MONTH OF MARCH 2017...

CLIMATE NORMAL PERIOD 1981 TO 2010
CLIMATE RECORD PERIOD 1903 TO 2017

WEATHER         OBSERVED          NORMAL  DEPART  LAST YEAR`S
                 VALUE   DATE(S)  VALUE   FROM    VALUE  DATE(S)
                                          NORMAL
................................................................
TEMPERATURE (F)
RECORD
 HIGH              80   03/22/2012
 LOW              -32   03/02/1920
HIGHEST            48   03/21        MM      MM       57  03/09
LOWEST             -8   03/11        MM      MM       -7  03/04
AVG. MAXIMUM     32.2              37.9    -5.7     38.4
AVG. MINIMUM     13.3              18.1    -4.8     20.4
MEAN             22.8              28.0    -5.2     29.4
DAYS MAX >= 90      0               0.0     0.0        0
DAYS MAX <= 32     14               7.7     6.3        6
DAYS MIN <= 32     30              28.9     1.1       29
DAYS MIN <= 0       3               2.0     1.0        2

PRECIPITATION (INCHES)
RECORD
 MAXIMUM         4.62   2010
 MINIMUM         0.46   2006
TOTALS           1.58                     -1.48
DAILY AVG.       0.05              0.10   -0.05     0.10
DAYS >= .01        10                MM      MM       14
DAYS >= .10         5                MM      MM       10
DAYS >= .50         0                MM      MM        2
DAYS >= 1.00        0                MM      MM        0

SNOWFALL (INCHES)
RECORDS
 TOTAL             MM   MM
TOTALS             MM                MM      MM       MM
SINCE 7/1          MM                MM      MM       MM
SNOWDEPTH AVG.     MM                MM      MM       MM
DAYS >= 1.0         0                MM      MM        0
GREATEST
 SNOW DEPTH        MM                                 MM  MM
 24 HR TOTAL       MM                                 MM

DEGREE_DAYS
HEATING TOTAL    1301              1147     154     1096
 SINCE 7/1       6796              7199    -403     6060
COOLING TOTAL       0                 0       0        0
 SINCE 1/1          0                 0       0        0
.................................................................

WIND (MPH)
AVERAGE WIND SPEED              7.8
HIGHEST WIND SPEED/DIRECTION    31/310    DATE  03/22
HIGHEST GUST SPEED/DIRECTION    46/290    DATE  03/02

SKY COVER
POSSIBLE SUNSHINE (PERCENT)   MM
AVERAGE SKY COVER           0.50
NUMBER OF DAYS FAIR           14
NUMBER OF DAYS PC              8
NUMBER OF DAYS CLOUDY          9

AVERAGE RH (PERCENT)     63

WEATHER CONDITIONS. NUMBER OF DAYS WITH
THUNDERSTORM              0     MIXED PRECIP               0
HEAVY RAIN                0     RAIN                       3
LIGHT RAIN                5     FREEZING RAIN              0
LT FREEZING RAIN          1     HAIL                       0
HEAVY SNOW                2     SNOW                       4
LIGHT SNOW               12     SLEET                      0
FOG                      16     FOG W/VIS <= 1/4 MILE      4
HAZE                      7

-  INDICATES NEGATIVE NUMBERS.
R  INDICATES RECORD WAS SET OR TIED.
MM INDICATES DATA IS MISSING.
T  INDICATES TRACE AMOUNT.

$$
