000
CXUS56 KPQR 011631
CLMMMV


CLIMATE REPORT
NATIONAL WEATHER SERVICE PORTLAND OREGON
831 AM PST SUN MAR 1 2015

...................................

...THE MCMINNVILLE OR CLIMATE SUMMARY FOR THE MONTH OF FEBRUARY 2015...

CLIMATE NORMAL PERIOD 1981 TO 2010
CLIMATE RECORD PERIOD 1894 TO 2015

WEATHER         OBSERVED          NORMAL  DEPART  LAST YEAR`S
                 VALUE   DATE(S)  VALUE   FROM    VALUE  DATE(S)
                                          NORMAL
................................................................
TEMPERATURE (F)
HIGHEST            66                                 61  02/28
LOWEST             28                                 20  02/06
AVG. MAXIMUM     56.7              50.7     6.0     47.2
AVG. MINIMUM     41.1              34.7     6.4     35.5
MEAN             48.9              42.7     6.2     41.4
DAYS MAX >= 90      0               0.0     0.0        0
DAYS MAX <= 32      0               0.0     0.0        3
DAYS MIN <= 32      2               9.1    -7.1       10
DAYS MIN <= 0       0               0.0     0.0        0

PRECIPITATION (INCHES)
RECORD
 MAXIMUM        13.34   1949
 MINIMUM         0.02   1920
TOTALS           5.97              4.44    1.53     5.58
DAYS >= .01        12                MM      MM       15
DAYS >= .10         9                MM      MM       13
DAYS >= .50         5                MM      MM        5
DAYS >= 1.00        2                MM      MM        0
GREATEST
 24 HR. TOTAL    1.24   02/05 TO 02/06

DEGREE_DAYS
HEATING TOTAL     444               624    -180      654
 SINCE 7/1       2477              3379    -902     3425
COOLING TOTAL       0                 0       0        0
 SINCE 1/1          0                 0       0        0
.................................................................

WIND (MPH)
AVERAGE WIND SPEED              6.2
RESULTANT WIND SPEED/DIRECTION   1/010
HIGHEST WIND SPEED/DIRECTION    33/170    DATE  02/09
HIGHEST GUST SPEED/DIRECTION    43/160    DATE  02/09

SKY COVER
POSSIBLE SUNSHINE (PERCENT)   MM
AVERAGE SKY COVER           0.60

AVERAGE RH (PERCENT)     77

WEATHER CONDITIONS. NUMBER OF DAYS WITH
THUNDERSTORM              0     MIXED PRECIP               0
HEAVY RAIN                3     RAIN                       8
LIGHT RAIN               13     FREEZING RAIN              0
LT FREEZING RAIN          0     HAIL                       0
HEAVY SNOW                0     SNOW                       0
LIGHT SNOW                0     SLEET                      0
FOG                      19     FOG W/VIS <= 1/4 MILE      9
HAZE                      2

-  INDICATES NEGATIVE NUMBERS.
R  INDICATES RECORD WAS SET OR TIED.
MM INDICATES DATA IS MISSING.
T  INDICATES TRACE AMOUNT.

$$
