000
CXUS54 KMOB 190153 CCA
CLMMOB

CLIMATE REPORT...CORRECTED TEMPERATURE DATA
NATIONAL WEATHER SERVICE MOBILE AL
753 PM CST SUN JAN 18 2015

...................................

...THE MOBILE CLIMATE SUMMARY FOR THE MONTH OF DECEMBER 2014...

CLIMATE NORMAL PERIOD 1981 TO 2010
CLIMATE RECORD PERIOD 1842 TO 2015

WEATHER         OBSERVED          NORMAL  DEPART  LAST YEAR`S
                 VALUE   DATE(S)  VALUE   FROM    VALUE  DATE(S)
                                          NORMAL
................................................................
TEMPERATURE (F)
RECORD
 HIGH              81   12/07/1998
                        12/06/1998
                        12/28/1974
                        12/12/1971
 LOW                8   12/25/1983
HIGHEST            77   12/05                         80  12/06
LOWEST             32   12/25                         27  12/25
AVG. MAXIMUM     64.9              62.7     2.2     63.4
AVG. MINIMUM     44.3              42.2     2.1     42.6
MEAN             54.6              52.4     2.2     53.0
DAYS MAX >= 90      0               0.0     0.0        0
DAYS MAX <= 32      0               0.1    -0.1        0
DAYS MIN <= 32      1               5.8    -4.8        6
DAYS MIN <= 0       0               0.0     0.0        0

PRECIPITATION (INCHES)

TOTALS           5.27              5.06    0.21     7.37
DAILY AVG.       0.17              0.16    0.01     0.24
DAYS >= .01         9               9.1    -0.1       10
DAYS >= .10         8               6.3     1.7        6
DAYS >= .50         2               3.5    -1.5        3
DAYS >= 1.00        2               1.6     0.4        2
GREATEST
 24 HR. TOTAL    2.60   12/27 TO 12/28

SNOWFALL (INCHES)

TOTALS            0.0                 T     0.0      0.0
SINCE 7/1         0.0                 T     0.0      0.0
SNOWDEPTH AVG.      0                                  0
DAYS >= 1.0         0               0.0     0.0        0
GREATEST
 SNOW DEPTH         0                                  0
 24 HR TOTAL      0.0   12/31 TO 12/31

DEGREE_DAYS
HEATING TOTAL     317               404     -87      394
 SINCE 7/1        710               662      48      678
COOLING TOTAL       3                15     -12       27
 SINCE 1/1       2307              2518    -211     2522
.................................................................

WIND (MPH)
AVERAGE WIND SPEED              6.7
HIGHEST WIND SPEED/DIRECTION    21/010    DATE  12/06
HIGHEST GUST SPEED/DIRECTION    27/300    DATE  12/23

SKY COVER
POSSIBLE SUNSHINE (PERCENT)   MM
AVERAGE SKY COVER           0.60
NUMBER OF DAYS FAIR            8
NUMBER OF DAYS PC             13
NUMBER OF DAYS CLOUDY         10

AVERAGE RH (PERCENT)     79

WEATHER CONDITIONS. NUMBER OF DAYS WITH
THUNDERSTORM              3     MIXED PRECIP               0
HEAVY RAIN                8     RAIN                       4
LIGHT RAIN               11     FREEZING RAIN              0
LT FREEZING RAIN          0     HAIL                       0
HEAVY SNOW                0     SNOW                       0
LIGHT SNOW                0     SLEET                      0
FOG                      23     FOG W/VIS <= 1/4 MILE      4
HAZE                     10

-  INDICATES NEGATIVE NUMBERS.
R  INDICATES RECORD WAS SET OR TIED.
MM INDICATES DATA IS MISSING.
T  INDICATES TRACE AMOUNT.

$$
