000
CXUS54 KMOB 072323 CCA
CLMMOB

CLIMATE REPORT
NATIONAL WEATHER SERVICE MOBILE AL
830 AM CDT THU JUN 1 2017

...................................

...THE MOBILE CLIMATE SUMMARY FOR THE MONTH OF MAY 2017...

CLIMATE NORMAL PERIOD 1981 TO 2010
CLIMATE RECORD PERIOD 1842 TO 2017

WEATHER         OBSERVED          NORMAL  DEPART  LAST YEAR`S
                 VALUE   DATE(S)  VALUE   FROM    VALUE  DATE(S)
                                          NORMAL
................................................................
TEMPERATURE (F)
RECORD
 HIGH             100   05/27/1953
                        05/31/1951
 LOW               43   05/04/2013
                        05/13/1960
                        01/01/2000
HIGHEST            89   05/19        MM      MM       93  05/30
                        05/16
                        05/15
LOWEST             44   05/06        MM      MM       49  05/07
AVG. MAXIMUM     83.6              84.5    -0.9     83.8
AVG. MINIMUM     62.5              63.7    -1.2     63.2
MEAN             73.0              74.1    -1.1     73.5
DAYS MAX >= 90      0               3.0    -3.0        3
DAYS MAX <= 32      0               0.0     0.0        0
DAYS MIN <= 32      0               0.0     0.0        0
DAYS MIN <= 0       0               0.0     0.0        0

PRECIPITATION (INCHES)

TOTALS          10.88              5.14    5.74     2.66
DAILY AVG.       0.35              0.17    0.18     0.09
DAYS >= .01        11               8.1     2.9        7
DAYS >= .10         9               5.9     3.1        3
DAYS >= .50         5               3.2     1.8        1
DAYS >= 1.00        4               1.6     2.4        1
GREATEST
 24 HR. TOTAL    4.37   05/20 TO 05/20

DEGREE_DAYS
COOLING TOTAL     266               286     -20      273
 SINCE 1/1        601               445     156      459
.................................................................

WIND (MPH)
AVERAGE WIND SPEED              6.4
HIGHEST WIND SPEED/DIRECTION    31/130    DATE  05/04
HIGHEST GUST SPEED/DIRECTION    42/330    DATE  05/20

SKY COVER
POSSIBLE SUNSHINE (PERCENT)   MM
AVERAGE SKY COVER           0.40
NUMBER OF DAYS FAIR           13
NUMBER OF DAYS PC             17
NUMBER OF DAYS CLOUDY          1

AVERAGE RH (PERCENT)     71

WEATHER CONDITIONS. NUMBER OF DAYS WITH
THUNDERSTORM              0     MIXED PRECIP               0
HEAVY RAIN                8     RAIN                       9
LIGHT RAIN               14     FREEZING RAIN              0
LT FREEZING RAIN          0     HAIL                       0
HEAVY SNOW                0     SNOW                       0
LIGHT SNOW                0     SLEET                      0
FOG                      17     FOG W/VIS <= 1/4 MILE      2
HAZE                      1

-  INDICATES NEGATIVE NUMBERS.
R  INDICATES RECORD WAS SET OR TIED.
MM INDICATES DATA IS MISSING.
T  INDICATES TRACE AMOUNT.

$$
