000
CXUS53 KMKX 092122 CCB
CLMMSN

CLIMATE REPORT
NATIONAL WEATHER SERVICE IN MILWAUKEE
423 PM CDT SAT AUG 9 2014

...................................

...THE MADISON WI CLIMATE SUMMARY FOR THE MONTH OF JULY 2014...

CLIMATE NORMAL PERIOD 1981 TO 2010
CLIMATE RECORD PERIOD 1871 TO 2014

WEATHER         OBSERVED          NORMAL  DEPART  LAST YEAR`S
                 VALUE   DATE(S)  VALUE   FROM    VALUE  DATE(S)
                                          NORMAL
................................................................
TEMPERATURE (F)
RECORD
 HIGH             107   07/14/1936
 LOW               36   07/06/1965
HIGHEST            93   07/22        93       0       93  07/17
LOWEST             48   07/16        51      -3       51  07/27
                                                          07/24
AVG. MAXIMUM     79.0              81.6    -2.6     81.6
AVG. MINIMUM     58.8              61.0    -2.2     61.6
MEAN             68.9              71.3    -2.4     71.6
DAYS MAX >= 90      1               2.8    -1.8        5
DAYS MAX <= 32      0               0.0     0.0        0
DAYS MIN <= 32      0               0.0     0.0        0
DAYS MIN <= 0       0               0.0     0.0        0

PRECIPITATION (INCHES)
RECORD
 MAXIMUM        10.93   1950
 MINIMUM         0.29   1909
TOTALS           1.08              4.18   -3.10     4.00
DAILY AVG.       0.03              0.13   -0.10     0.13
DAYS >= .01         8              10.6    -2.6        8
DAYS >= .10         3               6.6    -3.6        5
DAYS >= .50         0               2.8    -2.8        3
DAYS >= 1.00        0               1.3    -1.3        2
GREATEST
 24 HR. TOTAL    0.44   07/12 TO 07/12              1.80

DEGREE_DAYS
HEATING TOTAL      13                10       3       18
 SINCE 7/1         13                10       3       18
COOLING TOTAL     143               206     -63      231
 SINCE 1/1        376               356      20      421
.................................................................

WIND (MPH)
AVERAGE WIND SPEED              6.6
HIGHEST WIND SPEED/DIRECTION    28/340    DATE  07/27
HIGHEST GUST SPEED/DIRECTION    33/320    DATE  07/29

SKY COVER
POSSIBLE SUNSHINE (PERCENT)   MM
AVERAGE SKY COVER           0.50
NUMBER OF DAYS FAIR            7
NUMBER OF DAYS PC             21
NUMBER OF DAYS CLOUDY          3

AVERAGE RH (PERCENT)     68

WEATHER CONDITIONS. NUMBER OF DAYS WITH
THUNDERSTORM              4     MIXED PRECIP               0
HEAVY RAIN                2     RAIN                       2
LIGHT RAIN                8     FREEZING RAIN              0
LT FREEZING RAIN          0     HAIL                       0
HEAVY SNOW                0     SNOW                       0
LIGHT SNOW                0     SLEET                      0
FOG                       8     FOG W/VIS <= 1/4 MILE      2
HAZE                      3

-  INDICATES NEGATIVE NUMBERS.
R  INDICATES RECORD WAS SET OR TIED.
MM INDICATES DATA IS MISSING.
T  INDICATES TRACE AMOUNT.

&&

THIS WAS THE 7TH DRIEST JULY ON RECORD.

$$
