000
CXUS53 KMKX 011306
CLMMSN


CLIMATE REPORT
NATIONAL WEATHER SERVICE IN MILWAUKEE
658 AM CST THU FEB 1 2018

...................................

...THE MADISON WI CLIMATE SUMMARY FOR THE MONTH OF JANUARY 2018...

CLIMATE NORMAL PERIOD 1981 TO 2010
CLIMATE RECORD PERIOD 1871 TO 2018

WEATHER         OBSERVED          NORMAL  DEPART  LAST YEAR`S
                 VALUE   DATE(S)  VALUE   FROM    VALUE  DATE(S)
                                          NORMAL
................................................................
TEMPERATURE (F)
RECORD
 HIGH              58   01/06/1880
 LOW              -37   01/30/1951
HIGHEST            51   01/11        44       7       45  01/21
LOWEST            -13   01/01       -14       1       -5  01/06
AVG. MAXIMUM     28.5              26.4     2.1     29.5
AVG. MINIMUM     11.8              11.1     0.7     17.9
MEAN             20.1              18.8     1.3     23.7
DAYS MAX >= 90      0               0.0     0.0        0
DAYS MAX <= 32     19              20.4    -1.4       14
DAYS MIN <= 32     31              29.9     1.1       26
DAYS MIN <= 0       9               7.1     1.9        4

PRECIPITATION (INCHES)
RECORD
 MAXIMUM         3.64   1874
 MINIMUM         0.10   1903
TOTALS           1.68              1.23    0.45     2.76
DAILY AVG.       0.05              0.04    0.01     0.09
DAYS >= .01        10              10.2    -0.2       14
DAYS >= .10         4               3.8     0.2        7
DAYS >= .50         1               0.5     0.5        3
DAYS >= 1.00        1               0.1     0.9        0
GREATEST
 24 HR. TOTAL    1.12   01/22 TO 01/22              0.67

SNOWFALL (INCHES)
RECORDS
 TOTAL           31.8   5
                        0
                        -26215
TOTALS           10.2              12.9    -2.7     11.1
SINCE 7/1        14.2              30.5   -16.3     33.8
SNOWDEPTH AVG.      1                 5      -4        2
DAYS >= 1.0         3               3.6    -0.6        3
GREATEST
 SNOW DEPTH         5   01/16                          5  01/31
 24 HR TOTAL      4.5   01/15 TO 01/15               5.2

DEGREE_DAYS
HEATING TOTAL    1383              1434     -51     1273
 SINCE 7/1       4065              4313    -248     3604
COOLING TOTAL       0                 0       0        0
 SINCE 1/1          0                 0       0        0
.................................................................

WIND (MPH)
AVERAGE WIND SPEED              7.6
HIGHEST WIND SPEED/DIRECTION    28/170    DATE  01/30
HIGHEST GUST SPEED/DIRECTION    37/070    DATE  01/22

SKY COVER
POSSIBLE SUNSHINE (PERCENT)   MM
AVERAGE SKY COVER           0.50
NUMBER OF DAYS FAIR            8
NUMBER OF DAYS PC             15
NUMBER OF DAYS CLOUDY          8

AVERAGE RH (PERCENT)     74

-  INDICATES NEGATIVE NUMBERS.
R  INDICATES RECORD WAS SET OR TIED.
MM INDICATES DATA IS MISSING.
T  INDICATES TRACE AMOUNT.

$$
