000
CXUS55 KGJT 051817 CCA
CLMMTJ

CLIMATE REPORT...CORRECTED RECORD LOW
NATIONAL WEATHER SERVICE GRAND JUNCTION CO
1216 PM MDT FRI AUG 5 2016

...................................

...THE MONTROSE CO CLIMATE SUMMARY FOR THE MONTH OF JULY 2016...

CLIMATE NORMAL PERIOD 1981 TO 2010
CLIMATE RECORD PERIOD 9999 TO 9999

WEATHER         OBSERVED          NORMAL  DEPART  LAST YEAR`S
                 VALUE   DATE(S)  VALUE   FROM    VALUE  DATE(S)
                                          NORMAL
................................................................
TEMPERATURE (F)
HIGHEST            97   07/28        MM      MM       95  07/01
                        07/24
                        07/08
LOWEST             50   07/12        MM      MM       50  07/25
AVG. MAXIMUM     89.6              89.9    -0.3     85.5
AVG. MINIMUM     59.9              57.5     2.4     57.5
MEAN             74.8              73.7     1.1     71.5
DAYS MAX >= 90     19              16.9     2.1       10
DAYS MAX <= 32      0               0.0     0.0        0
DAYS MIN <= 32      0               0.0     0.0        0
DAYS MIN <= 0       0               0.0     0.0        0

PRECIPITATION (INCHES)
TOTALS           0.61              1.00   -0.39     0.69
DAILY AVG.       0.02              0.03   -0.01     0.02
DAYS >= .01         6                MM      MM       10
DAYS >= .10         3                MM      MM        2
DAYS >= .50         0                MM      MM        0
DAYS >= 1.00        0                MM      MM        0
GREATEST
 24 HR. TOTAL    0.25   07/18 TO 07/19              0.29

SNOWFALL (INCHES)
TOTALS             MM                MM      MM       MM
SINCE 7/1          MM                MM      MM       MM
SNOWDEPTH AVG.     MM                MM      MM       MM
DAYS >= 1.0         0                MM      MM       MM
GREATEST
 SNOW DEPTH        MM                                 MM  MM
 24 HR TOTAL       MM                                 MM

DEGREE_DAYS
HEATING TOTAL       1                 0       1        0
 SINCE 7/1          1                 0       1        0
COOLING TOTAL     313               270      43      209
 SINCE 1/1        542               422     120      443
.................................................................

WIND (MPH)
AVERAGE WIND SPEED              8.0
HIGHEST WIND SPEED/DIRECTION    36/160    DATE  07/20
HIGHEST GUST SPEED/DIRECTION    46/150    DATE  07/20

SKY COVER
POSSIBLE SUNSHINE (PERCENT)   MM
AVERAGE SKY COVER           0.10
NUMBER OF DAYS FAIR           26
NUMBER OF DAYS PC              4
NUMBER OF DAYS CLOUDY          1

AVERAGE RH (PERCENT)     37

WEATHER CONDITIONS. NUMBER OF DAYS WITH
THUNDERSTORM              8     MIXED PRECIP               0
HEAVY RAIN                0     RAIN                       4
LIGHT RAIN               10     FREEZING RAIN              0
LT FREEZING RAIN          0     HAIL                       0
HEAVY SNOW                0     SNOW                       0
LIGHT SNOW                0     SLEET                      0
FOG                       3     FOG W/VIS <= 1/4 MILE      0
HAZE                      1

-  INDICATES NEGATIVE NUMBERS.
R  INDICATES RECORD WAS SET OR TIED.
MM INDICATES DATA IS MISSING.
T  INDICATES TRACE AMOUNT.

$$
