000
CXUS53 KLIX 020319
CLMNEW


CLIMATE REPORT
NATIONAL WEATHER SERVICE NEW ORLEANS
911 PM CST WED MAR 1 2017

...................................

...THE NEW ORLEANS CLIMATE SUMMARY FOR THE MONTH OF FEBRUARY 2017...

CLIMATE NORMAL PERIOD 1981 TO 2010
CLIMATE RECORD PERIOD 1946 TO 2017

WEATHER         OBSERVED          NORMAL  DEPART  LAST YEAR`S
                 VALUE   DATE(S)  VALUE   FROM    VALUE  DATE(S)
                                          NORMAL
................................................................
TEMPERATURE (F)
RECORD
 HIGH              85   02/26/1972
 LOW                7   02/13/1899
HIGHEST            81   02/08        MM      MM       79  02/02
LOWEST             44   02/17        MM      MM       36  02/06
AVG. MAXIMUM     73.0              65.4     7.6     68.7
AVG. MINIMUM     55.8              48.0     7.8     49.1
MEAN             64.4              56.7     7.7     58.9
DAYS MAX >= 90      0               0.0     0.0        0
DAYS MAX <= 32      0               0.0     0.0        0
DAYS MIN <= 32      0               0.9    -0.9        0
DAYS MIN <= 0       0               0.0     0.0        0

PRECIPITATION (INCHES)
RECORD
 MAXIMUM           MM   MM
 MINIMUM           MM   MM
TOTALS           2.74              5.30   -2.56     3.72
DAILY AVG.       0.10              0.19   -0.09     0.13
DAYS >= .01         6               8.8    -2.8        6
DAYS >= .10         4               5.8    -1.8        4
DAYS >= .50         3               3.4    -0.4        3
DAYS >= 1.00        1               1.7    -0.7        2
GREATEST
 24 HR. TOTAL    1.02   02/07 TO 02/07           02/23 TO 02/23
                        02/06 TO 02/07                    02/29 TO 02/29
                        02/07 TO 02/07                    02/29 TO 02/29

SNOWFALL (INCHES)
RECORDS
 TOTAL             MM   MM
 24 HR TOTAL       MM
 SNOW DEPTH        MM   MM
TOTALS            0.0               0.0     0.0      0.0
SINCE 7/1         0.0                 T     0.0      0.0
SNOWDEPTH AVG.      0                MM      MM        0
DAYS >= TRACE       0               0.0     0.0        0
DAYS >= 1.0         0               0.0     0.0        0
GREATEST
 SNOW DEPTH         0   MM                             0  MM
 24 HR TOTAL      0.0   02/28 TO 02/28           02/29 TO 02/29
                                                          02/29 TO 02/29
                                                          02/29 TO 02/29

DEGREE_DAYS
HEATING TOTAL      75               253    -178      200
 SINCE 7/1        561              1109    -548      714
COOLING TOTAL      68                21      47       32
 SINCE 1/1        120                37      83       36
..........................................................

WIND (MPH)
AVERAGE WIND SPEED              8.3
HIGHEST WIND SPEED/DIRECTION    29/220    DATE  02/07
HIGHEST GUST SPEED/DIRECTION    38/230    DATE  02/07

SKY COVER
POSSIBLE SUNSHINE (PERCENT)   MM
AVERAGE SKY COVER           0.50
NUMBER OF DAYS FAIR            7
NUMBER OF DAYS PC             12
NUMBER OF DAYS CLOUDY          9

AVERAGE RH (PERCENT)     76

WEATHER CONDITIONS. NUMBER OF DAYS WITH
THUNDERSTORM              0     MIXED PRECIP               0
HEAVY RAIN                4     RAIN                       4
LIGHT RAIN                8     FREEZING RAIN              0
LT FREEZING RAIN          0     HAIL                       1
HEAVY SNOW                0     SNOW                       0
LIGHT SNOW                0     SLEET                      0
FOG                      18     FOG W/VIS <= 1/4 MILE      4
HAZE                      3

-  INDICATES NEGATIVE NUMBERS.
R  INDICATES RECORD WAS SET OR TIED.
MM INDICATES DATA IS MISSING.
T  INDICATES TRACE AMOUNT.

$$
