000
CXUS53 KLIX 011759
CLMNEW


CLIMATE REPORT
NATIONAL WEATHER SERVICE NEW ORLEANS
1256 PM CDT TUE JUL 1 2014

...................................

...THE NEW ORLEANS CLIMATE SUMMARY FOR THE MONTH OF JUNE 2014...

CLIMATE NORMAL PERIOD 1981 TO 2010
CLIMATE RECORD PERIOD 1946 TO 2014

WEATHER         OBSERVED          NORMAL  DEPART  LAST YEAR`S
                 VALUE   DATE(S)  VALUE   FROM    VALUE  DATE(S)
                                          NORMAL
................................................................
TEMPERATURE (F)
RECORD
 HIGH             101   06/24/2009
 LOW               50   06/01/1984
HIGHEST            93   06/20                         95  06/28
                                                          06/27
                                                          06/14
LOWEST             69   06/13                         70  06/02
AVG. MAXIMUM     89.0              89.5    -0.5     90.4
AVG. MINIMUM     74.1              73.5     0.6     75.3
MEAN             81.6              81.5     0.1     82.8
DAYS MAX >= 90     18              14.1     3.9       19
DAYS MAX <= 32      0               0.0     0.0        0
DAYS MIN <= 32      0               0.0     0.0        0
DAYS MIN <= 0       0               0.0     0.0        0

PRECIPITATION (INCHES)
RECORD
 MAXIMUM
 MINIMUM
TOTALS           8.03              8.06   -0.03     4.39
DAILY AVG.       0.27              0.27    0.00     0.15
DAYS >= .01        11              12.9    -1.9       12
DAYS >= .10         8               9.1    -1.1        8
DAYS >= .50         6               5.1     0.9        3
DAYS >= 1.00        4               3.0     1.0        1
GREATEST
 24 HR. TOTAL    2.44   05/31 TO 06/01

SNOWFALL (INCHES)
RECORDS
 TOTAL
 24 HR TOTAL
 SNOW DEPTH
TOTALS            0.0               0.0     0.0      0.0
SINCE 7/1           T                 T     0.0      0.0
SNOWDEPTH AVG.      0                                  0
DAYS >= TRACE       0               0.0     0.0        0
DAYS >= 1.0         0               0.0     0.0        0
GREATEST
 SNOW DEPTH         0                                  0
 24 HR TOTAL      0.0

DEGREE_DAYS
HEATING TOTAL       0                 0       0        0
 SINCE 7/1       1581              1280     301     1146
COOLING TOTAL     504               495       9      541
 SINCE 1/1       1027              1114     -87     1034
.................................................

WIND (MPH)
AVERAGE WIND SPEED              7.0
HIGHEST WIND SPEED/DIRECTION    35/220    DATE  06/27
HIGHEST GUST SPEED/DIRECTION    49/290    DATE  06/23

SKY COVER
POSSIBLE SUNSHINE (PERCENT)   MM
AVERAGE SKY COVER           0.60
NUMBER OF DAYS FAIR            3
NUMBER OF DAYS PC             19
NUMBER OF DAYS CLOUDY          8

AVERAGE RH (PERCENT)     74

WEATHER CONDITIONS. NUMBER OF DAYS WITH
THUNDERSTORM              0     MIXED PRECIP               0
HEAVY RAIN                7     RAIN                       5
LIGHT RAIN               12     FREEZING RAIN              0
LT FREEZING RAIN          0     HAIL                       0
HEAVY SNOW                0     SNOW                       0
LIGHT SNOW                0     SLEET                      0
FOG                      12     FOG W/VIS <= 1/4 MILE      0
HAZE                      6

-  INDICATES NEGATIVE NUMBERS.
R  INDICATES RECORD WAS SET OR TIED.
MM INDICATES DATA IS MISSING.
T  INDICATES TRACE AMOUNT.

$$
