908
CXUS51 KOKX 020015
CLMNYC

CLIMATE REPORT
NATIONAL WEATHER SERVICE NEW YORK NY
815 PM EDT THU SEP 1 2016

...................................

...THE CENTRAL PARK NY CLIMATE SUMMARY FOR THE MONTH OF AUGUST 2016...

CLIMATE NORMAL PERIOD 1981 TO 2010
CLIMATE RECORD PERIOD 1869 TO 2016

WEATHER         OBSERVED          NORMAL  DEPART  LAST YEAR`S
                 VALUE   DATE(S)  VALUE   FROM    VALUE  DATE(S)
                                          NORMAL
................................................................
TEMPERATURE (F)
RECORD
 HIGH             104   08/07/1918
 LOW               50   08/29/1986
                        08/31/1976
                        08/30/1965
HIGHEST            96   08/13        MM      MM       95  08/17
LOWEST             61   08/23        MM      MM       63  08/28
AVG. MAXIMUM     86.6              82.6     4.0     86.9
AVG. MINIMUM     71.8              67.8     4.0     71.0
MEAN             79.2              75.2     4.0     79.0
DAYS MAX >= 90      7               3.2     3.8        8
DAYS MAX <= 32      0               0.0     0.0        0
DAYS MIN <= 32      0               0.0     0.0        0
DAYS MIN <= 0       0               0.0     0.0        0

PRECIPITATION (INCHES)
RECORD
 MAXIMUM        18.95   2011
 MINIMUM         0.18   1995
TOTALS           1.97              4.44   -2.47     2.35
DAILY AVG.       0.06              0.14   -0.08     0.08
DAYS >= .01        12               9.5     2.5        6
DAYS >= .10         5               6.2    -1.2        5
DAYS >= .50         1               3.0    -2.0        1
DAYS >= 1.00        0               1.3    -1.3        1
GREATEST
 24 HR. TOTAL    1.08   07/31 TO 08/01           08/11 TO 08/11
                                                          08/31 TO 08/31
                                                          08/31 TO 08/31
 STORM TOTAL       MM                                 MM
 (MM/DD(HH))            MM                    08/11(00) TO 08/11(00)
                                                 08/31(00) TO 08/31(00)1
                                                 08/31(00) TO 08/31(00)1

DEGREE_DAYS
HEATING TOTAL       0                 2      -2        0
 SINCE 7/1          0                 2      -2        0
COOLING TOTAL     449               318     131      441
 SINCE 1/1       1232               954     278     1265
..................................................

WIND (MPH)
AVERAGE WIND SPEED              3.7
HIGHEST WIND SPEED/DIRECTION    17/240    DATE  08/17
HIGHEST GUST SPEED/DIRECTION    33/250    DATE  08/17

AVERAGE RH (PERCENT)     65

WEATHER CONDITIONS. NUMBER OF DAYS WITH
THUNDERSTORM              0     MIXED PRECIP               0
HEAVY RAIN                5     RAIN                       3
LIGHT RAIN               11     FREEZING RAIN              0
LT FREEZING RAIN          0     HAIL                       0
HEAVY SNOW                0     SNOW                       0
LIGHT SNOW                0     SLEET                      0
FOG                      11     FOG W/VIS <= 1/4 MILE      1
HAZE                      9

-  INDICATES NEGATIVE NUMBERS.
R  INDICATES RECORD WAS SET OR TIED.
MM INDICATES DATA IS MISSING.
T  INDICATES TRACE AMOUNT.

$$
