000
CXUS53 KOAX 011641
CLMOAX

CLIMATE REPORT
NATIONAL WEATHER SERVICE OMAHA NEBRASKA
1141 AM CDT THU JUN 1 2017

...................................

...THE VALLEY  NWS, NEBRASKA CLIMATE SUMMARY FOR THE MONTH OF MAY
2017...

CLIMATE NORMAL PERIOD 1981 TO 2010
CLIMATE RECORD PERIOD 1997 TO 2017

WEATHER         OBSERVED          NORMAL  DEPART  LAST YEAR`S
                 VALUE   DATE(S)  VALUE   FROM    VALUE
                                          NORMAL
.............................................................
TEMPERATURE (F)
HIGHEST            90   05/08
LOWEST             35   05/01
AVG. MAXIMUM     73.0              72.4     0.6
AVG. MINIMUM     51.7              52.0    -0.3
MEAN             62.4              62.2     0.2
DAYS MAX >= 90      1
DAYS MAX <= 32      0
DAYS MIN <= 32      0
DAYS MIN <= 0       0

PRECIPITATION (INCHES)
TOTALS           7.25
DAYS >= .01        12
DAYS >= .10         6
DAYS >= .50         5
DAYS >= 1.00        3
GREATEST
 24 HR. TOTAL    3.29   05/19 TO 05/20

SNOWFALL (INCHES)
TOTALS              TR                               0.0
 LIQUID EQUIV      MM
SINCE 7/1        11.8
SNOWDEPTH AVG.      0
DAYS >= TRACE       1
DAYS >= 1.0         0
GREATEST
 SNOW DEPTH         0
 24 HR TOTAL        T

DEGREE DAYS
HEATING TOTAL     133
 SINCE 7/1       5048
COOLING TOTAL      61
 SINCE 1/1         64
..............................................................

WIND (MPH)
HIGHEST GUST SPEED   85


WEATHER CONDITIONS. NUMBER OF DAYS WITH
THUNDERSTORM              7     MIXED PRECIP               0
HEAVY RAIN                4     RAIN                       7
LIGHT RAIN               14     FREEZING RAIN              0
LT FREEZING RAIN          0     HAIL                       1
HEAVY SNOW                0     SNOW                       0
LIGHT SNOW                0     SLEET                      0
FOG                       4     FOG W/VIS <= 1/4 MILE      0
HAZE                      0

-  INDICATES NEGATIVE NUMBERS.
R  INDICATES RECORD WAS SET OR TIED.
MM INDICATES DATA IS MISSING.
T  INDICATES TRACE AMOUNT.
>= INDICATES GREATER THAN OR EQUAL TO.
<= INDICATES LESS THAN OR EQUAL TO.

$$

KLISH
