000
CXHW52 PHFO 012133
CLMOGG


CLIMATE REPORT
NATIONAL WEATHER SERVICE HONOLULU HI
1132 AM HST FRI APR 1 2016

...................................

...THE KAHULUI HI CLIMATE SUMMARY FOR THE MONTH OF MARCH 2016...

CLIMATE NORMAL PERIOD 1981 TO 2010
CLIMATE RECORD PERIOD 1946 TO 2016

WEATHER         OBSERVED          NORMAL  DEPART  LAST YEAR`S
                 VALUE   DATE(S)  VALUE   FROM    VALUE  DATE(S)
                                          NORMAL
................................................................
TEMPERATURE (F)
RECORD
 HIGH              90   03/12/1984
                        03/26/1981
                        03/20/1952
 LOW               51   03/16/2005
HIGHEST            88   03/14        82       6       88  03/31
                        03/07
LOWEST             61   03/27        65      -4       55  03/30
                        03/03
AVG. MAXIMUM     83.0              81.4     1.6     80.3
AVG. MINIMUM     65.2              64.4     0.8     64.4
MEAN             74.1              72.9     1.2     72.4
DAYS MAX >= 90      0               0.0     0.0        0
DAYS MAX <= 32      0               0.0     0.0        0
DAYS MIN <= 32      0               0.0     0.0        0
DAYS MIN <= 0       0               0.0     0.0        0

PRECIPITATION (INCHES)
RECORD
 MAXIMUM        10.90   1967
 MINIMUM            T   2010
TOTALS           1.95              2.45   -0.50     9.61
DAILY AVG.       0.06              0.08   -0.02     0.31
DAYS >= .01         8              10.3    -2.3       13
DAYS >= .10         3               4.4    -1.4        9
DAYS >= .50         1               1.6    -0.6        7
DAYS >= 1.00        1               0.6     0.4        4
GREATEST
 24 HR. TOTAL    1.37   03/25 TO 03/25              2.26
                        03/24 TO 03/25
                        03/25 TO 03/25

SNOWFALL (INCHES)
RECORDS
 TOTAL             MM   5
TOTALS            0.0               0.0     0.0      0.0
SINCE 7/1         0.0               0.0     0.0      0.0
SNOWDEPTH AVG.      0                MM      MM        0
DAYS >= 1.0         0               0.0     0.0        0
GREATEST
 SNOW DEPTH         0   MM                             0  MM
 24 HR TOTAL      0.0   03/31 TO 03/31               0.0

DEGREE_DAYS
HEATING TOTAL       0                 0       0        0
 SINCE 7/1          0                 0       0        0
COOLING TOTAL     279               245      34      226
 SINCE 1/1        747               654      93      630
.................................................................

WIND (MPH)
AVERAGE WIND SPEED              9.9
HIGHEST WIND SPEED/DIRECTION    31/040    DATE  03/11
HIGHEST GUST SPEED/DIRECTION    40/040    DATE  03/11

SKY COVER
POSSIBLE SUNSHINE (PERCENT)   MM
AVERAGE SKY COVER           0.50
NUMBER OF DAYS FAIR            9
NUMBER OF DAYS PC             19
NUMBER OF DAYS CLOUDY          3

AVERAGE RH (PERCENT)     71

WEATHER CONDITIONS. NUMBER OF DAYS WITH
THUNDERSTORM              0     MIXED PRECIP               0
HEAVY RAIN                2     RAIN                       4
LIGHT RAIN               10     FREEZING RAIN              0
LT FREEZING RAIN          0     HAIL                       0
HEAVY SNOW                0     SNOW                       0
LIGHT SNOW                0     SLEET                      0
FOG                      15     FOG W/VIS <= 1/4 MILE      0
HAZE                     10

-  INDICATES NEGATIVE NUMBERS.
R  INDICATES RECORD WAS SET OR TIED.
MM INDICATES DATA IS MISSING.
T  INDICATES TRACE AMOUNT.

$$
