297
CXHW52 PHFO 011607
CLMOGG


CLIMATE REPORT
NATIONAL WEATHER SERVICE HONOLULU HI
605 AM HST MON MAY 1 2017

...................................

...THE KAHULUI HI CLIMATE SUMMARY FOR THE MONTH OF APRIL 2017...

CLIMATE NORMAL PERIOD 1981 TO 2010
CLIMATE RECORD PERIOD 1946 TO 2017

WEATHER         OBSERVED          NORMAL  DEPART  LAST YEAR`S
                 VALUE   DATE(S)  VALUE   FROM    VALUE  DATE(S)
                                          NORMAL
................................................................
TEMPERATURE (F)
RECORD
 HIGH              96   04/08/2005
 LOW               54   04/04/1985
HIGHEST            89   04/23        83       6       90  04/04
                        04/07
LOWEST             61   04/16        66      -5       63  04/01
AVG. MAXIMUM     85.0              82.4     2.6     85.0
AVG. MINIMUM     67.0              65.7     1.3     68.4
MEAN             75.8              74.0     1.8     76.7
DAYS MAX >= 90      0               0.0     0.0        1
DAYS MAX <= 32      0               0.0     0.0        0
DAYS MIN <= 32      0               0.0     0.0        0
DAYS MIN <= 0       0               0.0     0.0        0

PRECIPITATION (INCHES)
RECORD
 MAXIMUM        14.29   1989
 MINIMUM         0.03   2008
TOTALS           7.77              1.55    6.22     1.20
DAILY AVG.       0.26              0.05    0.21     0.04
DAYS >= .01         8               9.2    -1.2       13
DAYS >= .10         4               2.9     1.1        4
DAYS >= .50         3               0.8     2.2        1
DAYS >= 1.00        3               0.3     2.7        0
GREATEST
 24 HR. TOTAL    3.79   04/29 TO 04/29              0.53

SNOWFALL (INCHES)
RECORDS
 TOTAL             MM   5
TOTALS            0.0               0.0     0.0      0.0
SINCE 7/1         0.0               0.0     0.0      0.0
SNOWDEPTH AVG.     MM                MM      MM        0
DAYS >= 1.0         0               0.0     0.0        0
GREATEST
 SNOW DEPTH        MM                                  0  MM
 24 HR TOTAL      0.0   04/30 TO 04/30               0.0

DEGREE_DAYS
HEATING TOTAL       0                 0       0        0
 SINCE 7/1          0                 0       0        0
COOLING TOTAL     288               272      16      358
 SINCE 1/1       1004               926      78     1105
.................................................................

WIND (MPH)
AVERAGE WIND SPEED              11.5
HIGHEST WIND SPEED/DIRECTION    32/050    DATE  04/02
HIGHEST GUST SPEED/DIRECTION    42/070    DATE  04/01

SKY COVER
POSSIBLE SUNSHINE (PERCENT)   MM
AVERAGE SKY COVER             MM
NUMBER OF DAYS FAIR            0
NUMBER OF DAYS PC              0
NUMBER OF DAYS CLOUDY          0

AVERAGE RH (PERCENT)     MM

WEATHER CONDITIONS. NUMBER OF DAYS WITH
THUNDERSTORM              0     MIXED PRECIP               0
HEAVY RAIN                0     RAIN                       0
LIGHT RAIN                0     FREEZING RAIN              0
LT FREEZING RAIN          0     HAIL                       0
HEAVY SNOW                0     SNOW                       0
LIGHT SNOW                0     SLEET                      0
FOG                       8     FOG W/VIS <= 1/4 MILE      0
HAZE                      0

-  INDICATES NEGATIVE NUMBERS.
R  INDICATES RECORD WAS SET OR TIED.
MM INDICATES DATA IS MISSING.
T  INDICATES TRACE AMOUNT.

$$
