000
CXUS53 KEAX 010745
CLMOJC

STLCLMWK4 000
TTAA00 KEAX 010740


CLIMATE REPORT
NATIONAL WEATHER SERVICE KANSAS CITY/PLEASANT HILL MO
139 AM CST SUN FEB 1 2015

...................................

...THE JOHNSON COUNTY EXECUTIVE CLIMATE SUMMARY FOR THE MONTH
OF JANUARY 2015...

CLIMATE NORMAL PERIOD 1981 TO 2010
CLIMATE RECORD PERIOD 9999 TO 9999

WEATHER         OBSERVED          NORMAL  DEPART  LAST YEAR`S
                 VALUE   DATE(S)  VALUE   FROM    VALUE  DATE(S)
                                          NORMAL
................................................................
TEMPERATURE (F)
HIGHEST            74   01/28        61      13       61  01/12
LOWEST              0   01/08         2      -2       -9  01/06
                        01/07
AVG. MAXIMUM     43.6              39.1     4.5     36.7
AVG. MINIMUM     21.2              21.0     0.2     13.9
MEAN             32.4              30.1     2.3     25.3
DAYS MAX >= 90      0               0.0     0.0        0
DAYS MAX <= 32      6               8.4    -2.4       11
DAYS MIN <= 32     27              26.1     0.9       31
DAYS MIN <= 0       2               1.2     0.8        4

PRECIPITATION (INCHES)
TOTALS           0.77              1.12   -0.35     0.03
DAILY AVG.       0.02              0.04   -0.02     0.00
DAYS >= .01         4               5.6    -1.6        2
DAYS >= .10         1               2.8    -1.8        0
DAYS >= .50         1               0.6     0.4        0
DAYS >= 1.00        0               0.2    -0.2        0
GREATEST
 24 HR. TOTAL    0.61   01/31 TO 01/31

DEGREE_DAYS
HEATING TOTAL    1004              1083     -79     1222
 SINCE 7/1       2973              3048     -75     3387
COOLING TOTAL       0                 0       0        0
 SINCE 1/1          0                 0       0        0
.................................................................

WIND (MPH)
AVERAGE WIND SPEED              8.6
HIGHEST WIND SPEED/DIRECTION    32/330    DATE  01/17
HIGHEST GUST SPEED/DIRECTION    45/330    DATE  01/17

SKY COVER
POSSIBLE SUNSHINE (PERCENT)   MM
AVERAGE SKY COVER           0.30
NUMBER OF DAYS FAIR           22
NUMBER OF DAYS PC              5
NUMBER OF DAYS CLOUDY          4

AVERAGE RH (PERCENT)     64

WEATHER CONDITIONS. NUMBER OF DAYS WITH
THUNDERSTORM              0     MIXED PRECIP               0
HEAVY RAIN                0     RAIN                       0
LIGHT RAIN                5     FREEZING RAIN              0
LT FREEZING RAIN          0     HAIL                       0
HEAVY SNOW                0     SNOW                       0
LIGHT SNOW                7     SLEET                      0
FOG                      12     FOG W/VIS <= 1/4 MILE      1
HAZE                      2

-  INDICATES NEGATIVE NUMBERS.
R  INDICATES RECORD WAS SET OR TIED.
MM INDICATES DATA IS MISSING.
T  INDICATES TRACE AMOUNT.

$$
