266
CXUS53 KEAX 011317 RRA
CLMOJC

CLIMATE REPORT
NATIONAL WEATHER SERVICE KANSAS CITY/PLEASANT HILL MO
1254 AM CST SUN JAN 1 2017

...................................

...THE JOHNSON COUNTY EXECUTIVE CLIMATE SUMMARY FOR THE MONTH OF DECEMBER 2016...

CLIMATE NORMAL PERIOD 1981 TO 2010
CLIMATE RECORD PERIOD 9999 TO 9999

WEATHER         OBSERVED          NORMAL  DEPART  LAST YEAR`S
                 VALUE   DATE(S)  VALUE   FROM    VALUE  DATE(S)
                                          NORMAL
................................................................
TEMPERATURE (F)
HIGHEST            65   12/25        63       2       67  12/12
LOWEST             -8R  12/18         4     -12       18  12/30
                                                          12/29
AVG. MAXIMUM     39.9              41.0    -1.1     49.6
AVG. MINIMUM     20.9              23.8    -2.9     30.7
MEAN             30.4              32.4    -2.0     40.1
DAYS MAX >= 90      0               0.0     0.0        0
DAYS MAX <= 32      9               6.9     2.1        4
DAYS MIN <= 32     28              24.0     4.0       20
DAYS MIN <= 0       2               0.9     1.1        0

PRECIPITATION (INCHES)
TOTALS             MM              1.64      MM     3.80
DAILY AVG.         MM              0.05      MM     0.12
DAYS >= .01        MM               6.1      MM        7
DAYS >= .10        MM               3.3      MM        4
DAYS >= .50        MM               1.1      MM        2
DAYS >= 1.00        0               0.4    -0.4        2
GREATEST
 24 HR. TOTAL      MM

DEGREE_DAYS
HEATING TOTAL     996              1010     -14      762
 SINCE 7/1       1578              1965    -387     1537
COOLING TOTAL       0                 0       0        0
 SINCE 1/1       1468              1349     119     1359
.................................................................

WIND (MPH)
AVERAGE WIND SPEED              8.2
HIGHEST WIND SPEED/DIRECTION    30/250    DATE  12/25
HIGHEST GUST SPEED/DIRECTION    46/240    DATE  12/25

SKY COVER
POSSIBLE SUNSHINE (PERCENT)   MM
AVERAGE SKY COVER           0.40
NUMBER OF DAYS FAIR           19
NUMBER OF DAYS PC              4
NUMBER OF DAYS CLOUDY          8

AVERAGE RH (PERCENT)     67

WEATHER CONDITIONS. NUMBER OF DAYS WITH
THUNDERSTORM              0     MIXED PRECIP               0
HEAVY RAIN                0     RAIN                       1
LIGHT RAIN                4     FREEZING RAIN              0
LT FREEZING RAIN          1     HAIL                       0
HEAVY SNOW                0     SNOW                       1
LIGHT SNOW                4     SLEET                      0
FOG                      10     FOG W/VIS <= 1/4 MILE      5
HAZE                      5

-  INDICATES NEGATIVE NUMBERS.
R  INDICATES RECORD WAS SET OR TIED.
MM INDICATES DATA IS MISSING.
T  INDICATES TRACE AMOUNT.

$$
