000
CXUS54 KOUN 071845 CCB
CLMOKC

CLIMATE REPORT...CORRECTED
NATIONAL WEATHER SERVICE NORMAN OK
1245 PM CST WED JAN 7 2015

...................................

...THE OKLAHOMA CITY CLIMATE SUMMARY FOR THE MONTH OF DECEMBER 2014...

CLIMATE NORMAL PERIOD 1981 TO 2010
CLIMATE RECORD PERIOD 1890 TO 2015

WEATHER         OBSERVED          NORMAL  DEPART  LAST YEAR`S
                 VALUE   DATE(S)  VALUE   FROM    VALUE
                                          NORMAL
.............................................................
TEMPERATURE (F)
RECORD
 HIGH              86   12/24/1955
 LOW               -8   12/23/1989
HIGHEST            67                71      -4       69
LOWEST             16                12       4        5
AVG. MAXIMUM     49.9              50.6    -0.7     47.6
AVG. MINIMUM     35.7              30.6     5.1     25.8
MEAN             42.8              40.6     2.2     36.7
DAYS MAX >= 90      0               0.0     0.0        0
DAYS MAX <= 32      2               2.0     0.0        7
DAYS MIN <= 32      9              17.0    -8.0       25
DAYS MIN <= 0       0               0.1    -0.1        0

PRECIPITATION (INCHES)
RECORD
 MAXIMUM         8.14   1984
 MINIMUM            T   1996
TOTALS           0.84              1.88   -1.04     1.26
DAILY AVG.       0.03              0.06   -0.03     0.04
DAYS >= .01         8               5.8     2.2        5
DAYS >= .10         4               3.2     0.8        3
DAYS >= .50         0               1.4    -1.4        1
DAYS >= 1.00        0               0.5    -0.5        0
GREATEST
 24 HR. TOTAL    0.30   12/27 TO 12/27

SNOWFALL (INCHES)
TOTALS            3.5R              2.1     1.4
SINCE 7/1         6.0               2.5     3.5

DEGREE_DAYS
HEATING TOTAL     677               756     -79      868
 SINCE 7/1       1304              1355     -51     1528
..............................................................

WIND (MPH)
AVERAGE WIND SPEED              10.4
HIGHEST WIND SPEED/DIRECTION    37/200    DATE  12/25
HIGHEST GUST SPEED/DIRECTION    46/190    DATE  12/25


WEATHER CONDITIONS. NUMBER OF DAYS WITH
THUNDERSTORM              0     MIXED PRECIP               0
HEAVY RAIN                0     RAIN                       3
LIGHT RAIN               12     FREEZING RAIN              0
LT FREEZING RAIN          0     HAIL                       1
HEAVY SNOW                1     SNOW                       1
LIGHT SNOW                3     SLEET                      0
FOG                      19     FOG W/VIS <= 1/4 MILE      8
HAZE                     13

-  INDICATES NEGATIVE NUMBERS.
R  INDICATES RECORD WAS SET OR TIED.
MM INDICATES DATA IS MISSING.
T  INDICATES TRACE AMOUNT.

$$

.....................................................................
RECORD EVENTS/REMARKS

RECORD WARM MINIMUM TEMPERATURE OF 47 DEGREES SET ON THE 12TH.
RECORD DAILY SNOWFALL OF 3.5 INCHES SET ON THE 27TH.
JAN-DEC 2014 TOTAL PRECIPITATION  IS 28.52 INCHES.
$$
