314
CXUS54 KOUN 011250
CLMOKC

CLIMATE REPORT
NATIONAL WEATHER SERVICE NORMAN OK
745 AM CDT FRI SEP 1 2017

...................................

...THE OKLAHOMA CITY CLIMATE SUMMARY FOR THE MONTH OF AUGUST 2017...

CLIMATE NORMAL PERIOD 1981 TO 2010
CLIMATE RECORD PERIOD 1890 TO 2017

WEATHER         OBSERVED          NORMAL  DEPART  LAST YEAR`S
                 VALUE   DATE(S)  VALUE   FROM    VALUE
                                          NORMAL
.............................................................
TEMPERATURE (F)
RECORD
 HIGH             113   08/03/2012
                        08/11/1936
 LOW               49   08/30/1915
                        08/23/1891
HIGHEST            99               102      -3      101
LOWEST             61                60       1       57
AVG. MAXIMUM     87.0              93.4    -6.4     93.1
AVG. MINIMUM     67.7              71.3    -3.6     70.7
MEAN             77.3              82.4    -5.1     81.9
DAYS MAX >= 90     10              22.9   -12.9       25
DAYS MAX <= 32      0               0.0     0.0        0
DAYS MIN <= 32      0               0.0     0.0        0
DAYS MIN <= 0       0               0.0     0.0        0

PRECIPITATION (INCHES)
RECORD
 MAXIMUM         9.95   2008
 MINIMUM         0.00   2000
TOTALS           7.13              3.28    3.85     0.55
DAILY AVG.       0.23              0.11    0.12     0.02
DAYS >= .01        13               6.7     6.3        6
DAYS >= .10         9               4.9     4.1        1
DAYS >= .50         8               2.2     5.8        0
DAYS >= 1.00        3               1.1     1.9        0
GREATEST
 24 HR. TOTAL    1.25   08/22 TO 08/22

DEGREE_DAYS
COOLING TOTAL     390               538    -148      531
 SINCE 1/1       1571              1737    -166     1726
..............................................................

WIND (MPH)
AVERAGE WIND SPEED              8.2
HIGHEST WIND SPEED/DIRECTION    44/330    DATE  08/16
HIGHEST GUST SPEED/DIRECTION    50/330    DATE  08/16


WEATHER CONDITIONS. NUMBER OF DAYS WITH
THUNDERSTORM              0     MIXED PRECIP               0
HEAVY RAIN                8     RAIN                       9
LIGHT RAIN               13     FREEZING RAIN              0
LT FREEZING RAIN          0     HAIL                       0
HEAVY SNOW                0     SNOW                       0
LIGHT SNOW                0     SLEET                      0
FOG                      14     FOG W/VIS <= 1/4 MILE      0
HAZE                      1

-  INDICATES NEGATIVE NUMBERS.
R  INDICATES RECORD WAS SET OR TIED.
MM INDICATES DATA IS MISSING.
T  INDICATES TRACE AMOUNT.

................................................................
RECORD EVENTS/REMARKS

4TH WETTEST AUGUST ON RECORD.
THE JANUARY THROUGH AUGUST 2017 TOTAL PRECIPITATION IS 23.13 INCHES.


$$
