783
CXUS53 KOAX 011951
CLMOMA

CLIMATE REPORT
NATIONAL WEATHER SERVICE OMAHA NEBRASKA
251 PM CDT TUE AUG 1 2017

...................................

...THE OMAHA EPPLEY, NEBRASKA CLIMATE SUMMARY FOR THE MONTH OF JULY 2017...

CLIMATE NORMAL PERIOD 1981 TO 2010
CLIMATE RECORD PERIOD 1871 TO 2017

WEATHER         OBSERVED          NORMAL  DEPART
                 VALUE   DATE(S)  VALUE   FROM
                                          NORMAL
................................................
TEMPERATURE (F)
HIGHEST           103   07/21
LOWEST             60   07/24
                        07/01
AVG. MAXIMUM     90.5              87.3     3.2
AVG. MINIMUM     69.8              66.2     3.6
MEAN             80.1              76.7     3.4
DAYS MAX >= 90     16
DAYS MAX <= 32      0
DAYS MIN <= 32      0
DAYS MIN <= 0       0

PRECIPITATION (INCHES)
RECORD
 MAXIMUM        10.35   1884
 MINIMUM         0.01   2012
TOTALS           1.23              3.83   -2.60
DAILY AVG.       0.04
DAYS >= .01         8
DAYS >= .10         4
DAYS >= .50         1
DAYS >= 1.00        0
GREATEST
 24 HR. TOTAL    0.57   07/26

SNOWFALL (INCHES)
RECORDS
 TOTAL              T   2016
                        2008
                        2002
TOTALS            0.0               0.0
SINCE 7/1         0.0
DAYS >= 1.0         0
GREATEST
 SNOW DEPTH         0
 24 HR TOTAL      0.0

DEGREE DAYS
HEATING TOTAL       0                 1      -1
 SINCE 7/1          0                 1      -1
COOLING TOTAL     476               365     111
 SINCE 1/1        888               677     211
.................................................

WIND (MPH)
AVERAGE WIND SPEED              7.8
HIGHEST WIND SPEED/DIRECTION    32/220    DATE  07/12
HIGHEST GUST SPEED/DIRECTION    44/220    DATE  07/12

SKY COVER
AVERAGE SKY COVER           0.50


WEATHER CONDITIONS. NUMBER OF DAYS WITH
THUNDERSTORM              8     MIXED PRECIP               0
HEAVY RAIN                0     RAIN                       2
LIGHT RAIN               13     FREEZING RAIN              0
LT FREEZING RAIN          0     HAIL                       0
HEAVY SNOW                0     SNOW                       0
LIGHT SNOW                0     SLEET                      0
FOG                       5     FOG W/VIS <= 1/4 MILE      4
HAZE                      2

-  INDICATES NEGATIVE NUMBERS.
R  INDICATES RECORD WAS SET OR TIED.
MM INDICATES DATA IS MISSING.
T  INDICATES TRACE AMOUNT.
>= INDICATES GREATER THAN OR EQUAL TO.
<= INDICATES LESS THAN OR EQUAL TO.

&&

...JULY WAS WARMER AND DRIER THAN NORMAL IN OMAHA...

JULY WAS THE 20TH WARMEST ON RECORD, WITH AN AVERAGE TEMPERATURE OF
80.1 THAT WAS 3.4 DEGREES ABOVE NORMAL. JULY ALSO WAS THE 25TH
DRIEST ON RECORD, WITH JUST 1.23 INCHES OF RAIN.

SOME OF THE MILDEST WEATHER OF THE MONTH WAS IN THE EARLY PART OF
THE MONTH. THE COOLEST LOW TEMPERATURE OF THE MONTH WAS RECORDED ON
THE 1ST, AT 60 DEGREES, AND ONE OCCURRENCE OF THE COOLEST HIGH
TEMPERATURE OF THE MONTH WAS ON THE 7TH, AT 83 DEGREES. IN FACT, THE
LOWEST HIGH TEMPERATURE OF 83 DEGREES IS THE 6TH WARMEST ON RECORD
FOR JULY. MEASURABLE RAIN FELL IN THUNDERSTORMS ON THE 2ND AND 4TH.

WARMER TEMPERATURES ARRIVED IN EARNEST ON THE 9TH, WITH A STRETCH OF
ABOVE-NORMAL TEMPERATURES LASTING THROUGH THE 23RD. MEASURABLE RAIN
FELL IN THUNDERSTORMS ON FOUR DAYS AND WITHOUT THUNDER ONCE DURING
THAT STRETCH, BUT INDIVIDUAL DAILY AMOUNTS WERE NO HIGHER THAN 0.15
INCHES. AFTER A 4-YEAR HIATUS, THE HIGH TEMPERATURE IN OMAHA FINALLY
TOPPED 100 ON THE 21ST, HITTING A HIGH OF 103.

NEAR- NORMAL TEMPERATURES RETURNED TO END THE MONTH, ALONG WITH OVER
HALF AN INCH OF RAIN IN THUNDERSTORMS ON THE 26TH. THE COOLEST LOW
TEMPERATURE OF THE MONTH REPEATED ON THE 24TH, AT 60 DEGREES, AND
THE COOLEST HIGH REPEATED ON THE 26TH AT 83 DEGREES.


DAILY RECORDS SET IN JULY 2017:
DATE          RECORD           READING  PREVIOUS RECORD
NO RECORDS SET

$$

MAYES/JRB
