000
CXUS53 KDDC 011518
CLMP28


CLIMATE REPORT
NATIONAL WEATHER SERVICE DODGE CITY KS
917 AM CST WED MAR 1 2017

...................................

...THE MEDICINE LODGE KS CLIMATE SUMMARY FOR THE MONTH OF FEBRUARY 2017...

CLIMATE NORMAL PERIOD 1981 TO 2010
CLIMATE RECORD PERIOD 1893 TO 2017

WEATHER         OBSERVED          NORMAL  DEPART  LAST YEAR`S
                 VALUE   DATE(S)  VALUE   FROM    VALUE  DATE(S)
                                          NORMAL
................................................................
TEMPERATURE (F)
RECORD
 HIGH              91   02/23/1904
 LOW              -22   02/13/1905
HIGHEST            84   02/22        MM      MM       81  02/18
LOWEST             12   02/25        MM      MM       15  02/04
AVG. MAXIMUM     60.8              50.5    10.3     59.4
AVG. MINIMUM     30.1              25.8     4.3     28.4
MEAN             45.5              38.2     7.3     43.9
DAYS MAX >= 90      0               0.0     0.0        0
DAYS MAX <= 32      0               2.0    -2.0        0
DAYS MIN <= 32     18              21.3    -3.3       22
DAYS MIN <= 0       0               0.0     0.0        0

PRECIPITATION (INCHES)
RECORD
 MAXIMUM           MM   MM
 MINIMUM           MM   MM
TOTALS           0.22              1.04   -0.82     0.38
DAYS >= .01         4               5.4    -1.4        2
DAYS >= .10         1               2.5    -1.5        2
DAYS >= .50         0               0.8    -0.8        0
DAYS >= 1.00        0               0.0     0.0        0
GREATEST
 24 HR. TOTAL    0.12   02/13 TO 02/14           02/01 TO 02/02
                                                          02/29 TO 02/29
                                                          02/29 TO 02/29

DEGREE_DAYS
HEATING TOTAL     541               752    -211      606
 SINCE 7/1       3001              3529    -528     2889
COOLING TOTAL       0                 0       0        0
 SINCE 1/1          0                 0       0        0
..........................................................

WIND (MPH)
AVERAGE WIND SPEED              9.0
HIGHEST WIND SPEED/DIRECTION    39/360    DATE  02/23
HIGHEST GUST SPEED/DIRECTION    52/350    DATE  02/23



-  INDICATES NEGATIVE NUMBERS.
R  INDICATES RECORD WAS SET OR TIED.
MM INDICATES DATA IS MISSING.
T  INDICATES TRACE AMOUNT.

$$
