000
CXUS53 KDDC 011453
CLMP28


CLIMATE REPORT
NATIONAL WEATHER SERVICE DODGE CITY KS
948 AM CDT SAT OCT 1 2016

...................................

...THE MEDICINE LODGE KS CLIMATE SUMMARY FOR THE MONTH OF SEPTEMBER 2016...

CLIMATE NORMAL PERIOD 1981 TO 2010
CLIMATE RECORD PERIOD 1893 TO 2016

WEATHER         OBSERVED          NORMAL  DEPART  LAST YEAR`S
                 VALUE   DATE(S)  VALUE   FROM    VALUE  DATE(S)
                                          NORMAL
................................................................
TEMPERATURE (F)
RECORD
 HIGH             113   09/29/1984
 LOW               29   09/21/1983
HIGHEST            97   09/20        MM      MM      104  09/07
LOWEST             44   09/30        MM      MM       52  09/19
                        09/29
                        09/26
AVG. MAXIMUM     84.7              83.8     0.9     88.9
AVG. MINIMUM     60.4              58.6     1.8     63.9
MEAN             72.6              71.2     1.4     76.4
DAYS MAX >= 90     10               7.6     2.4       14
DAYS MAX <= 32      0               0.0     0.0        0
DAYS MIN <= 32      0               0.0     0.0        0
DAYS MIN <= 0       0               0.0     0.0        0

PRECIPITATION (INCHES)
RECORD
 MAXIMUM        13.36   1923
 MINIMUM         0.00   1939
TOTALS           7.18              2.10    5.08     1.53
DAYS >= .01         5               5.8    -0.8        7
DAYS >= .10         4               3.6     0.4        3
DAYS >= .50         3               1.3     1.7        1
DAYS >= 1.00        3               0.5     2.5        0
GREATEST
 24 HR. TOTAL    3.09   09/08 TO 09/09           09/07 TO 09/07

DEGREE_DAYS
HEATING TOTAL      22                34     -12        0
 SINCE 7/1         22                34     -12        0
COOLING TOTAL     255               220      35      347
 SINCE 1/1       1855              1731     124     1826
.................................................

WIND (MPH)
AVERAGE WIND SPEED              8.6
HIGHEST WIND SPEED/DIRECTION    38/330    DATE  09/09
HIGHEST GUST SPEED/DIRECTION    64/190    DATE  09/24



-  INDICATES NEGATIVE NUMBERS.
R  INDICATES RECORD WAS SET OR TIED.
MM INDICATES DATA IS MISSING.
T  INDICATES TRACE AMOUNT.

$$
