000
CXUS55 KPIH 011217
CLMPIH

CLIMATE REPORT
NATIONAL WEATHER SERVICE POCATELLO ID
614 AM MDT SAT JUL 1 2017

...................................

...THE POCATELLO CLIMATE SUMMARY FOR THE MONTH OF JUNE 2017...

CLIMATE NORMAL PERIOD 1981 TO 2010
CLIMATE RECORD PERIOD 1939 TO 2017

WEATHER         OBSERVED          NORMAL  DEPART  LAST YEAR`S
                 VALUE   DATE(S)  VALUE   FROM    VALUE  DATE(S)
                                          NORMAL
................................................................
TEMPERATURE (F)
RECORD
 HIGH             103   06/25/1988
                        06/19/1940
 LOW               28   06/07/1995
HIGHEST            96   06/26       103      -7       96  06/28
                                                          06/27
LOWEST             40   06/14        28      12       37  06/17
                        06/11                             06/01
                        06/06
AVG. MAXIMUM     80.3              77.8     2.5     85.2
AVG. MINIMUM     47.3              46.5     0.8     47.5
MEAN             63.8              62.1     1.7     66.3
DAYS MAX >= 90      6               2.5     3.5       12
DAYS MAX <= 32      0               0.0     0.0        0
DAYS MIN <= 32      0               0.2    -0.2        0
DAYS MIN <= 0       0               0.0     0.0        0

PRECIPITATION (INCHES)
RECORD
 MAXIMUM         4.00   2009
 MINIMUM         0.02   1974
TOTALS           1.24              0.99    0.25     0.05
DAILY AVG.       0.04              0.03    0.01     0.00
DAYS >= .01         5               6.6    -1.6        3
DAYS >= .10         4               2.6     1.4        0
DAYS >= .50         1               0.5     0.5        0
DAYS >= 1.00        0               0.0     0.0        0
GREATEST
 24 HR. TOTAL    0.64   06/13 TO 06/13              0.03

SNOWFALL (INCHES)
RECORDS
 TOTAL            0.4   1995
TOTALS            0.0                 T     0.0      0.0
SINCE 7/1        87.6              43.4    44.2     33.5
SNOWDEPTH AVG.      0                MM      MM        0
DAYS >= 1.0         0               0.0     0.0        0
GREATEST
 SNOW DEPTH         0   MM                             0  MM
 24 HR TOTAL      0.0   06/30 TO 06/30               0.0

DEGREE_DAYS
HEATING TOTAL      89               131     -42       43
 SINCE 7/1       6950              7178    -228     6392
COOLING TOTAL      61                46      15       90
 SINCE 1/1         63                51      12       90
.................................................................

WIND (MPH)
AVERAGE WIND SPEED              10.2
HIGHEST WIND SPEED/DIRECTION    51/260    DATE  06/26
HIGHEST GUST SPEED/DIRECTION    61/260    DATE  06/26

SKY COVER
POSSIBLE SUNSHINE (PERCENT)   MM
AVERAGE SKY COVER           0.20
NUMBER OF DAYS FAIR           23
NUMBER OF DAYS PC              5
NUMBER OF DAYS CLOUDY          2

AVERAGE RH (PERCENT)     55

WEATHER CONDITIONS. NUMBER OF DAYS WITH
THUNDERSTORM              4     MIXED PRECIP               0
HEAVY RAIN                0     RAIN                       2
LIGHT RAIN                9     FREEZING RAIN              0
LT FREEZING RAIN          0     HAIL                       0
HEAVY SNOW                0     SNOW                       0
LIGHT SNOW                0     SLEET                      0
FOG                       5     FOG W/VIS <= 1/4 MILE      0
HAZE                      5

-  INDICATES NEGATIVE NUMBERS.
R  INDICATES RECORD WAS SET OR TIED.
MM INDICATES DATA IS MISSING.
T  INDICATES TRACE AMOUNT.

$$
