000
CXUS53 KABR 011242
CLMPIR


CLIMATE REPORT
NATIONAL WEATHER SERVICE ABERDEEN SD
732 AM CDT SAT JUL 1 2017

...................................

...THE PIERRE SD CLIMATE SUMMARY FOR THE MONTH OF JUNE 2017...

CLIMATE NORMAL PERIOD 1981 TO 2010
CLIMATE RECORD PERIOD 1892 TO 2017

WEATHER         OBSERVED          NORMAL  DEPART  LAST YEAR`S
                 VALUE   DATE(S)  VALUE   FROM    VALUE  DATE(S)
                                          NORMAL
................................................................
TEMPERATURE (F)
RECORD
 HIGH             112   06/24/1988
 LOW               34   06/03/1998
HIGHEST           103   06/09                        102  06/24
LOWEST             43   06/25                         45  06/07
                        06/24                             06/02
AVG. MAXIMUM     84.1              80.0     4.1     86.1
AVG. MINIMUM     54.8              55.4    -0.6     57.7
MEAN             69.5              67.7     1.8     71.9
DAYS MAX >= 90      7               4.2     2.8        8
DAYS MAX <= 32      0               0.0     0.0        0
DAYS MIN <= 32      0               0.0     0.0        0
DAYS MIN <= 0       0               0.0     0.0        0

PRECIPITATION (INCHES)
RECORD
 MAXIMUM         8.31   2011
 MINIMUM         0.32   1913
TOTALS           2.60              3.57   -0.97     1.83
DAYS >= .01         8              10.7    -2.7        7
DAYS >= .10         3               6.3    -3.3        4
DAYS >= .50         2               2.4    -0.4        1
DAYS >= 1.00        1               0.8     0.2        0

SNOWFALL (INCHES)
RECORDS
 TOTAL             MM   MM
 SNOW DEPTH        MM   MM
TOTALS            0.0               0.0     0.0      0.0
SINCE 7/1        32.6              31.9     0.7     28.7
SNOWDEPTH AVG.      0                MM      MM        0
DAYS >= TRACE       0               0.0     0.0        0
DAYS >= 1.0         0               0.0     0.0        0
GREATEST
 SNOW DEPTH         0   MM                             0  MM

DEGREE_DAYS
HEATING TOTAL      24                53     -29       12
 SINCE 7/1       6808              7290    -482     6342
COOLING TOTAL     167               134      33      227
 SINCE 1/1        188               166      22      250

FREEZE DATES
RECORD
 EARLIEST     MM
 LATEST       MM
EARLIEST      10/07             MM
LATEST        04/30             MM
.................................................................

WIND (MPH)
AVERAGE WIND SPEED              11.1
RESULTANT WIND SPEED/DIRECTION   2/326
HIGHEST WIND SPEED/DIRECTION    43/230    DATE  06/27
HIGHEST GUST SPEED/DIRECTION    72/240    DATE  06/13

SKY COVER
POSSIBLE SUNSHINE (PERCENT)   MM
AVERAGE SKY COVER           0.20
NUMBER OF DAYS FAIR           26
NUMBER OF DAYS PC              4
NUMBER OF DAYS CLOUDY          0

AVERAGE RH (PERCENT)     52

WEATHER CONDITIONS. NUMBER OF DAYS WITH
THUNDERSTORM              0     MIXED PRECIP               0
HEAVY RAIN                4     RAIN                       5
LIGHT RAIN               13     FREEZING RAIN              0
LT FREEZING RAIN          0     HAIL                       0
HEAVY SNOW                0     SNOW                       0
LIGHT SNOW                0     SLEET                      0
FOG                       4     FOG W/VIS <= 1/4 MILE      0
HAZE                      2

-  INDICATES NEGATIVE NUMBERS.
R  INDICATES RECORD WAS SET OR TIED.
MM INDICATES DATA IS MISSING.
T  INDICATES TRACE AMOUNT.

$$
