000
CXZS50 NSTU 082051
CLMPPG
CLIMATE REPORT
NATIONAL WEATHER SERVICE PAGO PAGO AS
1545 PM SST WED OCT 8 2014
...THE PAGO PAGO AIRPORT CLIMATE SUMMARY FOR THE MONTH OF SEPTEMBER
2014...
CLIMATE NORMAL PERIOD 1981 TO 2010
CLIMATE RECORD PERIOD 1956 TO 2014
WEATHER ITEM OBSERVED DATES NORMAL DEPARTURE LAST YEAR
VALUE VALUE FROM VALUE DATE(S)
                                                      NORMAL
TEMPERATURE (F)
RECORD
 HIGH             92          09/04/2002
 LOW              62          09/28/1964
HIGHEST 89 09/20 85 4 88 09/30
09/16 09/27
09/05
09/03
LOWEST 76 09/24 77 -1 73 09/03
                              09/23
                              09/22
                              09/18
AVG. MAXIMUM      86.1                    85.3        0.8         85.6
AVG. MINIMUM      78.0                    76.7        1.3         77.2
MEAN              82.1                    81.0        1.1         81.4
DAYS MAX >= 90     0                       0.4       -0.4          0
DAYS MAX <= 32     0                       0.0        0.0          0
DAYS MIN <= 32     0                       0.0        0.0          0
DAYS MIN <= 0      0                       0.0        0.0          0
PRECIPITATION (INCHES)
RECORD
 MAXIMUM          18.29      1972
 MINIMUM           0.63      1987
TOTALS 2.60 7.63 -5.03 8.14
DAILY AVG. 0.09 0.25 -0.17 0.27
DAYS >= .01       18                     17.9         0.1         15
DAYS >= .10       10                     10.3        -0.3         11
DAYS >= .50        1                      4.1        -3.1          5
DAYS >= 1.00       0                      2.4        -2.4          3
GREATEST
24 HR. TOTAL 0.67 09/24 TO 25 2.08 09/01 TO 02
DEGREE DAYS
HEATING TOTAL     000                     00          00          00
SINCE 1/1         000                     00          00          00
COOLING TOTAL     520                    480          40         500
SINCE 1/1        4562                   4537          25        4709
WIND (MPH)
AVERAGE WIND SPEED 13.4
HIGHEST WIND SPEED/DIRECTION   24/090     DATE 09/26
HIGHEST GUST SPEED/DIRECTION   MM         DATE MM
SKY COVER
POSSIBLE SUNSHINE (PERCENT)    MM
AVERAGE SKY COVER               5.2
NUMBER OF DAYS FAIR            00
NUMBER OF DAYS PC              21
NUMBER OF DAYS CLOUDY          09
AVERAGE RH (PERCENT)           88
WEATHER CONDITIONS NUMBER OF DAYS WITH
THUNDERSTORM            00    MIXED PRECIP            00
HEAVY RAIN              04    RAIN                    07
LIGHT RAIN              22    FREEZING RAIN           00
LT FREEZING RAIN        00    HAIL                    00
HEAVY SNOW              00    SNOW                    00
LIGHT SNOW              00    SLEET                   00
FOG                     00    FOG W/VIS <= 1/4 MILE   00
HAZE                    00
$$
