000
CXUS53 KLOT 011131
CLMPWK


CLIMATE REPORT
NATIONAL WEATHER SERVICE CHICAGO IL
625 AM CDT MON AUG 1 2016

...................................

...THE CHICAGO EXECUTIVE CLIMATE SUMMARY FOR THE MONTH OF JULY 2016...

CLIMATE NORMAL PERIOD 1981 TO 2010
CLIMATE RECORD PERIOD 1996 TO 2016

WEATHER         OBSERVED          NORMAL  DEPART  LAST YEAR`S
                 VALUE   DATE(S)  VALUE   FROM    VALUE
                                          NORMAL
.............................................................
TEMPERATURE (F)
RECORD
 HIGH             104   07/06/2012
 LOW               50   07/02/2015
                        07/02/2001
                        07/24/2000
HIGHEST            94   07/24                         93
LOWEST             54   07/02                         50
AVG. MAXIMUM     84.0              83.3     0.7     81.4
AVG. MINIMUM     66.0              63.8     2.2     62.0
MEAN             75.0              73.6     1.4     71.7

PRECIPITATION (INCHES)
RECORD
 MAXIMUM         8.13   2011
 MINIMUM            T   2002
TOTALS           4.65              3.62    1.03     3.23

DEGREE_DAYS
HEATING TOTAL       2                 4      -2       20
 SINCE 7/1          2                 4      -2       20
COOLING TOTAL     320               269      51      237
 SINCE 1/1        575               465     110      399
..............................................................

WIND (MPH)
AVERAGE WIND SPEED              6.7
HIGHEST WIND SPEED/DIRECTION    36/320    DATE  07/06
HIGHEST GUST SPEED/DIRECTION    45/320    DATE  07/06

AVERAGE RH (PERCENT)     70


-  INDICATES NEGATIVE NUMBERS.
R  INDICATES RECORD WAS SET OR TIED.
MM INDICATES DATA IS MISSING.
T  INDICATES TRACE AMOUNT.

$$
