000
CXUS53 KUNR 011602
CLMRAP


CLIMATE REPORT
NATIONAL WEATHER SERVICE RAPID CITY SD
1002 AM MDT WED JUL 1 2015

...................................

...THE RAPID CITY AIRPORT SD CLIMATE SUMMARY FOR THE MONTH OF JUNE 2015...

CLIMATE NORMAL PERIOD 1981 TO 2010
CLIMATE RECORD PERIOD 1942 TO 2015

WEATHER         OBSERVED          NORMAL  DEPART  LAST YEAR`S
                 VALUE   DATE(S)  VALUE   FROM    VALUE  DATE(S)
                                          NORMAL
................................................................
TEMPERATURE (F)
RECORD
 HIGH             109   06/26/2012
                        06/29/2002
 LOW               31   06/02/1951
HIGHEST            91   06/09                         84  06/26
LOWEST             49   06/01                         41  06/12
                                                          06/09
AVG. MAXIMUM     78.0              77.8     0.2     72.9
AVG. MINIMUM     56.2              51.2     5.0     49.4
MEAN             67.1              64.5     2.6     61.2
DAYS MAX >= 90      2                                  0
DAYS MAX <= 32      0                                  0
DAYS MIN <= 32      0                                  0
DAYS MIN <= 0       0                                  0

PRECIPITATION (INCHES)
RECORD
 MAXIMUM         7.00   1968
 MINIMUM         0.42   2002
TOTALS           7.12R             2.53    4.59     5.25
DAILY AVG.       0.24              0.08    0.16     0.17
DAYS >= .01        17                                 17
DAYS >= .10        12                                 15
DAYS >= .50         5                                  3
DAYS >= 1.00        2                                  0
GREATEST
 24 HR. TOTAL    1.79   06/23 TO 06/24              0.95

SNOWFALL (INCHES)
RECORDS
 TOTAL            3.6   1951
TOTALS            0.0               0.0     0.0      0.0
SINCE 7/1        49.2              41.1     8.1     63.8
SNOWDEPTH AVG.      0                MM      MM        0
DAYS >= 1.0         0               0.0     0.0        0
GREATEST
 SNOW DEPTH         0   MM                             0  MM
 24 HR TOTAL      0.0   06/30 TO 06/30               0.0

DEGREE_DAYS
HEATING TOTAL      27                99     -72      128
 SINCE 7/1       6815              7153    -338     7767
COOLING TOTAL      96                84      12       22
 SINCE 1/1         96                99      -3       42
.................................................................

WIND (MPH)
AVERAGE WIND SPEED              8.2
HIGHEST WIND SPEED/DIRECTION    48/330    DATE  06/21
HIGHEST GUST SPEED/DIRECTION    59/340    DATE  06/21

AVERAGE RH (PERCENT)     74

WEATHER CONDITIONS. NUMBER OF DAYS WITH
THUNDERSTORM              0     MIXED PRECIP               0
HEAVY RAIN                7     RAIN                      10
LIGHT RAIN               18     FREEZING RAIN              0
LT FREEZING RAIN          0     HAIL                       0
HEAVY SNOW                0     SNOW                       0
LIGHT SNOW                0     SLEET                      0
FOG                      16     FOG W/VIS <= 1/4 MILE      1
HAZE                      0

-  INDICATES NEGATIVE NUMBERS.
R  INDICATES RECORD WAS SET OR TIED.
MM INDICATES DATA IS MISSING.
T  INDICATES TRACE AMOUNT.

$$
