000
CXUS51 KPHI 021246
CLMRDG


CLIMATE REPORT
NATIONAL WEATHER SERVICE MOUNT HOLLY NJ
746 AM EST MON FEB 2 2015

...................................

...THE READING CLIMATE SUMMARY FOR THE MONTH OF JANUARY 2015...

CLIMATE NORMAL PERIOD 1981 TO 2010
CLIMATE RECORD PERIOD 1869 TO 2015

WEATHER         OBSERVED          NORMAL  DEPART  LAST YEAR`S
                 VALUE   DATE(S)  VALUE   FROM    VALUE  DATE(S)
                                          NORMAL
................................................................
TEMPERATURE (F)
RECORD
 HIGH              77   01/26/1950
 LOW              -20   01/21/1994
HIGHEST            49                MM      MM       61
LOWEST              6                MM      MM        0
AVG. MAXIMUM     33.8              37.7    -3.9     33.1
AVG. MINIMUM     18.5              21.7    -3.2     15.2
MEAN             26.2              29.7    -3.5     24.1
DAYS MAX >= 90      0               0.0     0.0        0
DAYS MAX <= 32     13               9.6     3.4       13
DAYS MIN <= 32     30              26.8     3.2       30
DAYS MIN <= 0       0               0.2    -0.2        1

PRECIPITATION (INCHES)
RECORD
 MAXIMUM        10.27   1979
 MINIMUM         0.48   1970
TOTALS           2.31              3.05   -0.74     3.48
DAILY AVG.       0.07              0.10   -0.03     0.11
DAYS >= .01        10                MM      MM       10
DAYS >= .10         6                MM      MM        9
DAYS >= .50         3                MM      MM        1
DAYS >= 1.00        0                MM      MM        1
GREATEST
 24 HR. TOTAL    0.68   01/03 TO 01/04              1.67

SNOWFALL (INCHES)
RECORDS
 TOTAL             MM   5
 24 HR TOTAL       MM
TOTALS             MM                MM      MM       MM
SINCE 7/1          MM                MM      MM       MM
SNOWDEPTH AVG.     MM                MM      MM        0
DAYS >= 1.0         0                MM      MM        0
GREATEST
 SNOW DEPTH        MM                                  0  MM
 24 HR TOTAL       MM                                 MM

DEGREE_DAYS
HEATING TOTAL    1194              1094     100     1258
 SINCE 7/1       3064              3125     -61     3246
COOLING TOTAL       0                 0       0        0
 SINCE 1/1          0                 0       0        0
.................................................................

WIND (MPH)
AVERAGE WIND SPEED              7.7
HIGHEST WIND SPEED/DIRECTION    33/320    DATE  01/30
HIGHEST GUST SPEED/DIRECTION    41/320    DATE  01/31

SKY COVER
POSSIBLE SUNSHINE (PERCENT)   MM
AVERAGE SKY COVER           0.50
NUMBER OF DAYS FAIR           11
NUMBER OF DAYS PC             12
NUMBER OF DAYS CLOUDY          8

AVERAGE RH (PERCENT)     64

WEATHER CONDITIONS. NUMBER OF DAYS WITH
THUNDERSTORM              0     MIXED PRECIP               0
HEAVY RAIN                1     RAIN                       4
LIGHT RAIN                8     FREEZING RAIN              3
LT FREEZING RAIN          4     HEAVY SNOW                 0
SNOW                      3     LIGHT SNOW                13
SLEET                     2     FOG                       15
FOG W/VIS <= 1/4 MILE     3     HAZE                       6

-  INDICATES NEGATIVE NUMBERS.
R  INDICATES RECORD WAS SET OR TIED.
MM INDICATES DATA IS MISSING.
T  INDICATES TRACE AMOUNT.

$$
