000
CXUS56 KPDT 011640
CLMRDM

CLIMATE REPORT
NATIONAL WEATHER SERVICE PENDLETON OREGON
936 AM PDT THU SEP 01 2016

....................................

...THE REDMOND OR CLIMATE SUMMARY FOR THE MONTH OF AUGUST 2016...

CLIMATE NORMAL PERIOD 1981 TO 2010
CLIMATE RECORD PERIOD 1949 TO 2016

WEATHER         OBSERVED          NORMAL  DEPART  LAST YEAR`S
                 VALUE   DATE(S)  VALUE   FROM    VALUE  DATE(S)
                                          NORMAL

................................................................

TEMPERATURE (F)
RECORD
 HIGH             108   8/ 7/1972
 LOW               25   8/28/1960
HIGHEST            97   8/13       91         6           101   8/ 1
LOWEST             37   8/23       30         7            35   8/31
AVG. MAXIMUM     87.5            84.8       2.7          86.6
AVG. MINUMUM     45.5            45.2       0.3          47.0
MEAN             66.5            65.0       1.5          66.8
DAYS MAX >= 90     15              10         5            11
DAYS MAX <= 32      0               2        -2             0
DAYS MIN <= 32      0               3        -3             0
DAYS MIN <= 0       0               2        -2             0


PRECIPITATION (INCHES)
RECORD
 MAXIMUM          2.54   1976
 MINIMUM          0.00   1992
TOTALS            0.02            0.50     -0.48          0.02
DAILY AVG.        0.00            0.02     -0.02          0.00
DAYS >=  0.01        1               3        -2             2
DAYS >=  0.10        0               1        -1             0
DAYS >=  0.50        0               0         0             0
DAYS >=  1.00        0               0         0             0
GREATEST
 24 HR. TOTAL     0.02   8/ 8



SNOWFALL (INCHES)
RECORD
 MAXIMUM           0.0   1995
 MINIMUM           0.0   2015
TOTALS             0.0             0.0       0.0           0.0
SINCE 7/1          0.0             0.0       0.0           0.0
DAYS >=  TRACE                       0         0
DAYS >=  1.0         0               0         0             0
GREATEST
 24 HR. TOTAL      0.0   8/31


DEGREE DAYS
HEATING TOTAL       40              81       -41            43
 SINCE 7/1          89             149       -60            91
COOLING TOTAL       96              80        16           105
 SINCE 1/1         239             202        37           355

.............................................................

WIND (MPH)
AVERAGE WIND SPEED                     6.5
RESULTANT WIND SPEED/DIRECTION         3/273
HIGHEST WIND SPEED/DIRECTION          24/300      DATE          08/07
HIGHEST GUST SPEED/DIRECTION          34/290      DATE          08/07


WEATHER CONDITIONS. NUMBER OF DAYS WITH
THUNDERSTORM               1    MIXED PRECIP                        0
HEAVY RAIN                 0    RAIN                                0
LIGHT RAIN                 3    FREEZING RAIN                       0
LT FREEZING RAIN           0    HAIL                                0
HEAVY SNOW                 0    SNOW                                0
LIGHT SNOW                 0    SLEET                               0
FOG                        1    FOG W/VIS <=1/4 MILE                0
HAZE                      11

-  INDICATES NEGATIVE NUMBERS.
R  INDICATES RECORD WAS SET OR TIED.
MM INDICATES DATA IS MISSING.
T  INDICATES TRACE AMOUNT.

$$
