000
CXUS53 KGRB 011141
CLMRHI


CLIMATE REPORT
NATIONAL WEATHER SERVICE GREEN BAY
535 AM CST SUN FEB 1 2015

...................................

...THE RHINELANDER WI CLIMATE SUMMARY FOR THE MONTH OF JANUARY 2015...

CLIMATE NORMAL PERIOD 1981 TO 2010
CLIMATE RECORD PERIOD 1908 TO 2015

WEATHER         OBSERVED          NORMAL  DEPART  LAST YEAR`S
                 VALUE   DATE(S)  VALUE   FROM    VALUE  DATE(S)
                                          NORMAL
................................................................
TEMPERATURE (F)
RECORD
 HIGH              53   01/25/1981
 LOW              -41   01/28/1915
HIGHEST            36   01/24        39      -3       34  01/12
LOWEST            -24   01/13       -26       2      -30  01/06
AVG. MAXIMUM     18.9              21.3    -2.4     11.9
AVG. MINIMUM      3.5               3.2     0.3     -7.3
MEAN             11.2              12.2    -1.0      2.3
DAYS MAX >= 90      0               0.0     0.0        0
DAYS MAX <= 32     28              26.4     1.6       30
DAYS MIN <= 32     31              30.8     0.2       31
DAYS MIN <= 0      12              12.4    -0.4       21

PRECIPITATION (INCHES)
RECORD
 MAXIMUM         3.54   1950
 MINIMUM         0.14   1985
TOTALS           0.68              1.11   -0.43     1.38
DAILY AVG.       0.02              0.04   -0.02     0.04
DAYS >= .01        11                MM      MM       14
DAYS >= .10         3                MM      MM        4
DAYS >= .50         0                MM      MM        0
DAYS >= 1.00        0                MM      MM        0
GREATEST
 STORM TOTAL       MM
 (MM/DD(HH))            MM

SNOWFALL (INCHES)
RECORDS
 TOTAL           31.5   1935
TOTALS            9.4                MM      MM     21.9
SINCE 7/1        63.5                MM      MM     54.8
DAYS >= TRACE      26                MM      MM       22
DAYS >= 1.0         3                MM      MM        9
GREATEST
 SNOW DEPTH        16   01/14                         23  01/31
                        01/13                             01/30
                        01/12
 24 HR TOTAL      2.3   MM

DEGREE_DAYS
HEATING TOTAL    1659              1635      24     1933
 SINCE 7/1       5612              5261     351     5938
COOLING TOTAL       0                 0       0        0
 SINCE 1/1          0                 0       0        0
.................................................................

WIND (MPH)
AVERAGE WIND SPEED              8.1
HIGHEST WIND SPEED/DIRECTION    25/260    DATE  01/17
HIGHEST GUST SPEED/DIRECTION    37/320    DATE  01/29

SKY COVER
POSSIBLE SUNSHINE (PERCENT)   MM
AVERAGE SKY COVER           0.70
NUMBER OF DAYS FAIR            5
NUMBER OF DAYS PC              9
NUMBER OF DAYS CLOUDY         17

AVERAGE RH (PERCENT)     76

WEATHER CONDITIONS. NUMBER OF DAYS WITH
THUNDERSTORM              0     MIXED PRECIP               0
HEAVY RAIN                0     RAIN                       0
LIGHT RAIN                0     FREEZING RAIN              0
LT FREEZING RAIN          0     HAIL                       0
HEAVY SNOW                1     SNOW                       2
LIGHT SNOW               25     SLEET                      0
FOG                      19     FOG W/VIS <= 1/4 MILE      1
HAZE                     18

-  INDICATES NEGATIVE NUMBERS.
R  INDICATES RECORD WAS SET OR TIED.
MM INDICATES DATA IS MISSING.
T  INDICATES TRACE AMOUNT.

$$
