000
CXUS55 KREV 010906
CLMRNO

CLIMATE REPORT
NATIONAL WEATHER SERVICE RENO NV
104 AM PST MON FEB 1 2016

...................................

...THE RENO TAHOE AIRPORT NV CLIMATE SUMMARY FOR THE MONTH OF
JANUARY 2016...

THE AVERAGE TEMPERATURE FOR JANUARY 2016 AT THE RENO TAHOE
INTERNATIONAL AIRPORT WAS 37.6 DEGREES WHICH IS 2.0 DEGREES ABOVE
NORMAL.  THE HIGHEST TEMPERATURE FOR JANUARY WAS 61 DEGREES WHICH
OCCURRED ON THE 29TH.  THE LOWEST TEMPERATURE FOR THE MONTH WAS 9
DEGREES WHICH WAS RECORDED ON THE 2ND.

FOR JANUARY 2016 A TOTAL OF 1.70 INCHES OF PRECIPITATION WAS
RECORDED AT THE RENO TAHOE INTERNATIONAL AIRPORT.  THIS IS 0.67
INCHES ABOVE NORMAL.

A TOTAL OF 11.5 INCHES OF SNOWFALL WAS REPORTED AT THE RENO TAHOE
INTERNATIONAL AIRPORT IN JANUARY.

THE AVERAGE WIND SPEED FOR THE MONTH WAS 5.4 MPH.  THE PEAK WIND
GUST FOR THE MONTH WAS 59 MPH FROM THE SOUTH WHICH OCCURRED ON THE
13TH.

CLIMATE NORMAL PERIOD 1981 TO 2010
CLIMATE RECORD PERIOD 1888 TO 2016

WEATHER         OBSERVED          NORMAL  DEPART
                 VALUE   DATE(S)  VALUE   FROM
                                          NORMAL
................................................
TEMPERATURE (F)
RECORD
 HIGH              71   01/31/2003
 LOW              -19   01/08/1890
HIGHEST            61   01/29        70      -9
LOWEST              9   01/02       -16      25
AVG. MAXIMUM     46.3              45.7     0.6
AVG. MINIMUM     29.0              25.4     3.6
MEAN             37.6              35.6     2.0
DAYS MAX >= 90      0               0.0     0.0
DAYS MAX <= 32      2               1.7     0.3
DAYS MIN <= 32     24              25.1    -1.1
DAYS MIN <= 0       0               0.0     0.0

PRECIPITATION (INCHES)
RECORD
 MAXIMUM         6.76   1916
 MINIMUM         0.00   1872
TOTALS           1.70              1.03    0.67
DAILY AVG.       0.05              0.03    0.02
DAYS >= .01        12               6.9     5.1
DAYS >= .10         7               2.7     4.3
DAYS >= .50         1               0.4     0.6
DAYS >= 1.00        0               0.1    -0.1
GREATEST
 24 HR. TOTAL    0.55   01/31 TO 01/31
 STORM TOTAL       MM
 (MM/DD(HH))            MM

SNOWFALL (INCHES)
RECORDS
 TOTAL           65.7   5
                        0
 24 HR TOTAL       MM
TOTALS           11.5               5.6     5.9
 LIQUID EQUIV    1.15              0.60    0.55
SINCE 7/1        22.9              14.0     8.9
 LIQUID 7/1      2.29
DAYS >= TRACE       8               4.0     4.0
DAYS >= 1.0         3               1.9     1.1
GREATEST
 SNOW DEPTH         2   01/31
 24 HR TOTAL      7.0   01/31 TO 01/31
 STORM TOTAL       MM
 (MM/DD(HH))            MM

DEGREE_DAYS
HEATING TOTAL     840               913     -73
 SINCE 7/1       2728              2937    -209
COOLING TOTAL       0                 0       0
 SINCE 1/1          0                 0       0

FREEZE DATES
RECORD
 EARLIEST     08/23/1973
 LATEST       06/27/1974
EARLIEST                        10/03
LATEST                          05/21
.................................................

WIND (MPH)
AVERAGE WIND SPEED              5.4
HIGHEST WIND SPEED/DIRECTION    44/180    DATE  01/17
HIGHEST GUST SPEED/DIRECTION    59/MM     DATE   MM

AVERAGE RH (PERCENT)     64

WEATHER CONDITIONS. NUMBER OF DAYS WITH
THUNDERSTORM              0     MIXED PRECIP               0
HEAVY RAIN                0     RAIN                       2
LIGHT RAIN               13     FREEZING RAIN              0
LT FREEZING RAIN          0     HAIL                       0
HEAVY SNOW                0     SNOW                       1
LIGHT SNOW                8     SLEET                      0
FOG                       9     FOG W/VIS <= 1/4 MILE      2
HAZE                      1

-  INDICATES NEGATIVE NUMBERS.
R  INDICATES RECORD WAS SET OR TIED.
MM INDICATES DATA IS MISSING.
T  INDICATES TRACE AMOUNT.

$$
