000
CXUS55 KREV 010911
CLMRNO

CLIMATE REPORT
NATIONAL WEATHER SERVICE RENO NV
209 AM PDT WED OCT 1 2014

...................................

...THE RENO TAHOE AIRPORT NV CLIMATE SUMMARY FOR THE MONTH OF SEPTEMBER 2014...

THE AVERAGE TEMPERATURE FOR SEPTEMBER 2014 AT THE RENO TAHOE
INTERNATIONAL AIRPORT WAS 68.9 DEGREES WHICH WAS 3.7 DEGREES ABOVE
NORMAL. THIS MAKES SEPTEMBER 2014 THE 4TH WARMEST ON RECORD. THE
HIGHEST TEMPERATURE RECORDED FOR SEPTEMBER WAS 95 DEGREES WHICH
OCCURRED ON THE 2ND. THE LOWEST TEMPERATURE RECORDED WAS 43 DEGREES
ON THE 29TH.

FOR SEPTEMBER 2014 A TOTAL OF 0.29 INCHES OF PRECIPITATION WAS RECORDED
AT THE RENO TAHOE INTERNATIONAL AIRPORT. THIS WAS 0.06 INCHES BELOW NORMAL.

THE AVERAGE WIND SPEED FOR THE MONTH WAS 6.1 MPH. THE PEAK WIND GUST FOR
SEPTEMBER WAS 54 MPH FROM THE SOUTH-SOUTHWEST ON THE 25TH.

CLIMATE NORMAL PERIOD 1981 TO 2010
CLIMATE RECORD PERIOD 1888 TO 2014

WEATHER         OBSERVED          NORMAL  DEPART
                 VALUE   DATE(S)  VALUE   FROM
                                          NORMAL
................................................
TEMPERATURE (F)
RECORD
 HIGH             101   09/02/1950
 LOW               20   09/19/1965
                        09/18/1965
HIGHEST            95   09/02       101      -6
LOWEST             43   09/29        20      23
AVG. MAXIMUM     84.3              82.0     2.3
AVG. MINIMUM     53.5              48.5     5.0
MEAN             68.9              65.2     3.7
DAYS MAX >= 90     11               5.8     5.2
DAYS MAX <= 32      0               0.0     0.0
DAYS MIN <= 32      0               0.1    -0.1
DAYS MIN <= 0       0               0.0     0.0

PRECIPITATION (INCHES)
RECORD
 MAXIMUM         2.41   1918
 MINIMUM         0.00   2010
                        2006
                        1974
TOTALS           0.29              0.35   -0.06
DAILY AVG.       0.01              0.01    0.00
DAYS >= .01         3               2.9     0.1
DAYS >= .10         1               1.0     0.0
DAYS >= .50         0               0.1    -0.1
DAYS >= 1.00        0               0.0     0.0
GREATEST
 24 HR. TOTAL    0.28   09/27 TO 09/28
 STORM TOTAL       MM
 (MM/DD(HH))            MM

SNOWFALL (INCHES)
RECORDS
 TOTAL            1.5   5
                        0
 24 HR TOTAL       MM
TOTALS            0.0               0.1    -0.1
 LIQUID EQUIV    0.00              0.00    0.00
SINCE 7/1         0.0               0.1    -0.1
 LIQUID 7/1      0.00
DAYS >= TRACE       0               0.1    -0.1
DAYS >= 1.0         0               0.0     0.0
GREATEST
 SNOW DEPTH         0   MM
 24 HR TOTAL      0.0   09/30 TO 09/30
 STORM TOTAL       MM
 (MM/DD(HH))            MM

DEGREE_DAYS
HEATING TOTAL      49                80     -31
 SINCE 7/1         53                90     -37
COOLING TOTAL     170                88      82
 SINCE 1/1       1206               834     372

FREEZE DATES
RECORD
 EARLIEST     08/23/1973
 LATEST       06/27/1974
EARLIEST                        10/03
LATEST                          05/21
.................................................

WIND (MPH)
AVERAGE WIND SPEED              6.1
HIGHEST WIND SPEED/DIRECTION    41/200    DATE  09/25
HIGHEST GUST SPEED/DIRECTION    54/200    DATE  09/25

AVERAGE RH (PERCENT)     37

WEATHER CONDITIONS. NUMBER OF DAYS WITH
THUNDERSTORM              0     MIXED PRECIP               0
HEAVY RAIN                0     RAIN                       1
LIGHT RAIN                3     FREEZING RAIN              0
LT FREEZING RAIN          0     HAIL                       0
HEAVY SNOW                0     SNOW                       0
LIGHT SNOW                0     SLEET                      0
FOG                       1     FOG W/VIS <= 1/4 MILE      0
HAZE                     10

-  INDICATES NEGATIVE NUMBERS.
R  INDICATES RECORD WAS SET OR TIED.
MM INDICATES DATA IS MISSING.
T  INDICATES TRACE AMOUNT.

$$
