000
CXUS52 KCHS 021714
CLMSAV

CLIMATE REPORT
NATIONAL WEATHER SERVICE CHARLESTON SC
1202 PM EST THU FEB 2 2017

...................................

...THE SAVANNAH GA CLIMATE SUMMARY FOR THE MONTH OF JANUARY 2017...

CLIMATE NORMAL PERIOD 1981 TO 2010
CLIMATE RECORD PERIOD 1871 TO 2017

WEATHER         OBSERVED          NORMAL  DEPART  LAST YEAR`S
                 VALUE   DATE(S)  VALUE   FROM    VALUE  DATE(S)
                                          NORMAL
................................................................
TEMPERATURE (F)
RECORD
 HIGH              84   01/29/1957
 LOW                3   01/21/1985
HIGHEST            79   01/21                         73  01/27
                        01/19
                        01/14
LOWEST             27   01/08                         25  01/19
AVG. MAXIMUM     69.2              60.4     8.8     58.5
AVG. MINIMUM     47.1              38.6     8.5     38.3
MEAN             58.1              49.5     8.6     48.2
DAYS MAX >= 90      0               0.0     0.0        0
DAYS MAX <= 32      0               0.1    -0.1        0
DAYS MIN <= 32      4               8.6    -4.6       10
DAYS MIN <= 0       0               0.0     0.0        0

PRECIPITATION (INCHES)
RECORD
 MAXIMUM         8.98   1991
 MINIMUM         0.30   1902
TOTALS           6.61              3.69    2.92     3.13
DAYS >= .01         8               9.0    -1.0        6
DAYS >= .10         4               6.0    -2.0        6
DAYS >= .50         3               2.4     0.6        3
DAYS >= 1.00        2               1.0     1.0        1
GREATEST
 24 HR. TOTAL    4.37   01/21 TO 01/22

SNOWFALL (INCHES)
TOTALS            0.0                 T     0.0
SINCE 7/1         0.0               0.2    -0.2

DEGREE_DAYS
HEATING TOTAL     229               484    -255      446
 SINCE 7/1        682              1174    -492
COOLING TOTAL      23                 3      20        0
 SINCE 1/1         23                 0      23
.................................................................

WIND (MPH)
AVERAGE WIND SPEED              7.7
HIGHEST WIND SPEED/DIRECTION    30/200
HIGHEST GUST SPEED/DIRECTION    40/310


WEATHER CONDITIONS. NUMBER OF DAYS WITH
THUNDERSTORM              3     MIXED PRECIP               0
HEAVY RAIN                4     RAIN                       4
LIGHT RAIN                8     FREEZING RAIN              0
LT FREEZING RAIN          0     HAIL                       0
HEAVY SNOW                0     SNOW                       0
LIGHT SNOW                0     SLEET                      0
FOG                      17     FOG W/VIS <= 1/4 MILE      5
HAZE                      1

-  INDICATES NEGATIVE NUMBERS.
R  INDICATES RECORD WAS SET OR TIED.
MM INDICATES DATA IS MISSING.
T  INDICATES TRACE AMOUNT.

&&

RECORDS ESTABLISHED AT THE SAVANNAH INTERNATIONAL AIRPORT DURING THE
MONTH:

*JAN 2  - RECORD HIGH TEMPERATURE OF 79 DEGREES
*JAN 2  - RECORD HIGH MINIMUM TEMPERATURE OF 66 DEGREES
*JAN 19 - RECORD HIGH TEMPERATURE OF 79 DEGREES
*JAN 20 - RECORD HIGH TEMPERATURE OF 78 DEGREES
*JAN 22 - RECORD PRECIPITATION OF 4.19 INCHES


$$
